{"id":2553,"date":"2016-03-23T15:23:49","date_gmt":"2016-03-23T15:23:49","guid":{"rendered":"http:\/\/www.ffyh.unc.edu.ar\/alfilo\/?page_id=2553"},"modified":"2017-09-05T15:56:19","modified_gmt":"2017-09-05T15:56:19","slug":"40-aniversario-del-golpe-civico-militar-de-1976","status":"publish","type":"page","link":"https:\/\/ffyh.unc.edu.ar\/alfilo\/especiales\/40-aniversario-del-golpe-civico-militar-de-1976\/","title":{"rendered":"40 aniversario del Golpe C\u00edvico-Militar de 1976"},"content":{"rendered":"<p><a href=\"http:\/\/ffyh.unc.edu.ar\/alfilo2\/wp-content\/uploads\/sites\/11\/2016\/03\/24-de-marzo-banner-40.jpg\" rel=\"attachment wp-att-2551\"><img loading=\"lazy\" decoding=\"async\" class=\"alignright wp-image-2551\" src=\"http:\/\/ffyh.unc.edu.ar\/alfilo2\/wp-content\/uploads\/sites\/11\/2016\/03\/24-de-marzo-banner-40.jpg\" alt=\"24 de marzo banner 40\" width=\"350\" height=\"109\" srcset=\"https:\/\/ffyh.unc.edu.ar\/alfilo\/wp-content\/uploads\/sites\/11\/2016\/03\/24-de-marzo-banner-40.jpg 960w, https:\/\/ffyh.unc.edu.ar\/alfilo\/wp-content\/uploads\/sites\/11\/2016\/03\/24-de-marzo-banner-40-300x94.jpg 300w, https:\/\/ffyh.unc.edu.ar\/alfilo\/wp-content\/uploads\/sites\/11\/2016\/03\/24-de-marzo-banner-40-768x240.jpg 768w\" sizes=\"auto, (max-width: 350px) 100vw, 350px\" \/><\/a>La revista digital <strong>Alfilo<\/strong> conmemora los 40 a\u00f1os de la dictadura c\u00edvico militar con una edici\u00f3n especial donde escriben Marta Philp, Gloria Di Rienzo, Mariana Tello, Mar\u00eda Laura Ortiz, Eduardo Escudero, Agust\u00edn Minatti, Carol Solis, Alejandra Soledad Gonz\u00e1lez, Irina Mor\u00e1n y Camilo Ratti.<\/p>\n<p>Un completo repaso \u00a0donde la se analiza nuestro pasado reciente, abordando los distintos aspectos pol\u00edticos, hist\u00f3ricos y econ\u00f3micos \u00a0que hicieron posible, hace s\u00f3lo cuatro d\u00e9cadas, la implementaci\u00f3n de un r\u00e9gimen que llev\u00f3 a cabo el Terrorismo de Estado. Tambi\u00e9n se incluyen art\u00edculos sobre el trabajo de <em>memoria, verdad y justicia <\/em>que vienen sosteniendo las distintas instituciones y organismos de derechos humamos.<\/p>\n<p>Ver en <a href=\"https:\/\/ffyh.unc.edu.ar\/especial-24marzo\/\" target=\"_blank\" rel=\"noopener\">http:\/\/www.ffyh.unc.edu.ar\/alfilo\/especial-24marzo\/<\/a><\/p>\n","protected":false},"excerpt":{"rendered":"<div class=\"mh-excerpt\"><p>La revista digital Alfilo conmemora los 40 a\u00f1os de la dictadura c\u00edvico militar con una edici\u00f3n especial donde escriben Marta Philp, Gloria Di Rienzo, Mariana Tello, Mar\u00eda Laura Ortiz, Eduardo Escudero, Agust\u00edn Minatti, Carol Solis, Alejandra Soledad Gonz\u00e1lez, Irina Mor\u00e1n <a class=\"mh-excerpt-more\" href=\"https:\/\/ffyh.unc.edu.ar\/alfilo\/especiales\/40-aniversario-del-golpe-civico-militar-de-1976\/\" title=\"40 aniversario del Golpe C\u00edvico-Militar de 1976\">[Leer m\u00e1s]<\/a><\/p>\n<\/div>","protected":false},"author":1,"featured_media":0,"parent":396,"menu_order":0,"comment_status":"closed","ping_status":"closed","template":"template-full.php","meta":{"_acf_changed":false,"_monsterinsights_skip_tracking":false,"_monsterinsights_sitenote_active":false,"_monsterinsights_sitenote_note":"","_monsterinsights_sitenote_category":0,"footnotes":""},"class_list":["post-2553","page","type-page","status-publish","hentry"],"acf":[],"yoast_head":"<!-- This site is optimized with the Yoast SEO plugin v27.1.1 - https:\/\/yoast.com\/product\/yoast-seo-wordpress\/ -->\n<title>40 aniversario del Golpe C\u00edvico-Militar de 1976 - Alfilo<\/title>\n<meta name=\"robots\" content=\"index, follow, max-snippet:-1, max-image-preview:large, max-video-preview:-1\" \/>\n<link rel=\"canonical\" href=\"https:\/\/ffyh.unc.edu.ar\/alfilo\/especiales\/40-aniversario-del-golpe-civico-militar-de-1976\/\" \/>\n<meta property=\"og:locale\" content=\"es_ES\" \/>\n<meta property=\"og:type\" content=\"article\" \/>\n<meta property=\"og:title\" content=\"40 aniversario del Golpe C\u00edvico-Militar de 1976 - Alfilo\" \/>\n<meta property=\"og:description\" content=\"La revista digital Alfilo conmemora los 40 a\u00f1os de la dictadura c\u00edvico militar con una edici\u00f3n especial donde escriben Marta Philp, Gloria Di Rienzo, Mariana Tello, Mar\u00eda Laura Ortiz, Eduardo Escudero, Agust\u00edn Minatti, Carol Solis, Alejandra Soledad Gonz\u00e1lez, Irina Mor\u00e1n [Leer m\u00e1s]\" \/>\n<meta property=\"og:url\" content=\"https:\/\/ffyh.unc.edu.ar\/alfilo\/especiales\/40-aniversario-del-golpe-civico-militar-de-1976\/\" \/>\n<meta property=\"og:site_name\" content=\"Alfilo\" \/>\n<meta property=\"article:publisher\" content=\"https:\/\/www.facebook.com\/ffyh.unc\/\" \/>\n<meta property=\"article:modified_time\" content=\"2017-09-05T15:56:19+00:00\" \/>\n<meta property=\"og:image\" content=\"http:\/\/ffyh.unc.edu.ar\/alfilo2\/wp-content\/uploads\/sites\/11\/2016\/03\/24-de-marzo-banner-40.jpg\" \/>\n<meta name=\"twitter:card\" content=\"summary_large_image\" \/>\n<meta name=\"twitter:site\" content=\"@ffyh_unc\" \/>\n<meta name=\"twitter:label1\" content=\"Tiempo de lectura\" \/>\n\t<meta name=\"twitter:data1\" content=\"1 minuto\" \/>\n<script type=\"application\/ld+json\" class=\"yoast-schema-graph\">{\"@context\":\"https:\/\/schema.org\",\"@graph\":[{\"@type\":\"WebPage\",\"@id\":\"https:\/\/ffyh.unc.edu.ar\/alfilo\/especiales\/40-aniversario-del-golpe-civico-militar-de-1976\/\",\"url\":\"https:\/\/ffyh.unc.edu.ar\/alfilo\/especiales\/40-aniversario-del-golpe-civico-militar-de-1976\/\",\"name\":\"40 aniversario del Golpe C\u00edvico-Militar de 1976 - Alfilo\",\"isPartOf\":{\"@id\":\"https:\/\/ffyh.unc.edu.ar\/alfilo\/#website\"},\"primaryImageOfPage\":{\"@id\":\"https:\/\/ffyh.unc.edu.ar\/alfilo\/especiales\/40-aniversario-del-golpe-civico-militar-de-1976\/#primaryimage\"},\"image\":{\"@id\":\"https:\/\/ffyh.unc.edu.ar\/alfilo\/especiales\/40-aniversario-del-golpe-civico-militar-de-1976\/#primaryimage\"},\"thumbnailUrl\":\"http:\/\/ffyh.unc.edu.ar\/alfilo2\/wp-content\/uploads\/sites\/11\/2016\/03\/24-de-marzo-banner-40.jpg\",\"datePublished\":\"2016-03-23T15:23:49+00:00\",\"dateModified\":\"2017-09-05T15:56:19+00:00\",\"breadcrumb\":{\"@id\":\"https:\/\/ffyh.unc.edu.ar\/alfilo\/especiales\/40-aniversario-del-golpe-civico-militar-de-1976\/#breadcrumb\"},\"inLanguage\":\"es\",\"potentialAction\":[{\"@type\":\"ReadAction\",\"target\":[\"https:\/\/ffyh.unc.edu.ar\/alfilo\/especiales\/40-aniversario-del-golpe-civico-militar-de-1976\/\"]}]},{\"@type\":\"ImageObject\",\"inLanguage\":\"es\",\"@id\":\"https:\/\/ffyh.unc.edu.ar\/alfilo\/especiales\/40-aniversario-del-golpe-civico-militar-de-1976\/#primaryimage\",\"url\":\"http:\/\/ffyh.unc.edu.ar\/alfilo2\/wp-content\/uploads\/sites\/11\/2016\/03\/24-de-marzo-banner-40.jpg\",\"contentUrl\":\"http:\/\/ffyh.unc.edu.ar\/alfilo2\/wp-content\/uploads\/sites\/11\/2016\/03\/24-de-marzo-banner-40.jpg\"},{\"@type\":\"BreadcrumbList\",\"@id\":\"https:\/\/ffyh.unc.edu.ar\/alfilo\/especiales\/40-aniversario-del-golpe-civico-militar-de-1976\/#breadcrumb\",\"itemListElement\":[{\"@type\":\"ListItem\",\"position\":1,\"name\":\"Portada\",\"item\":\"https:\/\/ffyh.unc.edu.ar\/alfilo\/\"},{\"@type\":\"ListItem\",\"position\":2,\"name\":\"Especiales\",\"item\":\"https:\/\/ffyh.unc.edu.ar\/alfilo\/especiales\/\"},{\"@type\":\"ListItem\",\"position\":3,\"name\":\"40 aniversario del Golpe C\u00edvico-Militar de 1976\"}]},{\"@type\":\"WebSite\",\"@id\":\"https:\/\/ffyh.unc.edu.ar\/alfilo\/#website\",\"url\":\"https:\/\/ffyh.unc.edu.ar\/alfilo\/\",\"name\":\"Alfilo\",\"description\":\"Revista digital de la Facultad de Filosof\u00eda y Humanidades - Universidad Nacional de C\u00f3rdoba\",\"publisher\":{\"@id\":\"https:\/\/ffyh.unc.edu.ar\/alfilo\/#organization\"},\"potentialAction\":[{\"@type\":\"SearchAction\",\"target\":{\"@type\":\"EntryPoint\",\"urlTemplate\":\"https:\/\/ffyh.unc.edu.ar\/alfilo\/?s={search_term_string}\"},\"query-input\":{\"@type\":\"PropertyValueSpecification\",\"valueRequired\":true,\"valueName\":\"search_term_string\"}}],\"inLanguage\":\"es\"},{\"@type\":\"Organization\",\"@id\":\"https:\/\/ffyh.unc.edu.ar\/alfilo\/#organization\",\"name\":\"Alfilo | Revista digital de la Facultad de Filosof\u00eda y Humanidades | UNC\",\"url\":\"https:\/\/ffyh.unc.edu.ar\/alfilo\/\",\"logo\":{\"@type\":\"ImageObject\",\"inLanguage\":\"es\",\"@id\":\"https:\/\/ffyh.unc.edu.ar\/alfilo\/#\/schema\/logo\/image\/\",\"url\":\"https:\/\/ffyh.unc.edu.ar\/alfilo\/wp-content\/uploads\/sites\/11\/2015\/04\/banner-alfilo-2015-ico.jpg\",\"contentUrl\":\"https:\/\/ffyh.unc.edu.ar\/alfilo\/wp-content\/uploads\/sites\/11\/2015\/04\/banner-alfilo-2015-ico.jpg\",\"width\":253,\"height\":128,\"caption\":\"Alfilo | Revista digital de la Facultad de Filosof\u00eda y Humanidades | UNC\"},\"image\":{\"@id\":\"https:\/\/ffyh.unc.edu.ar\/alfilo\/#\/schema\/logo\/image\/\"},\"sameAs\":[\"https:\/\/www.facebook.com\/ffyh.unc\/\",\"https:\/\/x.com\/ffyh_unc\",\"https:\/\/www.instagram.com\/ffyhunc\/\",\"https:\/\/www.youtube.com\/user\/comunicacionfilo\"]}]}<\/script>\n<!-- \/ Yoast SEO plugin. -->","yoast_head_json":{"title":"40 aniversario del Golpe C\u00edvico-Militar de 1976 - Alfilo","robots":{"index":"index","follow":"follow","max-snippet":"max-snippet:-1","max-image-preview":"max-image-preview:large","max-video-preview":"max-video-preview:-1"},"canonical":"https:\/\/ffyh.unc.edu.ar\/alfilo\/especiales\/40-aniversario-del-golpe-civico-militar-de-1976\/","og_locale":"es_ES","og_type":"article","og_title":"40 aniversario del Golpe C\u00edvico-Militar de 1976 - Alfilo","og_description":"La revista digital Alfilo conmemora los 40 a\u00f1os de la dictadura c\u00edvico militar con una edici\u00f3n especial donde escriben Marta Philp, Gloria Di Rienzo, Mariana Tello, Mar\u00eda Laura Ortiz, Eduardo Escudero, Agust\u00edn Minatti, Carol Solis, Alejandra Soledad Gonz\u00e1lez, Irina Mor\u00e1n [Leer m\u00e1s]","og_url":"https:\/\/ffyh.unc.edu.ar\/alfilo\/especiales\/40-aniversario-del-golpe-civico-militar-de-1976\/","og_site_name":"Alfilo","article_publisher":"https:\/\/www.facebook.com\/ffyh.unc\/","article_modified_time":"2017-09-05T15:56:19+00:00","og_image":[{"url":"http:\/\/ffyh.unc.edu.ar\/alfilo2\/wp-content\/uploads\/sites\/11\/2016\/03\/24-de-marzo-banner-40.jpg","type":"","width":"","height":""}],"twitter_card":"summary_large_image","twitter_site":"@ffyh_unc","twitter_misc":{"Tiempo de lectura":"1 minuto"},"schema":{"@context":"https:\/\/schema.org","@graph":[{"@type":"WebPage","@id":"https:\/\/ffyh.unc.edu.ar\/alfilo\/especiales\/40-aniversario-del-golpe-civico-militar-de-1976\/","url":"https:\/\/ffyh.unc.edu.ar\/alfilo\/especiales\/40-aniversario-del-golpe-civico-militar-de-1976\/","name":"40 aniversario del Golpe C\u00edvico-Militar de 1976 - Alfilo","isPartOf":{"@id":"https:\/\/ffyh.unc.edu.ar\/alfilo\/#website"},"primaryImageOfPage":{"@id":"https:\/\/ffyh.unc.edu.ar\/alfilo\/especiales\/40-aniversario-del-golpe-civico-militar-de-1976\/#primaryimage"},"image":{"@id":"https:\/\/ffyh.unc.edu.ar\/alfilo\/especiales\/40-aniversario-del-golpe-civico-militar-de-1976\/#primaryimage"},"thumbnailUrl":"http:\/\/ffyh.unc.edu.ar\/alfilo2\/wp-content\/uploads\/sites\/11\/2016\/03\/24-de-marzo-banner-40.jpg","datePublished":"2016-03-23T15:23:49+00:00","dateModified":"2017-09-05T15:56:19+00:00","breadcrumb":{"@id":"https:\/\/ffyh.unc.edu.ar\/alfilo\/especiales\/40-aniversario-del-golpe-civico-militar-de-1976\/#breadcrumb"},"inLanguage":"es","potentialAction":[{"@type":"ReadAction","target":["https:\/\/ffyh.unc.edu.ar\/alfilo\/especiales\/40-aniversario-del-golpe-civico-militar-de-1976\/"]}]},{"@type":"ImageObject","inLanguage":"es","@id":"https:\/\/ffyh.unc.edu.ar\/alfilo\/especiales\/40-aniversario-del-golpe-civico-militar-de-1976\/#primaryimage","url":"http:\/\/ffyh.unc.edu.ar\/alfilo2\/wp-content\/uploads\/sites\/11\/2016\/03\/24-de-marzo-banner-40.jpg","contentUrl":"http:\/\/ffyh.unc.edu.ar\/alfilo2\/wp-content\/uploads\/sites\/11\/2016\/03\/24-de-marzo-banner-40.jpg"},{"@type":"BreadcrumbList","@id":"https:\/\/ffyh.unc.edu.ar\/alfilo\/especiales\/40-aniversario-del-golpe-civico-militar-de-1976\/#breadcrumb","itemListElement":[{"@type":"ListItem","position":1,"name":"Portada","item":"https:\/\/ffyh.unc.edu.ar\/alfilo\/"},{"@type":"ListItem","position":2,"name":"Especiales","item":"https:\/\/ffyh.unc.edu.ar\/alfilo\/especiales\/"},{"@type":"ListItem","position":3,"name":"40 aniversario del Golpe C\u00edvico-Militar de 1976"}]},{"@type":"WebSite","@id":"https:\/\/ffyh.unc.edu.ar\/alfilo\/#website","url":"https:\/\/ffyh.unc.edu.ar\/alfilo\/","name":"Alfilo","description":"Revista digital de la Facultad de Filosof\u00eda y Humanidades - Universidad Nacional de C\u00f3rdoba","publisher":{"@id":"https:\/\/ffyh.unc.edu.ar\/alfilo\/#organization"},"potentialAction":[{"@type":"SearchAction","target":{"@type":"EntryPoint","urlTemplate":"https:\/\/ffyh.unc.edu.ar\/alfilo\/?s={search_term_string}"},"query-input":{"@type":"PropertyValueSpecification","valueRequired":true,"valueName":"search_term_string"}}],"inLanguage":"es"},{"@type":"Organization","@id":"https:\/\/ffyh.unc.edu.ar\/alfilo\/#organization","name":"Alfilo | Revista digital de la Facultad de Filosof\u00eda y Humanidades | UNC","url":"https:\/\/ffyh.unc.edu.ar\/alfilo\/","logo":{"@type":"ImageObject","inLanguage":"es","@id":"https:\/\/ffyh.unc.edu.ar\/alfilo\/#\/schema\/logo\/image\/","url":"https:\/\/ffyh.unc.edu.ar\/alfilo\/wp-content\/uploads\/sites\/11\/2015\/04\/banner-alfilo-2015-ico.jpg","contentUrl":"https:\/\/ffyh.unc.edu.ar\/alfilo\/wp-content\/uploads\/sites\/11\/2015\/04\/banner-alfilo-2015-ico.jpg","width":253,"height":128,"caption":"Alfilo | Revista digital de la Facultad de Filosof\u00eda y Humanidades | UNC"},"image":{"@id":"https:\/\/ffyh.unc.edu.ar\/alfilo\/#\/schema\/logo\/image\/"},"sameAs":["https:\/\/www.facebook.com\/ffyh.unc\/","https:\/\/x.com\/ffyh_unc","https:\/\/www.instagram.com\/ffyhunc\/","https:\/\/www.youtube.com\/user\/comunicacionfilo"]}]}},"jetpack_sharing_enabled":true,"_links":{"self":[{"href":"https:\/\/ffyh.unc.edu.ar\/alfilo\/wp-json\/wp\/v2\/pages\/2553","targetHints":{"allow":["GET"]}}],"collection":[{"href":"https:\/\/ffyh.unc.edu.ar\/alfilo\/wp-json\/wp\/v2\/pages"}],"about":[{"href":"https:\/\/ffyh.unc.edu.ar\/alfilo\/wp-json\/wp\/v2\/types\/page"}],"author":[{"embeddable":true,"href":"https:\/\/ffyh.unc.edu.ar\/alfilo\/wp-json\/wp\/v2\/users\/1"}],"replies":[{"embeddable":true,"href":"https:\/\/ffyh.unc.edu.ar\/alfilo\/wp-json\/wp\/v2\/comments?post=2553"}],"version-history":[{"count":2,"href":"https:\/\/ffyh.unc.edu.ar\/alfilo\/wp-json\/wp\/v2\/pages\/2553\/revisions"}],"predecessor-version":[{"id":4708,"href":"https:\/\/ffyh.unc.edu.ar\/alfilo\/wp-json\/wp\/v2\/pages\/2553\/revisions\/4708"}],"up":[{"embeddable":true,"href":"https:\/\/ffyh.unc.edu.ar\/alfilo\/wp-json\/wp\/v2\/pages\/396"}],"wp:attachment":[{"href":"https:\/\/ffyh.unc.edu.ar\/alfilo\/wp-json\/wp\/v2\/media?parent=2553"}],"curies":[{"name":"wp","href":"https:\/\/api.w.org\/{rel}","templated":true}]}}