{"id":4713,"date":"2017-09-05T16:25:27","date_gmt":"2017-09-05T16:25:27","guid":{"rendered":"http:\/\/ffyh.unc.edu.ar\/alfilo\/?page_id=4713"},"modified":"2017-09-05T16:25:27","modified_gmt":"2017-09-05T16:25:27","slug":"reconocimiento-a-los-docentes-de-la-facultad-de-filosofia-y-humanidades-de-la-unc-cesanteados-por-motivos-politicos-entre-1974-y-1983","status":"publish","type":"page","link":"https:\/\/ffyh.unc.edu.ar\/alfilo\/especiales\/reconocimiento-a-los-docentes-de-la-facultad-de-filosofia-y-humanidades-de-la-unc-cesanteados-por-motivos-politicos-entre-1974-y-1983\/","title":{"rendered":"Reconocimiento a los docentes de la Facultad de Filosof\u00eda y Humanidades de la UNC cesanteados por motivos pol\u00edticos entre 1974 y 1983"},"content":{"rendered":"<p>Tras el golpe c\u00edvico-policial al gobierno de Ricardo Obreg\u00f3n Cano y Atilio L\u00f3pez en febrero de 1974 y en particular durante la \u00faltima dictadura c\u00edvico-militar cientos de docentes fueron expulsados de las universidades p\u00fablicas argentinas. Muchos de ellos fueron asimismo encarcelados, asesinados o desaparecidos; otros obligados al exilio; otros a la vida oculta. Desde la intervenci\u00f3n de 1975, la Facultad de Filosof\u00eda y Humanidades de la UNC (que entonces comprend\u00eda adem\u00e1s a las actuales facultades de Psicolog\u00eda y Artes) ejerci\u00f3 una encarnizada persecuci\u00f3n de trabajadores docentes, no docentes\u00a0 estudiantes y graduados; separ\u00f3 de sus c\u00e1tedras a sus profesores m\u00e1s comprometidos, destruy\u00f3 el conocimiento e impuso el autoritarismo y la mediocridad en sus aulas.<\/p>\n<p><a href=\"https:\/\/ffyh.unc.edu.ar\/docentes-cesanteados\/\" target=\"_blank\" rel=\"noopener\">Ver lista de\u00a0docentes de la Facultad de Filosof\u00eda y Humanidades de la UNC cesanteados por motivos pol\u00edticos entre 1974 y 1983<\/a><\/p>\n","protected":false},"excerpt":{"rendered":"<div class=\"mh-excerpt\"><p>Tras el golpe c\u00edvico-policial al gobierno de Ricardo Obreg\u00f3n Cano y Atilio L\u00f3pez en febrero de 1974 y en particular durante la \u00faltima dictadura c\u00edvico-militar cientos de docentes fueron expulsados de las universidades p\u00fablicas argentinas. Muchos de ellos fueron asimismo <a class=\"mh-excerpt-more\" href=\"https:\/\/ffyh.unc.edu.ar\/alfilo\/especiales\/reconocimiento-a-los-docentes-de-la-facultad-de-filosofia-y-humanidades-de-la-unc-cesanteados-por-motivos-politicos-entre-1974-y-1983\/\" title=\"Reconocimiento a los docentes de la Facultad de Filosof\u00eda y Humanidades de la UNC cesanteados por motivos pol\u00edticos entre 1974 y 1983\">[Leer m\u00e1s]<\/a><\/p>\n<\/div>","protected":false},"author":1,"featured_media":0,"parent":396,"menu_order":0,"comment_status":"closed","ping_status":"closed","template":"","meta":{"_acf_changed":false,"_monsterinsights_skip_tracking":false,"_monsterinsights_sitenote_active":false,"_monsterinsights_sitenote_note":"","_monsterinsights_sitenote_category":0,"footnotes":""},"class_list":["post-4713","page","type-page","status-publish","hentry"],"acf":[],"yoast_head":"<!-- This site is optimized with the Yoast SEO plugin v27.1.1 - https:\/\/yoast.com\/product\/yoast-seo-wordpress\/ -->\n<title>Reconocimiento a los docentes de la Facultad de Filosof\u00eda y Humanidades de la UNC cesanteados por motivos pol\u00edticos entre 1974 y 1983 - Alfilo<\/title>\n<meta name=\"robots\" content=\"index, follow, max-snippet:-1, max-image-preview:large, max-video-preview:-1\" \/>\n<link rel=\"canonical\" href=\"https:\/\/ffyh.unc.edu.ar\/alfilo\/especiales\/reconocimiento-a-los-docentes-de-la-facultad-de-filosofia-y-humanidades-de-la-unc-cesanteados-por-motivos-politicos-entre-1974-y-1983\/\" \/>\n<meta property=\"og:locale\" content=\"es_ES\" \/>\n<meta property=\"og:type\" content=\"article\" \/>\n<meta property=\"og:title\" content=\"Reconocimiento a los docentes de la Facultad de Filosof\u00eda y Humanidades de la UNC cesanteados por motivos pol\u00edticos entre 1974 y 1983 - Alfilo\" \/>\n<meta property=\"og:description\" content=\"Tras el golpe c\u00edvico-policial al gobierno de Ricardo Obreg\u00f3n Cano y Atilio L\u00f3pez en febrero de 1974 y en particular durante la \u00faltima dictadura c\u00edvico-militar cientos de docentes fueron expulsados de las universidades p\u00fablicas argentinas. Muchos de ellos fueron asimismo [Leer m\u00e1s]\" \/>\n<meta property=\"og:url\" content=\"https:\/\/ffyh.unc.edu.ar\/alfilo\/especiales\/reconocimiento-a-los-docentes-de-la-facultad-de-filosofia-y-humanidades-de-la-unc-cesanteados-por-motivos-politicos-entre-1974-y-1983\/\" \/>\n<meta property=\"og:site_name\" content=\"Alfilo\" \/>\n<meta property=\"article:publisher\" content=\"https:\/\/www.facebook.com\/ffyh.unc\/\" \/>\n<meta property=\"og:image\" content=\"https:\/\/ffyh.unc.edu.ar\/alfilo\/wp-content\/uploads\/sites\/11\/2015\/04\/banner-alfilo-2015-ico.jpg\" \/>\n\t<meta property=\"og:image:width\" content=\"253\" \/>\n\t<meta property=\"og:image:height\" content=\"128\" \/>\n\t<meta property=\"og:image:type\" content=\"image\/jpeg\" \/>\n<meta name=\"twitter:card\" content=\"summary_large_image\" \/>\n<meta name=\"twitter:site\" content=\"@ffyh_unc\" \/>\n<meta name=\"twitter:label1\" content=\"Tiempo de lectura\" \/>\n\t<meta name=\"twitter:data1\" content=\"1 minuto\" \/>\n<script type=\"application\/ld+json\" class=\"yoast-schema-graph\">{\"@context\":\"https:\/\/schema.org\",\"@graph\":[{\"@type\":\"WebPage\",\"@id\":\"https:\/\/ffyh.unc.edu.ar\/alfilo\/especiales\/reconocimiento-a-los-docentes-de-la-facultad-de-filosofia-y-humanidades-de-la-unc-cesanteados-por-motivos-politicos-entre-1974-y-1983\/\",\"url\":\"https:\/\/ffyh.unc.edu.ar\/alfilo\/especiales\/reconocimiento-a-los-docentes-de-la-facultad-de-filosofia-y-humanidades-de-la-unc-cesanteados-por-motivos-politicos-entre-1974-y-1983\/\",\"name\":\"Reconocimiento a los docentes de la Facultad de Filosof\u00eda y Humanidades de la UNC cesanteados por motivos pol\u00edticos entre 1974 y 1983 - Alfilo\",\"isPartOf\":{\"@id\":\"https:\/\/ffyh.unc.edu.ar\/alfilo\/#website\"},\"datePublished\":\"2017-09-05T16:25:27+00:00\",\"breadcrumb\":{\"@id\":\"https:\/\/ffyh.unc.edu.ar\/alfilo\/especiales\/reconocimiento-a-los-docentes-de-la-facultad-de-filosofia-y-humanidades-de-la-unc-cesanteados-por-motivos-politicos-entre-1974-y-1983\/#breadcrumb\"},\"inLanguage\":\"es\",\"potentialAction\":[{\"@type\":\"ReadAction\",\"target\":[\"https:\/\/ffyh.unc.edu.ar\/alfilo\/especiales\/reconocimiento-a-los-docentes-de-la-facultad-de-filosofia-y-humanidades-de-la-unc-cesanteados-por-motivos-politicos-entre-1974-y-1983\/\"]}]},{\"@type\":\"BreadcrumbList\",\"@id\":\"https:\/\/ffyh.unc.edu.ar\/alfilo\/especiales\/reconocimiento-a-los-docentes-de-la-facultad-de-filosofia-y-humanidades-de-la-unc-cesanteados-por-motivos-politicos-entre-1974-y-1983\/#breadcrumb\",\"itemListElement\":[{\"@type\":\"ListItem\",\"position\":1,\"name\":\"Portada\",\"item\":\"https:\/\/ffyh.unc.edu.ar\/alfilo\/\"},{\"@type\":\"ListItem\",\"position\":2,\"name\":\"Especiales\",\"item\":\"https:\/\/ffyh.unc.edu.ar\/alfilo\/especiales\/\"},{\"@type\":\"ListItem\",\"position\":3,\"name\":\"Reconocimiento a los docentes de la Facultad de Filosof\u00eda y Humanidades de la UNC cesanteados por motivos pol\u00edticos entre 1974 y 1983\"}]},{\"@type\":\"WebSite\",\"@id\":\"https:\/\/ffyh.unc.edu.ar\/alfilo\/#website\",\"url\":\"https:\/\/ffyh.unc.edu.ar\/alfilo\/\",\"name\":\"Alfilo\",\"description\":\"Revista digital de la Facultad de Filosof\u00eda y Humanidades - Universidad Nacional de C\u00f3rdoba\",\"publisher\":{\"@id\":\"https:\/\/ffyh.unc.edu.ar\/alfilo\/#organization\"},\"potentialAction\":[{\"@type\":\"SearchAction\",\"target\":{\"@type\":\"EntryPoint\",\"urlTemplate\":\"https:\/\/ffyh.unc.edu.ar\/alfilo\/?s={search_term_string}\"},\"query-input\":{\"@type\":\"PropertyValueSpecification\",\"valueRequired\":true,\"valueName\":\"search_term_string\"}}],\"inLanguage\":\"es\"},{\"@type\":\"Organization\",\"@id\":\"https:\/\/ffyh.unc.edu.ar\/alfilo\/#organization\",\"name\":\"Alfilo | Revista digital de la Facultad de Filosof\u00eda y Humanidades | UNC\",\"url\":\"https:\/\/ffyh.unc.edu.ar\/alfilo\/\",\"logo\":{\"@type\":\"ImageObject\",\"inLanguage\":\"es\",\"@id\":\"https:\/\/ffyh.unc.edu.ar\/alfilo\/#\/schema\/logo\/image\/\",\"url\":\"https:\/\/ffyh.unc.edu.ar\/alfilo\/wp-content\/uploads\/sites\/11\/2015\/04\/banner-alfilo-2015-ico.jpg\",\"contentUrl\":\"https:\/\/ffyh.unc.edu.ar\/alfilo\/wp-content\/uploads\/sites\/11\/2015\/04\/banner-alfilo-2015-ico.jpg\",\"width\":253,\"height\":128,\"caption\":\"Alfilo | Revista digital de la Facultad de Filosof\u00eda y Humanidades | UNC\"},\"image\":{\"@id\":\"https:\/\/ffyh.unc.edu.ar\/alfilo\/#\/schema\/logo\/image\/\"},\"sameAs\":[\"https:\/\/www.facebook.com\/ffyh.unc\/\",\"https:\/\/x.com\/ffyh_unc\",\"https:\/\/www.instagram.com\/ffyhunc\/\",\"https:\/\/www.youtube.com\/user\/comunicacionfilo\"]}]}<\/script>\n<!-- \/ Yoast SEO plugin. -->","yoast_head_json":{"title":"Reconocimiento a los docentes de la Facultad de Filosof\u00eda y Humanidades de la UNC cesanteados por motivos pol\u00edticos entre 1974 y 1983 - Alfilo","robots":{"index":"index","follow":"follow","max-snippet":"max-snippet:-1","max-image-preview":"max-image-preview:large","max-video-preview":"max-video-preview:-1"},"canonical":"https:\/\/ffyh.unc.edu.ar\/alfilo\/especiales\/reconocimiento-a-los-docentes-de-la-facultad-de-filosofia-y-humanidades-de-la-unc-cesanteados-por-motivos-politicos-entre-1974-y-1983\/","og_locale":"es_ES","og_type":"article","og_title":"Reconocimiento a los docentes de la Facultad de Filosof\u00eda y Humanidades de la UNC cesanteados por motivos pol\u00edticos entre 1974 y 1983 - Alfilo","og_description":"Tras el golpe c\u00edvico-policial al gobierno de Ricardo Obreg\u00f3n Cano y Atilio L\u00f3pez en febrero de 1974 y en particular durante la \u00faltima dictadura c\u00edvico-militar cientos de docentes fueron expulsados de las universidades p\u00fablicas argentinas. Muchos de ellos fueron asimismo [Leer m\u00e1s]","og_url":"https:\/\/ffyh.unc.edu.ar\/alfilo\/especiales\/reconocimiento-a-los-docentes-de-la-facultad-de-filosofia-y-humanidades-de-la-unc-cesanteados-por-motivos-politicos-entre-1974-y-1983\/","og_site_name":"Alfilo","article_publisher":"https:\/\/www.facebook.com\/ffyh.unc\/","og_image":[{"width":253,"height":128,"url":"https:\/\/ffyh.unc.edu.ar\/alfilo\/wp-content\/uploads\/sites\/11\/2015\/04\/banner-alfilo-2015-ico.jpg","type":"image\/jpeg"}],"twitter_card":"summary_large_image","twitter_site":"@ffyh_unc","twitter_misc":{"Tiempo de lectura":"1 minuto"},"schema":{"@context":"https:\/\/schema.org","@graph":[{"@type":"WebPage","@id":"https:\/\/ffyh.unc.edu.ar\/alfilo\/especiales\/reconocimiento-a-los-docentes-de-la-facultad-de-filosofia-y-humanidades-de-la-unc-cesanteados-por-motivos-politicos-entre-1974-y-1983\/","url":"https:\/\/ffyh.unc.edu.ar\/alfilo\/especiales\/reconocimiento-a-los-docentes-de-la-facultad-de-filosofia-y-humanidades-de-la-unc-cesanteados-por-motivos-politicos-entre-1974-y-1983\/","name":"Reconocimiento a los docentes de la Facultad de Filosof\u00eda y Humanidades de la UNC cesanteados por motivos pol\u00edticos entre 1974 y 1983 - Alfilo","isPartOf":{"@id":"https:\/\/ffyh.unc.edu.ar\/alfilo\/#website"},"datePublished":"2017-09-05T16:25:27+00:00","breadcrumb":{"@id":"https:\/\/ffyh.unc.edu.ar\/alfilo\/especiales\/reconocimiento-a-los-docentes-de-la-facultad-de-filosofia-y-humanidades-de-la-unc-cesanteados-por-motivos-politicos-entre-1974-y-1983\/#breadcrumb"},"inLanguage":"es","potentialAction":[{"@type":"ReadAction","target":["https:\/\/ffyh.unc.edu.ar\/alfilo\/especiales\/reconocimiento-a-los-docentes-de-la-facultad-de-filosofia-y-humanidades-de-la-unc-cesanteados-por-motivos-politicos-entre-1974-y-1983\/"]}]},{"@type":"BreadcrumbList","@id":"https:\/\/ffyh.unc.edu.ar\/alfilo\/especiales\/reconocimiento-a-los-docentes-de-la-facultad-de-filosofia-y-humanidades-de-la-unc-cesanteados-por-motivos-politicos-entre-1974-y-1983\/#breadcrumb","itemListElement":[{"@type":"ListItem","position":1,"name":"Portada","item":"https:\/\/ffyh.unc.edu.ar\/alfilo\/"},{"@type":"ListItem","position":2,"name":"Especiales","item":"https:\/\/ffyh.unc.edu.ar\/alfilo\/especiales\/"},{"@type":"ListItem","position":3,"name":"Reconocimiento a los docentes de la Facultad de Filosof\u00eda y Humanidades de la UNC cesanteados por motivos pol\u00edticos entre 1974 y 1983"}]},{"@type":"WebSite","@id":"https:\/\/ffyh.unc.edu.ar\/alfilo\/#website","url":"https:\/\/ffyh.unc.edu.ar\/alfilo\/","name":"Alfilo","description":"Revista digital de la Facultad de Filosof\u00eda y Humanidades - Universidad Nacional de C\u00f3rdoba","publisher":{"@id":"https:\/\/ffyh.unc.edu.ar\/alfilo\/#organization"},"potentialAction":[{"@type":"SearchAction","target":{"@type":"EntryPoint","urlTemplate":"https:\/\/ffyh.unc.edu.ar\/alfilo\/?s={search_term_string}"},"query-input":{"@type":"PropertyValueSpecification","valueRequired":true,"valueName":"search_term_string"}}],"inLanguage":"es"},{"@type":"Organization","@id":"https:\/\/ffyh.unc.edu.ar\/alfilo\/#organization","name":"Alfilo | Revista digital de la Facultad de Filosof\u00eda y Humanidades | UNC","url":"https:\/\/ffyh.unc.edu.ar\/alfilo\/","logo":{"@type":"ImageObject","inLanguage":"es","@id":"https:\/\/ffyh.unc.edu.ar\/alfilo\/#\/schema\/logo\/image\/","url":"https:\/\/ffyh.unc.edu.ar\/alfilo\/wp-content\/uploads\/sites\/11\/2015\/04\/banner-alfilo-2015-ico.jpg","contentUrl":"https:\/\/ffyh.unc.edu.ar\/alfilo\/wp-content\/uploads\/sites\/11\/2015\/04\/banner-alfilo-2015-ico.jpg","width":253,"height":128,"caption":"Alfilo | Revista digital de la Facultad de Filosof\u00eda y Humanidades | UNC"},"image":{"@id":"https:\/\/ffyh.unc.edu.ar\/alfilo\/#\/schema\/logo\/image\/"},"sameAs":["https:\/\/www.facebook.com\/ffyh.unc\/","https:\/\/x.com\/ffyh_unc","https:\/\/www.instagram.com\/ffyhunc\/","https:\/\/www.youtube.com\/user\/comunicacionfilo"]}]}},"jetpack_sharing_enabled":true,"_links":{"self":[{"href":"https:\/\/ffyh.unc.edu.ar\/alfilo\/wp-json\/wp\/v2\/pages\/4713","targetHints":{"allow":["GET"]}}],"collection":[{"href":"https:\/\/ffyh.unc.edu.ar\/alfilo\/wp-json\/wp\/v2\/pages"}],"about":[{"href":"https:\/\/ffyh.unc.edu.ar\/alfilo\/wp-json\/wp\/v2\/types\/page"}],"author":[{"embeddable":true,"href":"https:\/\/ffyh.unc.edu.ar\/alfilo\/wp-json\/wp\/v2\/users\/1"}],"replies":[{"embeddable":true,"href":"https:\/\/ffyh.unc.edu.ar\/alfilo\/wp-json\/wp\/v2\/comments?post=4713"}],"version-history":[{"count":1,"href":"https:\/\/ffyh.unc.edu.ar\/alfilo\/wp-json\/wp\/v2\/pages\/4713\/revisions"}],"predecessor-version":[{"id":4714,"href":"https:\/\/ffyh.unc.edu.ar\/alfilo\/wp-json\/wp\/v2\/pages\/4713\/revisions\/4714"}],"up":[{"embeddable":true,"href":"https:\/\/ffyh.unc.edu.ar\/alfilo\/wp-json\/wp\/v2\/pages\/396"}],"wp:attachment":[{"href":"https:\/\/ffyh.unc.edu.ar\/alfilo\/wp-json\/wp\/v2\/media?parent=4713"}],"curies":[{"name":"wp","href":"https:\/\/api.w.org\/{rel}","templated":true}]}}