{"id":1949,"date":"2018-05-08T18:35:19","date_gmt":"2018-05-08T18:35:19","guid":{"rendered":"http:\/\/ffyh.unc.edu.ar\/biblioteca\/?page_id=1949"},"modified":"2024-07-30T16:52:56","modified_gmt":"2024-07-30T16:52:56","slug":"dpto-de-procesos-tecnicos","status":"publish","type":"page","link":"https:\/\/ffyh.unc.edu.ar\/biblioteca\/dpto-de-procesos-tecnicos\/","title":{"rendered":"Dpto. de Procesos T\u00e9cnicos"},"content":{"rendered":"<table>\n<tbody>\n<tr>\n<td>\n<ul>\n<li><strong>Jefe de Departamento: Lic<\/strong><strong>. Jos\u00e9 Luis D\u00edaz<\/strong><\/li>\n<li><strong>Correo electr\u00f3nico: <\/strong><\/li>\n<li><strong><a href=\"mailto:joseluisdiaz@ffyh.unc.edu.ar\">joseluisdiaz@ffyh.unc.edu.ar<\/a><\/strong><\/li>\n<li><a href=\"mailto:protec@ffyh.unc.edu.ar\"><strong>protec@ffyh.unc.edu.ar<\/strong><\/a><\/li>\n<li><strong style=\"font-family: inherit;font-size: inherit;background-color: var(--color_content_background);color: var(--color_content_text)\">Tel\u00e9fono IP: 5353610, interno 50029<\/strong><\/li>\n<\/ul>\n<\/td>\n<\/tr>\n<tr>\n<td>\n<p style=\"text-align: justify\">Organiza y coordina las etapas comprendidas entre el ingreso del material bibliogr\u00e1fico por compra, canje y\/o donaci\u00f3n hasta su disponibilidad para el usuario. Para ello procesa t\u00e9cnicamente dicho material, en el SIGB KOHA, seg\u00fan normas nacionales y est\u00e1ndares internacionales (Reglas de Catalogaci\u00f3n Angloamericanas, 2da de. -AACR2-,\u00a0 Clasificaci\u00f3n Decimal Universal\u00a0 -CDU-, Tesauros especializados en las diversas tem\u00e1ticas,\u00a0 Formato MARC -base bibliogr\u00e1fica y base de autoridades), y pol\u00edticas establecidas por la Biblioteca.<\/p>\n<p style=\"text-align: justify\">Tambi\u00e9n se realizan tareas de conservaci\u00f3n y preservaci\u00f3n de libros antiguos y\/o deteriorados, seg\u00fan las pol\u00edticas establecidas por la Direcci\u00f3n de la Biblioteca y en consonancia con las dictadas por el \u201cCentro Regional de Preservaci\u00f3n y Conservaci\u00f3n del Patrimonio Cultural en Obras sobre Papel\u201d y otras instituciones nacionales e internacionales.<\/p>\n<p style=\"text-align: justify\">Mantiene actualizado los registros para permitir el acceso a sus bases de datos y recuperar la informaci\u00f3n de manera pertinente y eficaz. Provee informaci\u00f3n acerca de las diversas \u00a0colecciones que constituyen el fondo bibliogr\u00e1fico de la biblioteca y realiza estad\u00edsticas del movimiento diario.<\/p>\n<\/td>\n<\/tr>\n<\/tbody>\n<\/table>\n","protected":false},"excerpt":{"rendered":"<div class=\"entry-summary\">\nJefe de Departamento: Lic. Jos\u00e9 Luis D\u00edaz Correo electr\u00f3nico: joseluisdiaz@ffyh.unc.edu.ar protec@ffyh.unc.edu.ar Tel\u00e9fono IP: 5353610, interno 50029 Organiza y coordina las&hellip;\n<\/div>\n<div class=\"link-more\"><a href=\"https:\/\/ffyh.unc.edu.ar\/biblioteca\/dpto-de-procesos-tecnicos\/\" class=\"more-link\">Continuar leyendo<span class=\"screen-reader-text\"> &ldquo;Dpto. de Procesos T\u00e9cnicos&rdquo;<\/span>&hellip;<\/a><\/div>\n","protected":false},"author":7,"featured_media":0,"parent":0,"menu_order":0,"comment_status":"closed","ping_status":"closed","template":"","meta":{"_acf_changed":false,"jetpack_post_was_ever_published":false,"footnotes":""},"class_list":["post-1949","page","type-page","status-publish","hentry","entry"],"acf":[],"jetpack_shortlink":"https:\/\/wp.me\/P9UJM9-vr","jetpack-related-posts":[],"jetpack_sharing_enabled":true,"_links":{"self":[{"href":"https:\/\/ffyh.unc.edu.ar\/biblioteca\/wp-json\/wp\/v2\/pages\/1949","targetHints":{"allow":["GET"]}}],"collection":[{"href":"https:\/\/ffyh.unc.edu.ar\/biblioteca\/wp-json\/wp\/v2\/pages"}],"about":[{"href":"https:\/\/ffyh.unc.edu.ar\/biblioteca\/wp-json\/wp\/v2\/types\/page"}],"author":[{"embeddable":true,"href":"https:\/\/ffyh.unc.edu.ar\/biblioteca\/wp-json\/wp\/v2\/users\/7"}],"replies":[{"embeddable":true,"href":"https:\/\/ffyh.unc.edu.ar\/biblioteca\/wp-json\/wp\/v2\/comments?post=1949"}],"version-history":[{"count":9,"href":"https:\/\/ffyh.unc.edu.ar\/biblioteca\/wp-json\/wp\/v2\/pages\/1949\/revisions"}],"predecessor-version":[{"id":5932,"href":"https:\/\/ffyh.unc.edu.ar\/biblioteca\/wp-json\/wp\/v2\/pages\/1949\/revisions\/5932"}],"wp:attachment":[{"href":"https:\/\/ffyh.unc.edu.ar\/biblioteca\/wp-json\/wp\/v2\/media?parent=1949"}],"curies":[{"name":"wp","href":"https:\/\/api.w.org\/{rel}","templated":true}]}}