{"id":1951,"date":"2018-05-08T18:37:09","date_gmt":"2018-05-08T18:37:09","guid":{"rendered":"http:\/\/ffyh.unc.edu.ar\/biblioteca\/?page_id=1951"},"modified":"2022-08-02T16:38:30","modified_gmt":"2022-08-02T16:38:30","slug":"dpto-de-humanidades","status":"publish","type":"page","link":"https:\/\/ffyh.unc.edu.ar\/biblioteca\/dpto-de-humanidades\/","title":{"rendered":"Dpto. de Humanidades &#8211; \u201cBibl. Elisa J. de Avgherino\u201d"},"content":{"rendered":"<table>\n<tbody>\n<tr>\n<td>\n<ul>\n<li><strong>Jefa de departamento:\u00a0<\/strong>Bibl. Alejandra D\u00edaz<\/li>\n<li><strong>Correo electr\u00f3nico:<\/strong> adiaz@ffyh.unc.edu.ar<\/li>\n<li><span class=\"go\">\u00a0 \u00a0 \u00a0 \u00a0 \u00a0 \u00a0 \u00a0 \u00a0 \u00a0 \u00a0 \u00a0 \u00a0 \u00a0 \u00a0 \u00a0 \u00a0 \u00a0circulacion@ffyh.unc.edu.ar<\/span><\/li>\n<li><strong>Tel\u00e9fono IP:<\/strong><strong>\u00a0<\/strong>5353610, interno 50310<\/li>\n<li><strong>Horario:\u00a0<\/strong>lunes a viernes de 09:00 a 20:00 hs.<\/li>\n<\/ul>\n<\/td>\n<\/tr>\n<tr>\n<td>\n<p style=\"text-align: justify\">Brinda a los usuarios el acceso a\u00a0 los documentos de su Departamento, en diferentes formatos. Realiza pr\u00e9stamos domiciliarios y en sala de lectura, gestiona pr\u00e9stamos interbibliotecarios con la UNC e Inter-bibliotecarios con otras Universidades de la Provincia de C\u00f3rdoba, a trav\u00e9s de ABUC (Acuerdo de Bibliotecas Universitarias de C\u00f3rdoba) abriendo un importante abanico de posibilidades en cuanto a la cooperaci\u00f3n e intercambio de bibliograf\u00eda. Implementa cursos de formaci\u00f3n de usuarios para los estudiantes y visitas guiadas a colegios e Instituciones que la soliciten.<\/p>\n<p style=\"text-align: justify\"><strong>DE ESTE DPTO. DEPENDEN:<\/strong><\/p>\n<p style=\"text-align: justify\"><a href=\"https:\/\/ffyh.unc.edu.ar\/biblioteca\/banco-de-tesis-de-psicologia-2\/\">Banco de Tesis de Licenciatura y Pr\u00e1cticas Pre-profesionales y Pr\u00e1cticas\u00a0 Supervisada de la Facultad de Psicolog\u00eda<\/a> &#8211; <a href=\"https:\/\/ffyh.unc.edu.ar\/biblioteca\/centro-dewey\/\">Centro Dewey<\/a> &#8211; <a href=\"https:\/\/ffyh.unc.edu.ar\/biblioteca\/fondo-antiguo-3\/\">Fondo Antiguo<\/a> &#8211; <a href=\"https:\/\/ffyh.unc.edu.ar\/biblioteca\/fondo-malicha-2\/\">Fondo Malicha<\/a><\/p>\n<\/td>\n<\/tr>\n<tr>\n<td><strong>SERVICIOS QUE PRESTA:<\/strong><\/p>\n<ul>\n<li>Consulta en Salas de lectura<\/li>\n<li>Pr\u00e9stamos a domicilio<\/li>\n<li>Estanter\u00eda Abierta<\/li>\n<li>Pr\u00e9stamos interbibliotecarios<\/li>\n<li>Asesoramiento para b\u00fasquedas bibliogr\u00e1ficas en el\u00a0<a href=\"http:\/\/ffyh.biblio.unc.edu.ar\/\"><strong>Cat\u00e1logo<\/strong><\/a>\u00a0general en l\u00ednea (OPAC)<\/li>\n<\/ul>\n<p>&nbsp;<\/td>\n<\/tr>\n<tr>\n<td><strong><a href=\"https:\/\/ffyh.unc.edu.ar\/biblioteca\/formulario-de-solicitud-de-libre-deuda\/\">Formulario de solicitud de Libre Deuda<\/a><\/strong><\/p>\n<p><strong><a href=\"https:\/\/ffyh.unc.edu.ar\/biblioteca\/mas-informacion-sobre-el-dpto-humanidades\/\">M\u00e1s informaci\u00f3n sobre el departamento<\/a><\/strong><\/td>\n<\/tr>\n<\/tbody>\n<\/table>\n","protected":false},"excerpt":{"rendered":"<div class=\"entry-summary\">\nJefa de departamento:\u00a0Bibl. Alejandra D\u00edaz Correo electr\u00f3nico: adiaz@ffyh.unc.edu.ar \u00a0 \u00a0 \u00a0 \u00a0 \u00a0 \u00a0 \u00a0 \u00a0 \u00a0 \u00a0 \u00a0 \u00a0&hellip;\n<\/div>\n<div class=\"link-more\"><a href=\"https:\/\/ffyh.unc.edu.ar\/biblioteca\/dpto-de-humanidades\/\" class=\"more-link\">Continuar leyendo<span class=\"screen-reader-text\"> &ldquo;Dpto. de Humanidades &#8211; \u201cBibl. Elisa J. de Avgherino\u201d&rdquo;<\/span>&hellip;<\/a><\/div>\n","protected":false},"author":7,"featured_media":0,"parent":0,"menu_order":0,"comment_status":"closed","ping_status":"closed","template":"","meta":{"_acf_changed":false,"jetpack_post_was_ever_published":false,"footnotes":""},"class_list":["post-1951","page","type-page","status-publish","hentry","entry"],"acf":[],"jetpack_shortlink":"https:\/\/wp.me\/P9UJM9-vt","jetpack-related-posts":[],"jetpack_sharing_enabled":true,"_links":{"self":[{"href":"https:\/\/ffyh.unc.edu.ar\/biblioteca\/wp-json\/wp\/v2\/pages\/1951","targetHints":{"allow":["GET"]}}],"collection":[{"href":"https:\/\/ffyh.unc.edu.ar\/biblioteca\/wp-json\/wp\/v2\/pages"}],"about":[{"href":"https:\/\/ffyh.unc.edu.ar\/biblioteca\/wp-json\/wp\/v2\/types\/page"}],"author":[{"embeddable":true,"href":"https:\/\/ffyh.unc.edu.ar\/biblioteca\/wp-json\/wp\/v2\/users\/7"}],"replies":[{"embeddable":true,"href":"https:\/\/ffyh.unc.edu.ar\/biblioteca\/wp-json\/wp\/v2\/comments?post=1951"}],"version-history":[{"count":14,"href":"https:\/\/ffyh.unc.edu.ar\/biblioteca\/wp-json\/wp\/v2\/pages\/1951\/revisions"}],"predecessor-version":[{"id":5089,"href":"https:\/\/ffyh.unc.edu.ar\/biblioteca\/wp-json\/wp\/v2\/pages\/1951\/revisions\/5089"}],"wp:attachment":[{"href":"https:\/\/ffyh.unc.edu.ar\/biblioteca\/wp-json\/wp\/v2\/media?parent=1951"}],"curies":[{"name":"wp","href":"https:\/\/api.w.org\/{rel}","templated":true}]}}