{"id":1993,"date":"2018-05-08T19:15:54","date_gmt":"2018-05-08T19:15:54","guid":{"rendered":"http:\/\/ffyh.unc.edu.ar\/biblioteca\/?page_id=1993"},"modified":"2018-05-23T19:29:42","modified_gmt":"2018-05-23T19:29:42","slug":"prestamos","status":"publish","type":"page","link":"https:\/\/ffyh.unc.edu.ar\/biblioteca\/prestamos\/","title":{"rendered":"Pr\u00e9stamos"},"content":{"rendered":"<p><span style=\"font-size: 14pt\"><strong>PR\u00c9STAMOS A DOMICILIO<\/strong>: <\/span><\/p>\n<p><span style=\"font-size: 14pt\">Son personales y todos los usuarios deben presentar su DNI., Libreta de TP y\/o Pasaporte en el caso de usuarios extranjeros. Ver\u00a0<\/span><span style=\"font-size: 14pt\"><a href=\"http:\/\/www.ffyh.unc.edu.ar\/biblioteca\/reglamento-de-la-biblioteca\"><strong>Reglamento de la biblioteca<\/strong><\/a>.<\/span><\/p>\n<p><span style=\"font-size: 14pt\"><strong>PR\u00c9STAMOS INTERBIBLIOTECARIOS:<\/strong><\/span><\/p>\n<ul>\n<li><span style=\"font-size: 14pt\"><strong><u>UNC<\/u><\/strong>: Todos los socios pueden beneficiarse con este sistema y solicitar materiales no disponibles en esta biblioteca a otras bibliotecas de la\u00a0<strong>UNC-<\/strong><\/span><\/li>\n<li style=\"text-align: justify\"><span style=\"font-size: 14pt\"><strong><u><a href=\"http:\/\/www.abuc.org.ar\/portal\/\">ABUC<\/a>:<\/u>\u00a0<\/strong>Todos los socios pueden solicitar en pr\u00e9stamo material disponibles en bibliotecas de otras universidades de la provincia de C\u00f3rdoba trav\u00e9s de\u00a0<strong>ABUC\u00a0<\/strong>\u2013 Acuerdo de Bibliotecas Universitarias de C\u00f3rdoba \u2013 abriendo un importante abanico de posibilidades en cuanto a la cooperaci\u00f3n e intercambio de bibliograf\u00eda. Ver\u00a0<a href=\"http:\/\/www.abuc.org.ar\/portal\/?sec=0&amp;pag=30\"><strong>Reglamento ABUC<\/strong><\/a><\/span><\/li>\n<\/ul>\n<p style=\"text-align: justify\"><img data-recalc-dims=\"1\" loading=\"lazy\" decoding=\"async\" data-attachment-id=\"2618\" data-permalink=\"https:\/\/ffyh.unc.edu.ar\/biblioteca\/prestamos\/whatsapp-image-2018-05-23-at-16-26-44\/\" data-orig-file=\"https:\/\/i0.wp.com\/ffyh.unc.edu.ar\/biblioteca\/wp-content\/uploads\/sites\/4\/2018\/05\/WhatsApp-Image-2018-05-23-at-16.26.44.jpeg?fit=1280%2C963&amp;ssl=1\" data-orig-size=\"1280,963\" data-comments-opened=\"0\" data-image-meta=\"{&quot;aperture&quot;:&quot;0&quot;,&quot;credit&quot;:&quot;&quot;,&quot;camera&quot;:&quot;&quot;,&quot;caption&quot;:&quot;&quot;,&quot;created_timestamp&quot;:&quot;0&quot;,&quot;copyright&quot;:&quot;&quot;,&quot;focal_length&quot;:&quot;0&quot;,&quot;iso&quot;:&quot;0&quot;,&quot;shutter_speed&quot;:&quot;0&quot;,&quot;title&quot;:&quot;&quot;,&quot;orientation&quot;:&quot;0&quot;}\" data-image-title=\"WhatsApp Image 2018-05-23 at 16.26.44\" data-image-description=\"\" data-image-caption=\"\" data-medium-file=\"https:\/\/i0.wp.com\/ffyh.unc.edu.ar\/biblioteca\/wp-content\/uploads\/sites\/4\/2018\/05\/WhatsApp-Image-2018-05-23-at-16.26.44.jpeg?fit=300%2C226&amp;ssl=1\" data-large-file=\"https:\/\/i0.wp.com\/ffyh.unc.edu.ar\/biblioteca\/wp-content\/uploads\/sites\/4\/2018\/05\/WhatsApp-Image-2018-05-23-at-16.26.44.jpeg?fit=1024%2C770&amp;ssl=1\" class=\"size-large wp-image-2618 aligncenter\" src=\"https:\/\/i0.wp.com\/ffyh.unc.edu.ar\/biblioteca\/wp-content\/uploads\/sites\/4\/2018\/05\/WhatsApp-Image-2018-05-23-at-16.26.44.jpeg?resize=1024%2C770\" alt=\"\" width=\"1024\" height=\"770\" srcset=\"https:\/\/i0.wp.com\/ffyh.unc.edu.ar\/biblioteca\/wp-content\/uploads\/sites\/4\/2018\/05\/WhatsApp-Image-2018-05-23-at-16.26.44.jpeg?resize=1024%2C770&amp;ssl=1 1024w, https:\/\/i0.wp.com\/ffyh.unc.edu.ar\/biblioteca\/wp-content\/uploads\/sites\/4\/2018\/05\/WhatsApp-Image-2018-05-23-at-16.26.44.jpeg?resize=300%2C226&amp;ssl=1 300w, https:\/\/i0.wp.com\/ffyh.unc.edu.ar\/biblioteca\/wp-content\/uploads\/sites\/4\/2018\/05\/WhatsApp-Image-2018-05-23-at-16.26.44.jpeg?resize=768%2C578&amp;ssl=1 768w, https:\/\/i0.wp.com\/ffyh.unc.edu.ar\/biblioteca\/wp-content\/uploads\/sites\/4\/2018\/05\/WhatsApp-Image-2018-05-23-at-16.26.44.jpeg?w=1280&amp;ssl=1 1280w\" sizes=\"auto, (max-width: 1024px) 100vw, 1024px\" \/><\/p>\n<p style=\"text-align: justify\"><span style=\"font-size: 14pt\"><strong>\u00a0<\/strong><\/span><\/p>\n","protected":false},"excerpt":{"rendered":"<div class=\"entry-summary\">\nPR\u00c9STAMOS A DOMICILIO: Son personales y todos los usuarios deben presentar su DNI., Libreta de TP y\/o Pasaporte en el&hellip;\n<\/div>\n<div class=\"link-more\"><a href=\"https:\/\/ffyh.unc.edu.ar\/biblioteca\/prestamos\/\" class=\"more-link\">Continuar leyendo<span class=\"screen-reader-text\"> &ldquo;Pr\u00e9stamos&rdquo;<\/span>&hellip;<\/a><\/div>\n","protected":false},"author":7,"featured_media":0,"parent":0,"menu_order":0,"comment_status":"closed","ping_status":"closed","template":"","meta":{"_acf_changed":false,"jetpack_post_was_ever_published":false,"footnotes":""},"class_list":["post-1993","page","type-page","status-publish","hentry","entry"],"acf":[],"jetpack_shortlink":"https:\/\/wp.me\/P9UJM9-w9","jetpack-related-posts":[],"jetpack_sharing_enabled":true,"_links":{"self":[{"href":"https:\/\/ffyh.unc.edu.ar\/biblioteca\/wp-json\/wp\/v2\/pages\/1993","targetHints":{"allow":["GET"]}}],"collection":[{"href":"https:\/\/ffyh.unc.edu.ar\/biblioteca\/wp-json\/wp\/v2\/pages"}],"about":[{"href":"https:\/\/ffyh.unc.edu.ar\/biblioteca\/wp-json\/wp\/v2\/types\/page"}],"author":[{"embeddable":true,"href":"https:\/\/ffyh.unc.edu.ar\/biblioteca\/wp-json\/wp\/v2\/users\/7"}],"replies":[{"embeddable":true,"href":"https:\/\/ffyh.unc.edu.ar\/biblioteca\/wp-json\/wp\/v2\/comments?post=1993"}],"version-history":[{"count":5,"href":"https:\/\/ffyh.unc.edu.ar\/biblioteca\/wp-json\/wp\/v2\/pages\/1993\/revisions"}],"predecessor-version":[{"id":2620,"href":"https:\/\/ffyh.unc.edu.ar\/biblioteca\/wp-json\/wp\/v2\/pages\/1993\/revisions\/2620"}],"wp:attachment":[{"href":"https:\/\/ffyh.unc.edu.ar\/biblioteca\/wp-json\/wp\/v2\/media?parent=1993"}],"curies":[{"name":"wp","href":"https:\/\/api.w.org\/{rel}","templated":true}]}}