{"id":2031,"date":"2018-05-08T19:47:10","date_gmt":"2018-05-08T19:47:10","guid":{"rendered":"http:\/\/ffyh.unc.edu.ar\/biblioteca\/?page_id=2031"},"modified":"2023-07-28T20:15:24","modified_gmt":"2023-07-28T20:15:24","slug":"preguntas-frecuentes","status":"publish","type":"page","link":"https:\/\/ffyh.unc.edu.ar\/biblioteca\/preguntas-frecuentes\/","title":{"rendered":"Preguntas Frecuentes"},"content":{"rendered":"<p>&nbsp;<\/p>\n<table>\n<tbody>\n<tr>\n<td style=\"text-align: justify\"><strong>\u00bfCu\u00e1les son los horarios de Atenci\u00f3n de la Biblioteca?<\/strong><\/td>\n<\/tr>\n<tr>\n<td>\n<h4><strong>La Biblioteca atiende al p\u00fablico de lunes a viernes de 9:00 a 20:00 hs.<\/strong><\/h4>\n<h4><strong>Dpto. de Humanidades:<\/strong><\/h4>\n<address>Lunes a viernes de 09:00 a 20:00 hs.<\/address>\n<address>Salas de lectura: 9:00 a 19:50 hs.<\/address>\n<address>\n<h4>Dpto. de Estudios Americanistas y de Antropolog\u00eda:<\/h4>\n<p>Lunes a viernes de 14:00 a 19:00 hs.<\/p>\n<h4>Dpto. de Hemeroteca y de Referencia:<\/h4>\n<address>Lunes a viernes de 9:00 a 19:00 hs.<\/address>\n<\/address>\n<h4>Banco de Tesis de Psicolog\u00eda:<\/h4>\n<address>Lunes a viernes de 9:00 a 19:00 hs.<\/address>\n<address>\u00a0<\/address>\n<\/td>\n<\/tr>\n<tr>\n<td>\n<p style=\"text-align: justify\"><b>\u00bfPuedo utilizar la Biblioteca si no soy alumno de la Facultad?<\/b><b>\u00a0<\/b><b>\u00bfQuienes pueden asociarse?<\/b><\/p>\n<\/td>\n<\/tr>\n<tr>\n<td>\n<p style=\"text-align: justify\">Los servicios de la Biblioteca est\u00e1n disponibles para toda la comunidad.<\/p>\n<p style=\"text-align: justify\">Pueden asociarse estudiantes, docentes, investigadores, egresados y no-docentes de las Facultades de Filosof\u00eda y Humanidades y de la Facultad de Psicolog\u00eda.<\/p>\n<\/td>\n<\/tr>\n<tr>\n<td>\n<div style=\"text-align: justify\"><b>\u00bfSe prestan a domicilio diccionarios<\/b><i><b>,\u00a0<\/b><\/i><b>enciclopedias y tesis doctorales?<\/b><\/div>\n<\/td>\n<\/tr>\n<tr>\n<td style=\"text-align: justify\">Los diccionarios y enciclopedias son materiales de referencia, solamente puede consultarse en sala de lectura.<\/td>\n<\/tr>\n<tr>\n<td><b>\u00bfC\u00f3mo accedo al cat\u00e1logo?<\/b><\/td>\n<\/tr>\n<tr>\n<td>La direcci\u00f3n del cat\u00e1logo online es:\u00a0<a id=\"m_-1428225343322679673m_-5874910346342967458LPlnk612351\" href=\"http:\/\/ffyh.biblio.unc.edu.ar\/\" target=\"_blank\" rel=\"noopener noreferrer\">http:\/\/ffyh.biblio.unc.edu.ar\/<\/a><\/td>\n<\/tr>\n<tr>\n<td style=\"text-align: justify\"><b>\u00bfC\u00f3mo accedo a<\/b><b>\u00a0mi cuenta de la Biblioteca?<\/b><\/td>\n<\/tr>\n<tr>\n<td style=\"text-align: justify\">En el margen superior derecho del cat\u00e1logo online, usted encontrar\u00e1 la opci\u00f3n:<\/p>\n<p>Ingresar a su cuenta<\/p>\n<p><b>Usuario:<\/b>\u00a0n\u00famero de DNI, sin puntos.<br \/>\n<b>Contrase\u00f1a:\u00a0<\/b>n\u00famero de DNI, sin puntos.<\/p>\n<p>Aqu\u00ed los socios podr\u00e1n consultar el estado de sus pr\u00e9stamos, datos personales, historial de lectura,\u00a0 y cambio de claves.<\/td>\n<\/tr>\n<tr>\n<td><b>\u00bfQu\u00e9 necesito para asociarme?<\/b><\/td>\n<\/tr>\n<tr>\n<td>Libreta y\/o D.N.I<\/td>\n<\/tr>\n<tr>\n<td><strong>\u00bfQu\u00e9 pasa si me retraso en devolver el libro?<\/strong><\/td>\n<\/tr>\n<tr>\n<td style=\"text-align: justify\">Tendr\u00e1 una sanci\u00f3n, por cada d\u00eda de retraso son\u00a0tres d\u00edas de suspensi\u00f3n.\u00a0Tanto los d\u00edas de retraso como los de\u00a0suspensi\u00f3n\u00a0ser\u00e1n\u00a0contados de corrido.<\/td>\n<\/tr>\n<tr>\n<td><b>\u00bfPuedo reservar un libro<\/b><b>?<\/b><\/td>\n<\/tr>\n<tr>\n<td style=\"text-align: justify\">El sistema de pr\u00e9stamo incluye por defecto un bot\u00f3n que dice \u00abreservar\u00bb, pero nuestro reglamento no contempla reservas, sin excepci\u00f3n alguna.<\/td>\n<\/tr>\n<tr>\n<td><strong>\u00bfPuedo saber cu\u00e1ndo devuelven el libro que necesito?<\/strong><\/td>\n<\/tr>\n<tr>\n<td>\n<p style=\"text-align: justify\">S\u00ed, al ingresar a la base de datos figura el estado del libro: \u00abDisponible\u00bb \u00f3 \u00abPrestado hasta\u00bb.<\/p>\n<p style=\"text-align: justify\">Puede consultar a personal de la biblioteca por medio de Facebook, Instagram \u00f3 Mail.<\/p>\n<\/td>\n<\/tr>\n<tr>\n<td style=\"text-align: justify\"><strong>\u00bfPuedo bajar texto completo de la Biblioteca Electr\u00f3nica del Mincyt? \u00bfC\u00f3mo la consulto?<\/strong><\/td>\n<\/tr>\n<tr>\n<td style=\"text-align: justify\">Las bases pertenecientes a la Biblioteca Electr\u00f3nica del MINCYT s\u00f3lo permiten el acceso desde un IP de la UNC.<\/td>\n<\/tr>\n<tr>\n<td style=\"text-align: justify\"><b>\u00bfL<\/b><b>a biblioteca recibe donaci\u00f3n de particulares?<\/b><\/td>\n<\/tr>\n<tr>\n<td style=\"text-align: justify\">S\u00ed, se reciben donaciones particulares siempre y cuando cumplan con las siguientes <a href=\"https:\/\/ffyh.unc.edu.ar\/biblioteca\/politicas-para-canje-y-donacion\/\">pol\u00edticas de donaci\u00f3n de la biblioteca<\/a>.<span style=\"font-weight: 400\">Comunicarse para mayor informaci\u00f3n a canje@ffyh.unc.edu.ar<\/span><\/td>\n<\/tr>\n<tr>\n<td style=\"text-align: justify\"><b>\u00bfPuedo imprimir en la biblioteca?<\/b><span style=\"color: #212121;font-family: wf_segoe-ui_normal, 'Segoe UI', 'Segoe WP', Tahoma, Arial, sans-serif, serif, EmojiFont\">\u00a0<\/span><\/td>\n<\/tr>\n<tr>\n<td style=\"text-align: justify\">No, la biblioteca no cuenta con impresoras para los usuarios.<\/td>\n<\/tr>\n<tr>\n<td style=\"text-align: justify\"><strong>\u00bfUn compa\u00f1ero puede retirar pr\u00e9stamos a mi nombre?<\/strong><\/td>\n<\/tr>\n<tr>\n<td style=\"text-align: justify\">No, los pr\u00e9stamos se realizan personalmente.<\/td>\n<\/tr>\n<tr>\n<td style=\"text-align: justify\"><strong>\u00bfUn compa\u00f1ero puede devolver material prestado a mi nombre?<\/strong><\/td>\n<\/tr>\n<tr>\n<td style=\"text-align: justify\">S\u00ed, las devoluciones no son personales.<\/td>\n<\/tr>\n<\/tbody>\n<\/table>\n","protected":false},"excerpt":{"rendered":"<div class=\"entry-summary\">\n&nbsp; \u00bfCu\u00e1les son los horarios de Atenci\u00f3n de la Biblioteca? La Biblioteca atiende al p\u00fablico de lunes a viernes de&hellip;\n<\/div>\n<div class=\"link-more\"><a href=\"https:\/\/ffyh.unc.edu.ar\/biblioteca\/preguntas-frecuentes\/\" class=\"more-link\">Continuar leyendo<span class=\"screen-reader-text\"> &ldquo;Preguntas Frecuentes&rdquo;<\/span>&hellip;<\/a><\/div>\n","protected":false},"author":7,"featured_media":0,"parent":0,"menu_order":0,"comment_status":"closed","ping_status":"closed","template":"","meta":{"_acf_changed":false,"saved_in_kubio":false,"jetpack_post_was_ever_published":false,"footnotes":""},"class_list":["post-2031","page","type-page","status-publish","hentry","entry"],"acf":[],"kubio_ai_page_context":{"short_desc":"","purpose":"general"},"jetpack_shortlink":"https:\/\/wp.me\/P9UJM9-wL","jetpack-related-posts":[],"jetpack_sharing_enabled":true,"_links":{"self":[{"href":"https:\/\/ffyh.unc.edu.ar\/biblioteca\/wp-json\/wp\/v2\/pages\/2031","targetHints":{"allow":["GET"]}}],"collection":[{"href":"https:\/\/ffyh.unc.edu.ar\/biblioteca\/wp-json\/wp\/v2\/pages"}],"about":[{"href":"https:\/\/ffyh.unc.edu.ar\/biblioteca\/wp-json\/wp\/v2\/types\/page"}],"author":[{"embeddable":true,"href":"https:\/\/ffyh.unc.edu.ar\/biblioteca\/wp-json\/wp\/v2\/users\/7"}],"replies":[{"embeddable":true,"href":"https:\/\/ffyh.unc.edu.ar\/biblioteca\/wp-json\/wp\/v2\/comments?post=2031"}],"version-history":[{"count":8,"href":"https:\/\/ffyh.unc.edu.ar\/biblioteca\/wp-json\/wp\/v2\/pages\/2031\/revisions"}],"predecessor-version":[{"id":5446,"href":"https:\/\/ffyh.unc.edu.ar\/biblioteca\/wp-json\/wp\/v2\/pages\/2031\/revisions\/5446"}],"wp:attachment":[{"href":"https:\/\/ffyh.unc.edu.ar\/biblioteca\/wp-json\/wp\/v2\/media?parent=2031"}],"curies":[{"name":"wp","href":"https:\/\/api.w.org\/{rel}","templated":true}]}}