{"id":2288,"date":"2018-05-10T20:25:19","date_gmt":"2018-05-10T20:25:19","guid":{"rendered":"http:\/\/ffyh.unc.edu.ar\/biblioteca\/?page_id=2288"},"modified":"2018-06-05T17:44:03","modified_gmt":"2018-06-05T17:44:03","slug":"procedimiento-de-donacion","status":"publish","type":"page","link":"https:\/\/ffyh.unc.edu.ar\/biblioteca\/procedimiento-de-donacion\/","title":{"rendered":"PROCEDIMIENTO DE DONACI\u00d3N"},"content":{"rendered":"<p style=\"text-align: justify\"><span style=\"font-size: 14pt\"><strong>1.<\/strong> El donante presentar\u00e1 un<span style=\"color: #000000\">\u00a0<\/span>formulario\u00a0que deber\u00e1 llenar con sus datos personales y con informaci\u00f3n de los libros a ser donados. Este formulario podr\u00e1 ser retirado en el mostrador de atenci\u00f3n al P\u00fablico, podr\u00e1 ser completado en l\u00ednea (canje@ffyh.unc.edu.ar)<\/span><\/p>\n<p style=\"text-align: justify\"><span style=\"font-size: 14pt\"><strong>2.<\/strong> Una vez completado el formulario, el donante deber\u00e1 entregarlos a la Biblioteca.<\/span><\/p>\n<p style=\"text-align: justify\"><span style=\"font-size: 14pt\"><strong>3.<\/strong> Si se trata de una donaci\u00f3n de gran volumen, se verificar\u00e1 el estado de conservaci\u00f3n de los libros en el domicilio del donante siempre que sea dentro de la ciudad de C\u00f3rdoba.<\/span><\/p>\n<p style=\"text-align: justify\"><span style=\"font-size: 14pt\"><strong>4.<\/strong> El traslado queda a cargo del donante.<\/span><\/p>\n<p style=\"text-align: justify\"><span style=\"font-size: 14pt\"><strong>5.<\/strong> Si la donaci\u00f3n fuera total o parcialmente rechazada, se le comunicar\u00e1 al donante que proceda a retirarla para lo cual se establece un plazo de tres (3) meses a partir de la fecha de notificaci\u00f3n de dicha decisi\u00f3n. (link a pol\u00edticas de donaci\u00f3n)<\/span><\/p>\n<p style=\"text-align: justify\"><span style=\"font-size: 14pt\"><strong>6.<\/strong> Si transcurridos los tres (3) meses no se hubiere retirado la donaci\u00f3n rechazada, la biblioteca adquiere el derecho de disponer de ese material para realizar canje y\/o donaci\u00f3n con otras instituciones. .<\/span><\/p>\n<p style=\"text-align: justify\"><span style=\"font-size: 14pt\"><strong>7.<\/strong> El donante recibir\u00e1 una nota de agradecimiento en caso de la aceptaci\u00f3n parcial o total de la donaci\u00f3n.<\/span><\/p>\n<p>&nbsp;<\/p>\n<p style=\"text-align: justify\"><span style=\"font-size: 14pt\"><strong>COMPROMISO DE LA BIBLIOTECA ANTE UNA\u00a0<\/strong><b>DONACI\u00d3N<\/b><\/span><\/p>\n<p style=\"text-align: justify\"><span style=\"font-size: 14pt\"><strong>1.\u00a0<\/strong>Albergar la colecci\u00f3n en la biblioteca.<\/span><\/p>\n<p style=\"text-align: justify\"><span style=\"font-size: 14pt\"><strong>2.<\/strong>\u00a0Inventariar los libros para su control.<\/span><\/p>\n<p style=\"text-align: justify\"><span style=\"font-size: 14pt\"><strong>3.<\/strong>\u00a0Catalogar, clasificar e indizar los libros para que ingresen al cat\u00e1logo general (OPAC) de la Biblioteca y puedan\u00a0 recuperarse eficazmente a trav\u00e9s de las b\u00fasquedas simples y\/o avanzadas.<\/span><\/p>\n<p style=\"text-align: justify\"><span style=\"font-size: 14pt\"><strong>4.<\/strong>\u00a0El material bibliogr\u00e1fico aceptado se ubicar\u00e1 seg\u00fan criterios normalizados de clasificaci\u00f3n e indizaci\u00f3n, establecidos para la organizaci\u00f3n y ubicaci\u00f3n de los materiales bibliogr\u00e1ficos en sus respectivas secciones.<\/span><\/p>\n<p style=\"text-align: justify\"><span style=\"font-size: 14pt\"><strong>5.<\/strong>\u00a0Preparar f\u00edsicamente las obras para el\u00a0 pr\u00e9stamo.<\/span><\/p>\n<p style=\"text-align: justify\"><span style=\"font-size: 14pt\"><strong>6.<\/strong>\u00a0Prestar las obras: en sala de lectura de la Biblioteca, a domicilio del usuario, inter-bibliotecario Universitario, al p\u00fablico en general, a trav\u00e9s del pr\u00e9stamo regular o restringido.<\/span><\/p>\n<p style=\"text-align: justify\"><span style=\"font-size: 14pt\"><strong>7.<\/strong>\u00a0Dar un tratamiento especial si la tem\u00e1tica lo amerita, si son\u00a0 ejemplares agotados y \u00fanicos, y\/o si lo requieren los docentes e investigadores<\/span><\/p>\n<p style=\"text-align: justify\"><span style=\"font-size: 14pt\"><strong>8.<\/strong>\u00a0Difundir el material bibliogr\u00e1fico donado en el Bolet\u00edn Mensual de Alertas bibliogr\u00e1ficos de la Biblioteca<\/span><\/p>\n<p style=\"text-align: justify\">\n","protected":false},"excerpt":{"rendered":"<div class=\"entry-summary\">\n1. El donante presentar\u00e1 un\u00a0formulario\u00a0que deber\u00e1 llenar con sus datos personales y con informaci\u00f3n de los libros a ser donados.&hellip;\n<\/div>\n<div class=\"link-more\"><a href=\"https:\/\/ffyh.unc.edu.ar\/biblioteca\/procedimiento-de-donacion\/\" class=\"more-link\">Continuar leyendo<span class=\"screen-reader-text\"> &ldquo;PROCEDIMIENTO DE DONACI\u00d3N&rdquo;<\/span>&hellip;<\/a><\/div>\n","protected":false},"author":7,"featured_media":0,"parent":0,"menu_order":0,"comment_status":"closed","ping_status":"closed","template":"","meta":{"_acf_changed":false,"jetpack_post_was_ever_published":false,"footnotes":""},"class_list":["post-2288","page","type-page","status-publish","hentry","entry"],"acf":[],"jetpack_shortlink":"https:\/\/wp.me\/P9UJM9-AU","jetpack-related-posts":[],"jetpack_sharing_enabled":true,"_links":{"self":[{"href":"https:\/\/ffyh.unc.edu.ar\/biblioteca\/wp-json\/wp\/v2\/pages\/2288","targetHints":{"allow":["GET"]}}],"collection":[{"href":"https:\/\/ffyh.unc.edu.ar\/biblioteca\/wp-json\/wp\/v2\/pages"}],"about":[{"href":"https:\/\/ffyh.unc.edu.ar\/biblioteca\/wp-json\/wp\/v2\/types\/page"}],"author":[{"embeddable":true,"href":"https:\/\/ffyh.unc.edu.ar\/biblioteca\/wp-json\/wp\/v2\/users\/7"}],"replies":[{"embeddable":true,"href":"https:\/\/ffyh.unc.edu.ar\/biblioteca\/wp-json\/wp\/v2\/comments?post=2288"}],"version-history":[{"count":5,"href":"https:\/\/ffyh.unc.edu.ar\/biblioteca\/wp-json\/wp\/v2\/pages\/2288\/revisions"}],"predecessor-version":[{"id":2749,"href":"https:\/\/ffyh.unc.edu.ar\/biblioteca\/wp-json\/wp\/v2\/pages\/2288\/revisions\/2749"}],"wp:attachment":[{"href":"https:\/\/ffyh.unc.edu.ar\/biblioteca\/wp-json\/wp\/v2\/media?parent=2288"}],"curies":[{"name":"wp","href":"https:\/\/api.w.org\/{rel}","templated":true}]}}