{"id":3227,"date":"2019-05-09T16:15:41","date_gmt":"2019-05-09T16:15:41","guid":{"rendered":"http:\/\/ffyh.unc.edu.ar\/biblioteca\/?page_id=3227"},"modified":"2021-02-02T18:11:53","modified_gmt":"2021-02-02T18:11:53","slug":"aguad-susana","status":"publish","type":"page","link":"https:\/\/ffyh.unc.edu.ar\/biblioteca\/escritores-de-cordoba\/aguad-susana\/","title":{"rendered":"Aguad, Susana"},"content":{"rendered":"<p><span style=\"color: #000000\">Naci\u00f3 en Villa Tulumba (Dpto. Tulumba), en el a\u00f1o 1944. Egres\u00f3 de la Facultad de Derecho, UNCba., como abogada. Milit\u00f3 en el Partido Comunista hasta 1968.<\/span><\/p>\n<p><span style=\"color: #000000\">\u00a0Su inicio en las letras data de 1970, cuando publica con la gente de \u201cEl Taller del Escritor\u201d, (entre ellos, Daniel Moyano) <em>Memorias de peque\u00f1os hombres<\/em>. Particip\u00f3 de la formaci\u00f3n del Partido Comunista Revolucionario, y ejerce como abogada de los sindicatos clasistas y combativos donde ese partido ten\u00eda inserci\u00f3n gremial, particularmente en el SMATA de C\u00f3rdoba. Comprometida en la defensa de presos pol\u00edticos, para quienes presentaba los <em>habeas corpus<\/em> sin distinci\u00f3n de pertenencia, se gan\u00f3 el respeto de amplios sectores de la vida pol\u00edtica cordobesa. En 1969, embarazada, estuvo seis meses detenida durante \u201cEl Cordobazo\u201d. Entre 1974 y 1976 es detenida nuevamente (en Devoto) y poco antes del golpe de estado, parte a un exilio de ocho a\u00f1os en Francia. Instalada en Paris, trabaj\u00f3 en la MRAP, movimiento franc\u00e9s contra el racismo, el antisemitismo y por la amistad entre los pueblos. Al regresar al pa\u00eds en 1984, se radic\u00f3 en Buenos Aires, se integr\u00f3 a la flamante CONADEP y particip\u00f3 en la elaboraci\u00f3n del informe \u201cNunca M\u00e1s\u201d.<\/span><\/p>\n<p><span style=\"color: #000000\">Ejerci\u00f3 como docente de ense\u00f1anza media. Desarroll\u00f3 una importante y fecunda carrera literaria como narradora. Obtuvo numerosos premios y distinciones por su obra. Sus cuentos est\u00e1n en antolog\u00edas internacionales. Falleci\u00f3 en Buenos Aires, el 9 de junio de 2018.<\/span><\/p>\n<h3><span style=\"color: #000000\">Publicaciones<\/span><\/h3>\n<ul>\n<li><span style=\"color: #000000\"><em>Mundo peligroso<\/em>, 1989 \u2013cuentos-y<\/span><\/li>\n<li><span style=\"color: #000000\"><em>Herrumbre y oro<\/em>, 1992) y<\/span><\/li>\n<li><span style=\"color: #000000\"><em>Detr\u00e1s del muro<\/em>, 1999).<\/span><\/li>\n<li><span style=\"color: #000000\"><em>Extra\u00f1a Europa<\/em>, 2002), -cuentos-<\/span><\/li>\n<li><span style=\"color: #000000\"><em>Ayer<\/em>, 2006<\/span><\/li>\n<li><span style=\"color: #000000\"><em>Jard\u00edn nocturno<\/em>, 2008<\/span><\/li>\n<li><span style=\"color: #000000\"><em>Infidelidad<\/em>, 2012<\/span><\/li>\n<li><span style=\"color: #000000\"><em>Los n\u00e1ufragos<\/em>, 2015<\/span><\/li>\n<li><span style=\"color: #000000\"><em>El cruce del salado<\/em>, 2016<\/span><\/li>\n<\/ul>\n<p><span style=\"color: #000000\">Links<\/span><\/p>\n<p><span style=\"color: #000000\">Chas, Susana: <a href=\"https:\/\/catalogo.biblio.unc.edu.ar\/Search\/Results?lookfor=las+nuestras.+entrevista+con+9+novelistas&amp;type=Title&amp;limit=20&amp;sort=relevance\"><em>Las nuestras. Entrevistas a nueve novelistas de C\u00f3rdoba<\/em><\/a>. C\u00f3rdoba. Marcos Lerner Editora, 1994<\/span><\/p>\n<p><a href=\"https:\/\/catalogo.biblio.unc.edu.ar\/Search\/Results?lookfor=Los+que+pintan+la+Aldea+II+panorama+general+de+la+novela+en+C%C3%B3rdoba&amp;type=Title&amp;limit=20&amp;sort=relevance\"><em>Los que pintan la aldea II<\/em><\/a>. Villa Mar\u00eda, Eduvim, 2011.<\/p>\n<p>&nbsp;<\/p>\n<p style=\"text-align: right\"><a href=\"http:\/\/ffyh.unc.edu.ar\/biblioteca\/escritores-de-cordoba\/\">volver<\/a><\/p>\n","protected":false},"excerpt":{"rendered":"<div class=\"entry-summary\">\nNaci\u00f3 en Villa Tulumba (Dpto. Tulumba), en el a\u00f1o 1944. Egres\u00f3 de la Facultad de Derecho, UNCba., como abogada. Milit\u00f3&hellip;\n<\/div>\n<div class=\"link-more\"><a href=\"https:\/\/ffyh.unc.edu.ar\/biblioteca\/escritores-de-cordoba\/aguad-susana\/\" class=\"more-link\">Continuar leyendo<span class=\"screen-reader-text\"> &ldquo;Aguad, Susana&rdquo;<\/span>&hellip;<\/a><\/div>\n","protected":false},"author":7,"featured_media":0,"parent":3221,"menu_order":0,"comment_status":"closed","ping_status":"closed","template":"","meta":{"_acf_changed":false,"jetpack_post_was_ever_published":false,"footnotes":""},"class_list":["post-3227","page","type-page","status-publish","hentry","entry"],"acf":[],"jetpack_shortlink":"https:\/\/wp.me\/P9UJM9-Q3","jetpack-related-posts":[],"jetpack_sharing_enabled":true,"_links":{"self":[{"href":"https:\/\/ffyh.unc.edu.ar\/biblioteca\/wp-json\/wp\/v2\/pages\/3227","targetHints":{"allow":["GET"]}}],"collection":[{"href":"https:\/\/ffyh.unc.edu.ar\/biblioteca\/wp-json\/wp\/v2\/pages"}],"about":[{"href":"https:\/\/ffyh.unc.edu.ar\/biblioteca\/wp-json\/wp\/v2\/types\/page"}],"author":[{"embeddable":true,"href":"https:\/\/ffyh.unc.edu.ar\/biblioteca\/wp-json\/wp\/v2\/users\/7"}],"replies":[{"embeddable":true,"href":"https:\/\/ffyh.unc.edu.ar\/biblioteca\/wp-json\/wp\/v2\/comments?post=3227"}],"version-history":[{"count":8,"href":"https:\/\/ffyh.unc.edu.ar\/biblioteca\/wp-json\/wp\/v2\/pages\/3227\/revisions"}],"predecessor-version":[{"id":4494,"href":"https:\/\/ffyh.unc.edu.ar\/biblioteca\/wp-json\/wp\/v2\/pages\/3227\/revisions\/4494"}],"up":[{"embeddable":true,"href":"https:\/\/ffyh.unc.edu.ar\/biblioteca\/wp-json\/wp\/v2\/pages\/3221"}],"wp:attachment":[{"href":"https:\/\/ffyh.unc.edu.ar\/biblioteca\/wp-json\/wp\/v2\/media?parent=3227"}],"curies":[{"name":"wp","href":"https:\/\/api.w.org\/{rel}","templated":true}]}}