{"id":3287,"date":"2019-05-20T16:13:39","date_gmt":"2019-05-20T16:13:39","guid":{"rendered":"http:\/\/ffyh.unc.edu.ar\/biblioteca\/?page_id=3287"},"modified":"2022-05-16T17:20:47","modified_gmt":"2022-05-16T17:20:47","slug":"aran-artemio","status":"publish","type":"page","link":"https:\/\/ffyh.unc.edu.ar\/biblioteca\/escritores-de-cordoba\/aran-artemio\/","title":{"rendered":"Ar\u00e1n, Artemio"},"content":{"rendered":"<p><span style=\"color: #000000\">Naci\u00f3 en San Pedro, provincia de Buenos Aires el 11 de noviembre de 1898 y falleci\u00f3 en 1985 en la ciudad de Santiago del Estero. De formaci\u00f3n autodidacta. Hijo de un catal\u00e1n ilustrado que conoc\u00eda Paris y admiraba a Cervantes, se destac\u00f3 como poeta, escritor y pintor. Contando con doce a\u00f1os de edad, public\u00f3 uno de sus primeros art\u00edculos de car\u00e1cter pol\u00e9mico en el diario \u201cEl Constitucional\u201d, de Coronda, en Santa Fe. Afiliado al Partido socialista, fue candidato a gobernador de C\u00f3rdoba. Por su prolongada residencia en la ciudad de Bell Ville, C\u00f3rdoba, es considerado hijo adoptivo de la misma.<\/span><\/p>\n<p><span style=\"color: #000000\">En pintura, cultiv\u00f3 el paisaje. Realiz\u00f3 una vasta actividad de conferencista sobre temas de arte y de literatura. Expuso sus obras individualmente en el Club Social de Rafaela, Galer\u00eda Paolantonio de San Francisco, C\u00edrculo de Periodistas de Mendoza, Sal\u00f3n \u201cLa Pe\u00f1a\u201d del Bell Ville, la Biblioteca \u201cAlmafuerte\u201d de Las Varillas y la Galer\u00eda \u201cArgentina\u201d de Buenos Aires en diversas ocasiones. Particip\u00f3 en salones provinciales y municipales como el \u201cOto\u00f1o\u201d de Rosario, \u201cPrimavera\u201d de Mendoza, el Municipal de San Francisco y el de Villa Mar\u00eda, C\u00f3rdoba, entre otros, en distintas fechas. Obtuvo, entre otros, el Segundo Premio en el Sal\u00f3n de Villa Mar\u00eda en 1952.<\/span><\/p>\n<h3><span style=\"color: #000000\">Publicaciones<\/span><\/h3>\n<ul>\n<li><span style=\"color: #000000\"><em>\u00a1Pampa!,<\/em> 1937<\/span><\/li>\n<li><span style=\"color: #000000\"><em>Querencia,<\/em> 1944<\/span><\/li>\n<li><span style=\"color: #000000\"><em><a href=\"http:\/\/bmayor.biblio.unc.edu.ar\/\/cgi-bin\/koha\/opac-detail.pl?biblionumber=28124\">Trashoguero<\/a>,<\/em> 1977<\/span><\/li>\n<li><span style=\"color: #000000\"><em>Mi pueblito: cuentos<\/em>, 1983<\/span><\/li>\n<\/ul>\n<h3><span style=\"color: #000000\">Bibliograf\u00eda<\/span><\/h3>\n<ul>\n<li><span style=\"color: #000000\">Lo Celso, \u00c1ngel: <a href=\"https:\/\/catalogo.biblio.unc.edu.ar\/Search\/Results?lookfor=Lo+Celso%2C+Angel%3A+Cincuenta+A%C3%B1os+de+Arte+Pl%C3%A1stico+en+C%C3%B3rdoba&amp;type=AllFields&amp;filter%5B%5D=format%3A%22Book%22&amp;limit=20&amp;sort=relevance\"><em>Cincuenta A\u00f1os de Arte Pl\u00e1stico en C\u00f3rdoba<\/em><\/a>. C\u00f3rdoba, Ediciones del Banco de la Provincia de C\u00f3rdoba 1973<\/span><\/li>\n<li><span style=\"color: #000000\">Osorio, Griselda<em>: <a style=\"color: #000000\" href=\"http:\/\/artes.biblio.unc.edu.ar\/\/cgi-bin\/koha\/opac-detail.pl?biblionumber=6644\">Artemio Ar\u00e1n<\/a>. C\u00f3rdoba, 1979.<\/em><\/span><\/li>\n<li><span style=\"color: #000000\">Ar\u00e1n de Meriles, Pampa: \u201c<em><a href=\"http:\/\/artes.biblio.unc.edu.ar\/\/cgi-bin\/koha\/opac-detail.pl?biblionumber=6644\">Artemio Ar\u00e1n, escritor<\/a><\/em>\u201d. En \u201c<em>Gu\u00eda de C\u00f3rdoba Cultural<\/em>\u201d C\u00f3rdoba, Subsecretar\u00eda de Cultura de la Municipalidad de C\u00f3rdoba, diciembre de 1982, nro. 17, p\u00e1ginas 115-20<\/span><\/li>\n<\/ul>\n<p style=\"text-align: right\"><a href=\"http:\/\/ffyh.unc.edu.ar\/biblioteca\/escritores-de-cordoba\/\">volver<\/a><\/p>\n","protected":false},"excerpt":{"rendered":"<div class=\"entry-summary\">\nNaci\u00f3 en San Pedro, provincia de Buenos Aires el 11 de noviembre de 1898 y falleci\u00f3 en 1985 en la&hellip;\n<\/div>\n<div class=\"link-more\"><a href=\"https:\/\/ffyh.unc.edu.ar\/biblioteca\/escritores-de-cordoba\/aran-artemio\/\" class=\"more-link\">Continuar leyendo<span class=\"screen-reader-text\"> &ldquo;Ar\u00e1n, Artemio&rdquo;<\/span>&hellip;<\/a><\/div>\n","protected":false},"author":7,"featured_media":0,"parent":3221,"menu_order":0,"comment_status":"closed","ping_status":"closed","template":"","meta":{"_acf_changed":false,"jetpack_post_was_ever_published":false,"footnotes":""},"class_list":["post-3287","page","type-page","status-publish","hentry","entry"],"acf":[],"jetpack_shortlink":"https:\/\/wp.me\/P9UJM9-R1","jetpack-related-posts":[],"jetpack_sharing_enabled":true,"_links":{"self":[{"href":"https:\/\/ffyh.unc.edu.ar\/biblioteca\/wp-json\/wp\/v2\/pages\/3287","targetHints":{"allow":["GET"]}}],"collection":[{"href":"https:\/\/ffyh.unc.edu.ar\/biblioteca\/wp-json\/wp\/v2\/pages"}],"about":[{"href":"https:\/\/ffyh.unc.edu.ar\/biblioteca\/wp-json\/wp\/v2\/types\/page"}],"author":[{"embeddable":true,"href":"https:\/\/ffyh.unc.edu.ar\/biblioteca\/wp-json\/wp\/v2\/users\/7"}],"replies":[{"embeddable":true,"href":"https:\/\/ffyh.unc.edu.ar\/biblioteca\/wp-json\/wp\/v2\/comments?post=3287"}],"version-history":[{"count":7,"href":"https:\/\/ffyh.unc.edu.ar\/biblioteca\/wp-json\/wp\/v2\/pages\/3287\/revisions"}],"predecessor-version":[{"id":4945,"href":"https:\/\/ffyh.unc.edu.ar\/biblioteca\/wp-json\/wp\/v2\/pages\/3287\/revisions\/4945"}],"up":[{"embeddable":true,"href":"https:\/\/ffyh.unc.edu.ar\/biblioteca\/wp-json\/wp\/v2\/pages\/3221"}],"wp:attachment":[{"href":"https:\/\/ffyh.unc.edu.ar\/biblioteca\/wp-json\/wp\/v2\/media?parent=3287"}],"curies":[{"name":"wp","href":"https:\/\/api.w.org\/{rel}","templated":true}]}}