{"id":3299,"date":"2019-05-20T17:23:10","date_gmt":"2019-05-20T17:23:10","guid":{"rendered":"http:\/\/ffyh.unc.edu.ar\/biblioteca\/?page_id=3299"},"modified":"2022-05-09T19:48:24","modified_gmt":"2022-05-09T19:48:24","slug":"arevalo-susana","status":"publish","type":"page","link":"https:\/\/ffyh.unc.edu.ar\/biblioteca\/escritores-de-cordoba\/arevalo-susana\/","title":{"rendered":"Ar\u00e9valo, Susana"},"content":{"rendered":"<p><span style=\"color: #000000\">Naci\u00f3 en C\u00f3rdoba en 1952. Poeta y arquitecta. Particip\u00f3 de los talleres de la SADE Filial C\u00f3rdoba, y ha sido integrante del grupo \u00abRa\u00edz y palabra\u00bb. Su obra fue reconocida con premios y distinciones, entre ellos, el Segundo premio Luis de Tejeda en G\u00e9nero Poes\u00eda por su libro <em>D\u00e9dalo<\/em>. Algunos de sus textos han integrado antolog\u00edas. Coordin\u00f3 talleres literarios.<\/span><\/p>\n<h3><span style=\"color: #000000\">Publicaciones<\/span><\/h3>\n<ul>\n<li><span style=\"color: #000000\"><em>Cenotafio, <\/em>1987<\/span><\/li>\n<li><span style=\"color: #000000\"><em><a href=\"http:\/\/bmayor.biblio.unc.edu.ar\/\/cgi-bin\/koha\/opac-detail.pl?biblionumber=38415\">Libro de an\u00e9mona<\/a>, <\/em>1997<\/span><\/li>\n<li><span style=\"color: #000000\"><em>Macrocosmos, 1998<\/em><\/span><\/li>\n<li><span style=\"color: #000000\"><em><a href=\"http:\/\/bmayor.biblio.unc.edu.ar\/\/cgi-bin\/koha\/opac-detail.pl?biblionumber=4999\">D\u00e9dalo<\/a>, <\/em>1999<\/span><\/li>\n<li><span style=\"color: #000000\"><em>El Texto es el tatuaje<\/em>, 2002<\/span><\/li>\n<li><span style=\"color: #000000\"><em>Poemas \/<\/em><em> Po\u00e8mes<\/em><em>, 2003<\/em><\/span><\/li>\n<\/ul>\n<p>&nbsp;<\/p>\n<h3><span style=\"color: #000000\">Bibliograf\u00eda<\/span><\/h3>\n<ul>\n<li><span style=\"color: #000000\">Eguia, Bibiana: \u201cClaves de acceso a la Literatura de C\u00f3rdoba durante la transici\u00f3n democr\u00e1tica (1982-1989)\u201d en\u00a0 En Barcellona, M; Curetti, Sandra: <em>Memoria, Literatura y Pol\u00edtica en C\u00f3rdoba durante la transici\u00f3n democr\u00e1tica<\/em>. C\u00f3rdoba, Eduvim, 2011, p\u00e1g. 33-62.<\/span><\/li>\n<li><span style=\"color: #000000\">Teatro por la identidad: \u201cLa pisada del unicornio. Literatura y m\u00fasica en la C\u00f3rdoba de los 80.\u201d\u00a0<\/span><\/li>\n<li><span style=\"color: #000000\">Vega, Virginia: \u201c<a href=\"https:\/\/catalogo.biblio.unc.edu.ar\/Search\/Results?lookfor=confines+de+la+mirada.Un+espacio+para+la+literatura+de+C%C3%B3rdoba&amp;type=Title&amp;limit=20&amp;sort=year+asc\">Una aventura literaria. Un tour por el laberinto de Susana Ar\u00e9valo<\/a>\u201d en \u201cConfines de la mirada. Un espacio para la literatura de C\u00f3rdoba\u201d Nro. 3, A\u00f1o 2004-2005, p.88-91<\/span><\/li>\n<\/ul>\n<p style=\"text-align: right\"><a href=\"http:\/\/ffyh.unc.edu.ar\/biblioteca\/escritores-de-cordoba\/\">volver<\/a><\/p>\n","protected":false},"excerpt":{"rendered":"<div class=\"entry-summary\">\nNaci\u00f3 en C\u00f3rdoba en 1952. Poeta y arquitecta. Particip\u00f3 de los talleres de la SADE Filial C\u00f3rdoba, y ha sido&hellip;\n<\/div>\n<div class=\"link-more\"><a href=\"https:\/\/ffyh.unc.edu.ar\/biblioteca\/escritores-de-cordoba\/arevalo-susana\/\" class=\"more-link\">Continuar leyendo<span class=\"screen-reader-text\"> &ldquo;Ar\u00e9valo, Susana&rdquo;<\/span>&hellip;<\/a><\/div>\n","protected":false},"author":7,"featured_media":0,"parent":3221,"menu_order":0,"comment_status":"closed","ping_status":"closed","template":"","meta":{"_acf_changed":false,"jetpack_post_was_ever_published":false,"footnotes":""},"class_list":["post-3299","page","type-page","status-publish","hentry","entry"],"acf":[],"jetpack_shortlink":"https:\/\/wp.me\/P9UJM9-Rd","jetpack-related-posts":[],"jetpack_sharing_enabled":true,"_links":{"self":[{"href":"https:\/\/ffyh.unc.edu.ar\/biblioteca\/wp-json\/wp\/v2\/pages\/3299","targetHints":{"allow":["GET"]}}],"collection":[{"href":"https:\/\/ffyh.unc.edu.ar\/biblioteca\/wp-json\/wp\/v2\/pages"}],"about":[{"href":"https:\/\/ffyh.unc.edu.ar\/biblioteca\/wp-json\/wp\/v2\/types\/page"}],"author":[{"embeddable":true,"href":"https:\/\/ffyh.unc.edu.ar\/biblioteca\/wp-json\/wp\/v2\/users\/7"}],"replies":[{"embeddable":true,"href":"https:\/\/ffyh.unc.edu.ar\/biblioteca\/wp-json\/wp\/v2\/comments?post=3299"}],"version-history":[{"count":4,"href":"https:\/\/ffyh.unc.edu.ar\/biblioteca\/wp-json\/wp\/v2\/pages\/3299\/revisions"}],"predecessor-version":[{"id":4912,"href":"https:\/\/ffyh.unc.edu.ar\/biblioteca\/wp-json\/wp\/v2\/pages\/3299\/revisions\/4912"}],"up":[{"embeddable":true,"href":"https:\/\/ffyh.unc.edu.ar\/biblioteca\/wp-json\/wp\/v2\/pages\/3221"}],"wp:attachment":[{"href":"https:\/\/ffyh.unc.edu.ar\/biblioteca\/wp-json\/wp\/v2\/media?parent=3299"}],"curies":[{"name":"wp","href":"https:\/\/api.w.org\/{rel}","templated":true}]}}