{"id":3380,"date":"2019-06-03T15:43:29","date_gmt":"2019-06-03T15:43:29","guid":{"rendered":"http:\/\/ffyh.unc.edu.ar\/biblioteca\/?page_id=3380"},"modified":"2022-05-16T17:30:27","modified_gmt":"2022-05-16T17:30:27","slug":"cabral-eugenia","status":"publish","type":"page","link":"https:\/\/ffyh.unc.edu.ar\/biblioteca\/escritores-de-cordoba\/cabral-eugenia\/","title":{"rendered":"Cabral, Eugenia"},"content":{"rendered":"<p><span style=\"color: #000000\">Naci\u00f3 el 29 de noviembre de 1954 en la capital cordobesa, donde reside. Es una escritora de importante actuaci\u00f3n en su medio \u00a0y es referente local. Integr\u00f3 el Grupo \u00abRa\u00edz y palabra\u00bb (junto con Hern\u00e1n Jaeggi, Susana Ar\u00e9valo, Livia Hidalgo, Carlos Garro Aguilar y C\u00e9sar Vargas), desde su inicio en 1981. Estuvo a cargo de la selecci\u00f3n y el pr\u00f3logo de la <em>Poes\u00eda actual de C\u00f3rdoba. Los a\u00f1os 80<\/em>., antolog\u00eda publicada en 1988. Edita la revista \u201cImagin Era, la creaci\u00f3n literaria\u201d desde 1991 y hasta 1993. Colabora en el suplemento de cultura del diario \u201cLa Voz del Interior\u201d. Desde 1988-1992 dirigi\u00f3 el sello de Ediciones Mediterr\u00e1neas, abocado a la difusi\u00f3n de poetas de su provincia (inter\u00e9s que ha privilegiado en numerosas oportunidades). Fue asesora literaria del teatro \u201cLa Cochera\u201d, a mediados de los 90. Ha coordinado talleres literarios en la Universidad Tecnol\u00f3gica Nacional (Facultad Regional C\u00f3rdoba) -1994-, la galer\u00eda de arte Marchiaro -1993-, la Biblioteca Popular \u201cLibertad\u201d -2010 y 2011-, los de las c\u00e1rceles de Villa Mar\u00eda y penitenciar\u00eda de C\u00f3rdoba y en la Biblioteca Provincial para Discapacitados Visuales entre 2010 y 2013. Fue presidenta de la delegaci\u00f3n C\u00f3rdoba de la Sociedad de Escritoras y Escritores de la Argentina (SEA).<\/span><\/p>\n<h3><span style=\"color: #000000\">Publicaciones<\/span><\/h3>\n<ul>\n<li><span style=\"color: #000000\"><em><a href=\"http:\/\/bmayor.biblio.unc.edu.ar\/\/cgi-bin\/koha\/opac-detail.pl?biblionumber=6652\">El Buscador de Soles<\/a>,<\/em> 1986<\/span><\/li>\n<li><span style=\"color: #000000\"><a href=\"https:\/\/catalogo.biblio.unc.edu.ar\/Search\/Results?lookfor=Cabral%2C+Eugenia+Poes%C3%ADa+Actual+de+C%C3%B3rdoba-+Los+a%C3%B1os+%E2%80%9980&amp;type=AllFields&amp;limit=20&amp;sort=relevance\"><em>Poes\u00eda Actual de C\u00f3rdoba- Los a\u00f1os \u201980.<\/em> Pr\u00f3logo y antolog\u00eda a cargo de la autora<\/a>, 1988<\/span><\/li>\n<li><span style=\"color: #000000\"><em>Iras y Fuegos \u2013 Al margen de los tiempos,<\/em> 1996<\/span><\/li>\n<li><span style=\"color: #000000\"><em><a href=\"http:\/\/bmayor.biblio.unc.edu.ar\/\/cgi-bin\/koha\/opac-detail.pl?biblionumber=5029\">La Almohada que no duerme<\/a>,<\/em> 1999<\/span><\/li>\n<li><span style=\"color: #000000\"><em>Cielos y barbaries,<\/em> 2004<\/span><\/li>\n<li><span style=\"color: #000000\"><a href=\"http:\/\/ffyh.biblio.unc.edu.ar\/\/cgi-bin\/koha\/opac-detail.pl?biblionumber=64037\"><em>Un Golpe de Dados<\/em><\/a>, poema de St\u00e9phane Mallarm\u00e9, versi\u00f3n en espa\u00f1ol de Agust\u00edn O. Larrauri, con estudio preliminar a cargo de la autora, 2008<\/span><\/li>\n<li><span style=\"color: #000000\"><em>Tabaco,<\/em> 2009<\/span><\/li>\n<li><span style=\"color: #000000\"><em>En este nombre y en este cuerpo<\/em>, 2012<\/span><\/li>\n<li><span style=\"color: #000000\"><em>La voz m\u00e1s distante,<\/em> 2016.<\/span><\/li>\n<li><span style=\"color: #000000\"><em>Vigilia de un sue\u00f1o. Apuntes sobre Juan Larrea en C\u00f3rdoba, Argentina (1956-1980)<\/em>, 2017<\/span><\/li>\n<\/ul>\n<h3><span style=\"color: #000000\">Bibliograf\u00eda<\/span><\/h3>\n<ul>\n<li><span style=\"color: #000000\">Bustos, Gloria: \u201c<a href=\"https:\/\/catalogo.biblio.unc.edu.ar\/Search\/Results?lookfor=confines+de+la+mirada.Un+espacio+para+la+literatura+de+C%C3%B3rdoba&amp;type=Title&amp;limit=20&amp;sort=year+asc\">Revisando la poes\u00eda de C\u00f3rdoba escrita por mujeres: Mar\u00eda Teresa Andruetto, Silvia Barei, Eugenia Cabral<\/a>\u201d en \u201c<em>Confines de la Mirada. Un espacio para la literatura de C\u00f3rdoba\u201d<\/em>, C\u00f3rdoba, Secyt\/ Esc de Letras, Nro. 4, A\u00f1o 2007, p109-119.<\/span><\/li>\n<li><span style=\"color: #000000\">Casarin, Marcelo; De Olmos, Candelaria y Egu\u00eda, Bibiana: <a href=\"https:\/\/revistas.unc.edu.ar\/index.php\/restudios\/article\/view\/13536\">La literatura de C\u00f3rdoba a trav\u00e9s de algunas antolog\u00edas (1978-2003)<\/a>. Revista \u201cEstudios. Revista del Centro de Estudios Avanzados\u201d Nro. 15, 2004; p 81-93.<\/span><\/li>\n<li><span style=\"color: #000000\">Teatro por la identidad: \u201cLa pisada del unicornio. Literatura y m\u00fasica en la C\u00f3rdoba de los 80.\u201d <\/span><\/li>\n<\/ul>\n<p style=\"text-align: right\"><a href=\"http:\/\/ffyh.unc.edu.ar\/biblioteca\/escritores-de-cordoba\/\">volver<\/a><\/p>\n","protected":false},"excerpt":{"rendered":"<div class=\"entry-summary\">\nNaci\u00f3 el 29 de noviembre de 1954 en la capital cordobesa, donde reside. Es una escritora de importante actuaci\u00f3n en&hellip;\n<\/div>\n<div class=\"link-more\"><a href=\"https:\/\/ffyh.unc.edu.ar\/biblioteca\/escritores-de-cordoba\/cabral-eugenia\/\" class=\"more-link\">Continuar leyendo<span class=\"screen-reader-text\"> &ldquo;Cabral, Eugenia&rdquo;<\/span>&hellip;<\/a><\/div>\n","protected":false},"author":7,"featured_media":0,"parent":3221,"menu_order":0,"comment_status":"closed","ping_status":"closed","template":"","meta":{"_acf_changed":false,"jetpack_post_was_ever_published":false,"footnotes":""},"class_list":["post-3380","page","type-page","status-publish","hentry","entry"],"acf":[],"jetpack_shortlink":"https:\/\/wp.me\/P9UJM9-Sw","jetpack-related-posts":[],"jetpack_sharing_enabled":true,"_links":{"self":[{"href":"https:\/\/ffyh.unc.edu.ar\/biblioteca\/wp-json\/wp\/v2\/pages\/3380","targetHints":{"allow":["GET"]}}],"collection":[{"href":"https:\/\/ffyh.unc.edu.ar\/biblioteca\/wp-json\/wp\/v2\/pages"}],"about":[{"href":"https:\/\/ffyh.unc.edu.ar\/biblioteca\/wp-json\/wp\/v2\/types\/page"}],"author":[{"embeddable":true,"href":"https:\/\/ffyh.unc.edu.ar\/biblioteca\/wp-json\/wp\/v2\/users\/7"}],"replies":[{"embeddable":true,"href":"https:\/\/ffyh.unc.edu.ar\/biblioteca\/wp-json\/wp\/v2\/comments?post=3380"}],"version-history":[{"count":6,"href":"https:\/\/ffyh.unc.edu.ar\/biblioteca\/wp-json\/wp\/v2\/pages\/3380\/revisions"}],"predecessor-version":[{"id":4951,"href":"https:\/\/ffyh.unc.edu.ar\/biblioteca\/wp-json\/wp\/v2\/pages\/3380\/revisions\/4951"}],"up":[{"embeddable":true,"href":"https:\/\/ffyh.unc.edu.ar\/biblioteca\/wp-json\/wp\/v2\/pages\/3221"}],"wp:attachment":[{"href":"https:\/\/ffyh.unc.edu.ar\/biblioteca\/wp-json\/wp\/v2\/media?parent=3380"}],"curies":[{"name":"wp","href":"https:\/\/api.w.org\/{rel}","templated":true}]}}