{"id":3394,"date":"2019-06-03T16:47:22","date_gmt":"2019-06-03T16:47:22","guid":{"rendered":"http:\/\/ffyh.unc.edu.ar\/biblioteca\/?page_id=3394"},"modified":"2021-02-05T18:18:57","modified_gmt":"2021-02-05T18:18:57","slug":"capdevila-arturo","status":"publish","type":"page","link":"https:\/\/ffyh.unc.edu.ar\/biblioteca\/escritores-de-cordoba\/capdevila-arturo\/","title":{"rendered":"Capdevila, Arturo"},"content":{"rendered":"<p><span style=\"color: #000000\">Nace en la capital de C\u00f3rdoba el 14 de marzo de 1889 donde vive hasta los 22 a\u00f1os. Muere en Buenos Aires, en diciembre de 1967. Hace la carrera de Abogac\u00eda en la Facultad de Derecho (UNCba), y realiza una gran carrera como camarista y Juez. Por motivos profesionales, se radica en Buenos Aires donde hace contactos con los intelectuales y creadores prestigiosos de la \u00e9poca. Se dedica a la docencia (en C\u00f3rdoba, La Plata y Buenos Aires). Sus intereses literarios abarcan el espectro de los de un humanista en el sentido espec\u00edfico del t\u00e9rmino: todo lo concerniente al hombre: Derecho, Historia y tambi\u00e9n Medicina (escribi\u00f3 un ensayo sobre la lepra, adem\u00e1s de cursar la carrera) o cuestiones de lenguaje y Literatura. Fue premio Nacional de Literatura en el a\u00f1o 1922. Fue miembro de la SADE, la Academia Argentina de Letras y Miembro Correspondiente de la Real Academia Espa\u00f1ola de la Lengua. Autor prol\u00edfico, sus numerosos t\u00edtulos tuvieron ediciones de grandes tiradas, por lo cual, Capdevila goz\u00f3 de una gran difusi\u00f3n. Instal\u00f3 el primer Consultorio Gramatical de Urgencia.<\/span><\/p>\n<p><span style=\"color: #000000\">Este escritor es quien inaugura la imagen y el apelativo de \u201cC\u00f3rdoba azul\u201d.<\/span><\/p>\n<h3><span style=\"color: #000000\">Publicaciones<\/span><\/h3>\n<h4><span style=\"color: #000000\">Relatos y cr\u00f3nicas<\/span><\/h4>\n<ul>\n<li><span style=\"color: #000000\"><a href=\"https:\/\/catalogo.biblio.unc.edu.ar\/Search\/Results?lookfor=Capdevila%2C+Arturo+C%C3%B3rdoba+del+recuerdo&amp;type=AllFields&amp;filter%5B%5D=format%3A%22Book%22&amp;limit=20&amp;sort=relevance\"><em>C\u00f3rdoba del recuerdo<\/em><\/a>, 1923<\/span><\/li>\n<li><span style=\"color: #000000\"><a href=\"https:\/\/catalogo.biblio.unc.edu.ar\/Search\/Results?lookfor=Capdevila%2C+Arturo+La+ciudad+de+los+sue%C3%B1os&amp;type=AllFields&amp;filter%5B%5D=format%3A%22Book%22&amp;limit=20&amp;sort=relevance\"><em>La ciudad de los sue\u00f1os<\/em><\/a>, 1925<\/span><\/li>\n<li><span style=\"color: #000000\"><a href=\"https:\/\/catalogo.biblio.unc.edu.ar\/Search\/Results?lookfor=Capdevila%2C+Arturo+Tierra+m%C3%ADa.+La+tierra+y+su+alma&amp;type=AllFields&amp;filter%5B%5D=format%3A%22Book%22&amp;limit=20&amp;sort=relevance\"><em>Tierra m\u00eda. La tierra y su alma<\/em><\/a>, 1934<\/span><\/li>\n<li><span style=\"color: #000000\"><a href=\"https:\/\/catalogo.biblio.unc.edu.ar\/Search\/Results?lookfor=Capdevila%2C+Arturo+Cronicones+alegres+de+C%C3%B3rdoba&amp;type=AllFields&amp;filter%5B%5D=format%3A%22Book%22&amp;limit=20&amp;sort=relevance\"><em>Cronicones alegres de C\u00f3rdoba<\/em><\/a>, 1960<\/span><\/li>\n<li><span style=\"color: #000000\"><a href=\"https:\/\/catalogo.biblio.unc.edu.ar\/Search\/Results?lookfor=Capdevila%2C+Arturo+Alta+memoria&amp;type=AllFields&amp;filter%5B%5D=format%3A%22Book%22&amp;limit=20&amp;sort=relevance\"><em>Alta memoria<\/em><\/a>, 1961<\/span><\/li>\n<li><span style=\"color: #000000\"><a href=\"http:\/\/ffyh.biblio.unc.edu.ar\/\/cgi-bin\/koha\/opac-detail.pl?biblionumber=58082\"><em>Cronicones dolientes de C\u00f3rdoba<\/em><\/a>, 1963<\/span><\/li>\n<li><span style=\"color: #000000\"><a href=\"https:\/\/catalogo.biblio.unc.edu.ar\/Search\/Results?lookfor=Capdevila%2C+Arturo+Alma+de+C%C3%B3rdoba&amp;type=AllFields&amp;filter%5B%5D=format%3A%22Book%22&amp;limit=20&amp;sort=relevance\"><em>Alma de C\u00f3rdoba<\/em><\/a>, 1966<\/span><\/li>\n<\/ul>\n<h4><span style=\"color: #000000\">Poes\u00eda<\/span><\/h4>\n<ul>\n<li><span style=\"color: #000000\"><em><a href=\"http:\/\/monserrat.biblio.unc.edu.ar\/\/cgi-bin\/koha\/opac-detail.pl?biblionumber=1927\">Jardines Solos<\/a> , <\/em>1911<\/span><\/li>\n<li><span style=\"color: #000000\"><a href=\"https:\/\/catalogo.biblio.unc.edu.ar\/Search\/Results?lookfor=Capdevila%2C+Arturo+El+libro+de+la+noche&amp;type=AllFields&amp;filter%5B%5D=format%3A%22Book%22&amp;limit=20&amp;sort=relevance\"><em>El libro de la noche<\/em><\/a>, 1911<\/span><\/li>\n<li><span style=\"color: #000000\"><a href=\"https:\/\/catalogo.biblio.unc.edu.ar\/Search\/Results?lookfor=Capdevila%2C+Arturo+Melp%C3%B3mene&amp;type=AllFields&amp;filter%5B%5D=format%3A%22Book%22&amp;limit=20&amp;sort=relevance\"><em>Melp\u00f3mene<\/em><\/a> , 1912<\/span><\/li>\n<li><span style=\"color: #000000\"><a href=\"http:\/\/monserrat.biblio.unc.edu.ar\/\/cgi-bin\/koha\/opac-detail.pl?biblionumber=1924\"><em>El poema a Nen\u00fafar<\/em><\/a> , 1915<\/span><\/li>\n<li><span style=\"color: #000000\"><a href=\"http:\/\/bmayor.biblio.unc.edu.ar\/\/cgi-bin\/koha\/opac-detail.pl?biblionumber=16726\"><em>La fiesta del mundo<\/em><\/a> , 1921<\/span><\/li>\n<li><span style=\"color: #000000\"><em>El tiempo que se fue<\/em> , 1926<\/span><\/li>\n<li><span style=\"color: #000000\"><em><a href=\"https:\/\/catalogo.biblio.unc.edu.ar\/Search\/Results?lookfor=Capdevila%2C+Arturo+cordoba+azul&amp;type=AllFields&amp;filter%5B%5D=format%3A%22Book%22&amp;limit=20&amp;sort=relevance\">C\u00f3rdoba azul<\/a>, <\/em>1940<\/span><\/li>\n<li><em><a href=\"http:\/\/bmayor.biblio.unc.edu.ar\/\/cgi-bin\/koha\/opac-detail.pl?biblionumber=3918\">Canciones de la tarde<\/a>, 1941<\/em><\/li>\n<li><span style=\"color: #000000\"><em><a href=\"https:\/\/catalogo.biblio.unc.edu.ar\/Search\/Results?lookfor=Capdevila%2C+Arturo+El+libro+del+bosque&amp;type=AllFields&amp;filter%5B%5D=format%3A%22Book%22&amp;limit=20&amp;sort=relevance\">El libro del bosque<\/a>,<\/em> 1948<\/span><\/li>\n<li><em><a href=\"https:\/\/catalogo.biblio.unc.edu.ar\/Search\/Results?lookfor=Capdevila%2C+Arturo+Primera+antolog%C3%ADa+de+mis+versos&amp;type=AllFields&amp;filter%5B%5D=format%3A%22Book%22&amp;limit=20&amp;sort=relevance\">Primera antolog\u00eda de mis versos<\/a>,<\/em> 1951<\/li>\n<li><span style=\"color: #000000\"><a href=\"https:\/\/catalogo.biblio.unc.edu.ar\/Search\/Results?lookfor=Capdevila%2C+Arturo+Oto%C3%B1o+en+flor%2C+&amp;type=AllFields&amp;filter%5B%5D=format%3A%22Book%22&amp;limit=20&amp;sort=relevance\"><em>Oto\u00f1o en flor<\/em><\/a> , 1952<\/span><\/li>\n<\/ul>\n<h4><span style=\"color: #000000\">Teatro<\/span><\/h4>\n<ul>\n<li><span style=\"color: #000000\"><a href=\"https:\/\/catalogo.biblio.unc.edu.ar\/Search\/Results?lookfor=Capdevila%2C+Arturo+La+Sulamita&amp;type=AllFields&amp;filter%5B%5D=format%3A%22Book%22&amp;limit=20&amp;sort=relevance\"><em>La Sulamita<\/em><\/a> , 1916<\/span><\/li>\n<li><span style=\"color: #000000\"><em><a href=\"http:\/\/monserrat.biblio.unc.edu.ar\/\/cgi-bin\/koha\/opac-detail.pl?biblionumber=1918\">El amor de Scherezada<\/a>, <\/em>1922<\/span><\/li>\n<li><span style=\"color: #000000\"><a href=\"http:\/\/ffyh.biblio.unc.edu.ar\/\/cgi-bin\/koha\/opac-detail.pl?biblionumber=10364\"><em>Zincal\u00ed<\/em><\/a>, 1927<\/span><\/li>\n<li><span style=\"color: #000000\"><em><a href=\"http:\/\/bmayor.biblio.unc.edu.ar\/\/cgi-bin\/koha\/opac-detail.pl?biblionumber=15266\">La casa de los fantasmas<\/a>, <\/em>1926<\/span><\/li>\n<li><span style=\"color: #000000\"><a href=\"https:\/\/catalogo.biblio.unc.edu.ar\/Search\/Results?lookfor=Capdevila%2C+Arturo+El+divino+marqu%C3%A9s&amp;type=AllFields&amp;filter%5B%5D=format%3A%22Book%22&amp;limit=20&amp;sort=relevance\"><em>El divino marqu\u00e9s<\/em>,<\/a> 1930<\/span><\/li>\n<li><span style=\"color: #000000\"><a href=\"http:\/\/bmayor.biblio.unc.edu.ar\/\/cgi-bin\/koha\/opac-detail.pl?biblionumber=16300\"><em>Branca D\u2019Oria<\/em><\/a> , 1932<\/span><\/li>\n<li><span style=\"color: #000000\"><em>Cuando el vals y los lanceros, <\/em>1937<\/span><\/li>\n<li><span style=\"color: #000000\"><em><a href=\"https:\/\/catalogo.biblio.unc.edu.ar\/Search\/Results?lookfor=Capdevila%2C+Arturo+Consumaci%C3%B3n+de+Sigmund+Freud&amp;type=AllFields&amp;filter%5B%5D=format%3A%22Book%22&amp;limit=20&amp;sort=relevance\">Consumaci\u00f3n de Sigmund Freud<\/a>, <\/em>1946<\/span><\/li>\n<\/ul>\n<h4><span style=\"color: #000000\">Sobre escritores y la lengua espa\u00f1ola<\/span><\/h4>\n<ul>\n<li><span style=\"color: #000000\"><em><a href=\"https:\/\/catalogo.biblio.unc.edu.ar\/Search\/Results?lookfor=Capdevila%2C+Arturo+Babel+y+el+castellano%2C+&amp;type=AllFields&amp;filter%5B%5D=format%3A%22Book%22&amp;limit=20&amp;sort=relevance\">Babel y el castellano<\/a>, <\/em>1922<\/span><\/li>\n<li><span style=\"color: #000000\"><a href=\"https:\/\/catalogo.biblio.unc.edu.ar\/Search\/Results?lookfor=Capdevila%2C+Arturo+Rub%C3%A9n+Dar%C3%ADo%2C+un+bardo+&amp;type=AllFields&amp;filter%5B%5D=format%3A%22Book%22&amp;limit=20&amp;sort=relevance\"><em>Rub\u00e9n Dar\u00edo, un bardo rei<\/em>,<\/a> 1946<\/span><\/li>\n<li><span style=\"color: #000000\"><a href=\"https:\/\/catalogo.biblio.unc.edu.ar\/Search\/Results?lookfor=Capdevila%2C+Arturo+Alfonsina%2C&amp;type=AllFields&amp;filter%5B%5D=format%3A%22Book%22&amp;limit=20&amp;sort=relevance\"><em>Alfonsina<\/em><\/a>, 1948<\/span><\/li>\n<li><em><a href=\"https:\/\/catalogo.biblio.unc.edu.ar\/Search\/Results?lookfor=Capdevila%2C+Arturo+Despe%C3%B1aderos+del+habla%3A+negligencias%2C+cursiler%C3%ADas%2C+tunt%C3%BAn&amp;type=AllFields&amp;filter%5B%5D=format%3A%22Book%22&amp;limit=20&amp;sort=relevance\">Despe\u00f1aderos del habla: negligencias, cursiler\u00edas, tunt\u00fan<\/a>;<\/em> 1952<\/li>\n<li><span style=\"color: #000000\"><a href=\"https:\/\/catalogo.biblio.unc.edu.ar\/Search\/Results?lookfor=Capdevila%2C+Arturo+Consultorio+gramatical+de+urgencias&amp;type=AllFields&amp;filter%5B%5D=format%3A%22Book%22&amp;limit=20&amp;sort=relevance\"><em>Consultorio gramatical de urgencias<\/em><\/a>, 1967<\/span><\/li>\n<li><span style=\"color: #000000\"><em><a href=\"https:\/\/catalogo.biblio.unc.edu.ar\/Search\/Results?lookfor=Capdevila%2C+Arturo+Lugones&amp;type=AllFields&amp;filter%5B%5D=format%3A%22Book%22&amp;limit=20&amp;sort=relevance\">Lugones<\/a>, <\/em>1972<\/span><\/li>\n<\/ul>\n<h4><span style=\"color: #000000\">Varios: Ensayos, prosas, relatos hist\u00f3ricos, novelas, etc.<\/span><\/h4>\n<ul>\n<li><span style=\"color: #000000\"><em><a href=\"https:\/\/catalogo.biblio.unc.edu.ar\/Search\/Results?lookfor=Capdevila%2C+Arturo+Dharma&amp;type=AllFields&amp;filter%5B%5D=format%3A%22Book%22&amp;limit=20&amp;sort=relevance\">Dharma<\/a> (influencia de Oriente en el derecho de Roma)<\/em>, 1914<\/span><\/li>\n<li><span style=\"color: #000000\"><a href=\"https:\/\/catalogo.biblio.unc.edu.ar\/Search\/Results?lookfor=Capdevila%2C+Arturo+La+dulce+patria&amp;type=AllFields&amp;filter%5B%5D=format%3A%22Book%22&amp;limit=20&amp;sort=relevance\"><em>La dulce patria<\/em><\/a>, 1917<\/span><\/li>\n<li><span style=\"color: #000000\"><a href=\"https:\/\/catalogo.biblio.unc.edu.ar\/Search\/Results?lookfor=Capdevila%2C+Arturo+El+cantar+de+los+cantares&amp;type=AllFields&amp;filter%5B%5D=format%3A%22Book%22&amp;limit=20&amp;sort=relevance\"><em>El cantar de los cantares<\/em><\/a>, 1919<\/span><\/li>\n<li><span style=\"color: #000000\"><a href=\"https:\/\/catalogo.biblio.unc.edu.ar\/Search\/Results?lookfor=Capdevila%2C+Arturo+Las+v%C3%ADsperas+de+Caseros&amp;type=AllFields&amp;filter%5B%5D=format%3A%22Book%22&amp;limit=20&amp;sort=relevance\"><em>Las v\u00edsperas de Caseros<\/em><\/a>, 1922<\/span><\/li>\n<li><a href=\"http:\/\/bmayor.biblio.unc.edu.ar\/\/cgi-bin\/koha\/opac-detail.pl?biblionumber=64619\"><em>Hijos del sol, <\/em><\/a>1923<\/li>\n<li><em><a href=\"https:\/\/catalogo.biblio.unc.edu.ar\/Search\/Results?lookfor=Capdevila%2C+Arturo+Am%C3%A9rica%2C+nuestras+naciones+ante+los+Estados+Unidos&amp;type=AllFields&amp;filter%5B%5D=format%3A%22Book%22&amp;limit=20&amp;sort=relevance\">Am\u00e9rica, nuestras naciones ante los Estados Unidos<\/a>, <\/em>1926<\/li>\n<li><em><a href=\"https:\/\/catalogo.biblio.unc.edu.ar\/Search\/Results?lookfor=Capdevila%2C+Arturo+Los+para%C3%ADsos+prometidos&amp;type=AllFields&amp;filter%5B%5D=format%3A%22Book%22&amp;limit=20&amp;sort=relevance\">Los para\u00edsos prometidos<\/a>, <\/em>1925<\/li>\n<li><a href=\"https:\/\/catalogo.biblio.unc.edu.ar\/Search\/Results?lookfor=Capdevila%2C+Arturo+Del+infinito+amor+a+la+luz+de+los+amores&amp;type=AllFields&amp;filter%5B%5D=format%3A%22Book%22&amp;limit=20&amp;sort=relevance\"><em>Del infinito amor a la luz de los amores de Abelardo y Elo\u00edsa<\/em><\/a>, 1928<\/li>\n<li><a href=\"https:\/\/catalogo.biblio.unc.edu.ar\/Search\/Results?lookfor=Capdevila%2C+Arturo+El+gitano+y+su+leyenda&amp;type=AllFields&amp;filter%5B%5D=format%3A%22Book%22&amp;limit=20&amp;sort=relevance\"><em>El gitano y su leyenda<\/em><\/a>, 1928<\/li>\n<li><a href=\"https:\/\/catalogo.biblio.unc.edu.ar\/Search\/Results?lookfor=Simbad+canciones+compuestas+por+callejas+de+espa%C3%B1a%2C+por+ruas+y+largos+de+portugal%2C+por+senderos+de+francia+y+otras+vueltas+de+la+tierra+y+del+mar&amp;type=AllFields&amp;filter%5B%5D=format%3A%22Book%22&amp;limit=20&amp;sort=relevance\"><em>Simbad. Canciones compuestas por las callejas de Espa\u00f1a, por r\u00faas y lagos de Portugal, por senderos de Francia y otras vueltas de la tierra y el mar, <\/em><\/a>1929<\/li>\n<li><em style=\"color: #000000\">Del libre albedr\u00edo. Soliloquio del alma y la noche<\/em><span style=\"color: #000000\">, 1923<\/span><\/li>\n<li><span style=\"color: #000000\"><a href=\"https:\/\/catalogo.biblio.unc.edu.ar\/Search\/Results?lookfor=Capdevila%2C+Arturo+Rivadavia+y+el+espa%C3%B1olismo+liberal+&amp;type=AllFields&amp;filter%5B%5D=format%3A%22Book%22&amp;limit=20&amp;sort=relevance\"><em>Rivadavia y el espa\u00f1olismo liberal de la Revoluci\u00f3n Argentina<\/em><\/a>, 1923<\/span><\/li>\n<li><span style=\"color: #000000\"><em>Tierras nobles<\/em>, 1925<\/span><\/li>\n<li><span style=\"color: #000000\"><a href=\"http:\/\/bmayor.biblio.unc.edu.ar\/\/cgi-bin\/koha\/opac-detail.pl?biblionumber=3919\"><em>El apocalipsis de San Lenin<\/em><\/a>, 1929<\/span><\/li>\n<li><span style=\"color: #000000\"><em><a href=\"https:\/\/catalogo.biblio.unc.edu.ar\/Search\/Results?lookfor=Capdevila%2C+Arturo+La+santa+furia+del+Padre+Casta%C3%B1eda&amp;type=AllFields&amp;filter%5B%5D=format%3A%22Book%22&amp;limit=20&amp;sort=relevance\">La santa furia del Padre Casta\u00f1eda<\/a>, <\/em>1933<\/span><\/li>\n<li><span style=\"color: #000000\"><a href=\"https:\/\/catalogo.biblio.unc.edu.ar\/Search\/Results?lookfor=Capdevila%2C+Arturo+Joan+Gar%C3%ADn+e+Satan%C3%A1s&amp;type=AllFields&amp;filter%5B%5D=format%3A%22Book%22&amp;limit=20&amp;sort=relevance\"><em>Joan Gar\u00edn e Satan\u00e1s<\/em><\/a>, 1934<\/span><\/li>\n<li><span style=\"color: #000000\"><em>Romance de la muerte del General San Mart\u00edn,<\/em> 1935<\/span><\/li>\n<li><span style=\"color: #000000\"><a href=\"http:\/\/monserrat.biblio.unc.edu.ar\/\/cgi-bin\/koha\/opac-detail.pl?biblionumber=1915\"><em>Anta\u00f1o<\/em><\/a>, 1936<\/span><\/li>\n<li><span style=\"color: #000000\"><a href=\"https:\/\/catalogo.biblio.unc.edu.ar\/Search\/Results?lookfor=Capdevila%2C+Arturo+El+hombre+de+Guayaquil&amp;type=AllFields&amp;filter%5B%5D=format%3A%22Book%22&amp;limit=20&amp;sort=relevance\"><em>El hombre de Guayaquil<\/em>,<\/a> 1937<\/span><\/li>\n<li><a href=\"https:\/\/catalogo.biblio.unc.edu.ar\/Search\/Results?lookfor=Capdevila%2C+Arturo+Gay+saber&amp;type=AllFields&amp;filter%5B%5D=format%3A%22Book%22&amp;limit=20&amp;sort=relevance\"><em>Gay saber<\/em><\/a>, 1937<\/li>\n<li><span style=\"color: #000000\"><a href=\"http:\/\/bmayor.biblio.unc.edu.ar\/\/cgi-bin\/koha\/opac-detail.pl?biblionumber=4782\"><em>Loores platenses<\/em><\/a>, 1938<\/span><\/li>\n<li><span style=\"color: #000000\"><em>El arenal de Sevilla, <\/em>1938<\/span><\/li>\n<li><span style=\"color: #000000\"><em>Romances argentinos<\/em>, 1938<\/span><\/li>\n<li><span style=\"color: #000000\"><a href=\"https:\/\/catalogo.biblio.unc.edu.ar\/Search\/Results?lookfor=Capdevila%2C+Arturo+Las+invasiones+inglesas&amp;type=AllFields&amp;filter%5B%5D=format%3A%22Book%22&amp;limit=20&amp;sort=relevance\"><em>Las invasiones inglesas<\/em>,<\/a> 1939<\/span><\/li>\n<li><em><a href=\"http:\/\/bmayor.biblio.unc.edu.ar\/\/cgi-bin\/koha\/opac-detail.pl?biblionumber=6228\">Qui\u00e9n vive? La libertad! Cr\u00f3nica, evocaci\u00f3n e historia de la organizaci\u00f3n nacional<\/a>, <\/em>1940<\/li>\n<li><a href=\"https:\/\/catalogo.biblio.unc.edu.ar\/Search\/Results?lookfor=Capdevila%2C+Arturo+El+oriente+jur%C3%ADdico&amp;type=AllFields&amp;filter%5B%5D=format%3A%22Book%22&amp;limit=20&amp;sort=relevance\"><em>El oriente jur\u00eddico<\/em><\/a>, 1942<\/li>\n<li><span style=\"color: #000000\"><em>Patria grande<\/em>, 1940<\/span><\/li>\n<li><span style=\"color: #000000\"><em><a href=\"http:\/\/ffyh.biblio.unc.edu.ar\/\/cgi-bin\/koha\/opac-detail.pl?biblionumber=89173\">En la corte del virrey.<\/a> Estampas de evocaci\u00f3n, <\/em>1943<\/span><\/li>\n<li><em><a href=\"http:\/\/monserrat.biblio.unc.edu.ar\/\/cgi-bin\/koha\/opac-detail.pl?biblionumber=1922\">El pensamiento vivo de Gald\u00f3s<\/a>, <\/em>1944<\/li>\n<li><em><a href=\"http:\/\/cea.biblio.unc.edu.ar\/\/cgi-bin\/koha\/opac-detail.pl?biblionumber=5785\">Tiempo y poetas<\/a>, <\/em>1944<\/li>\n<li><span style=\"color: #000000\"><em><a href=\"https:\/\/catalogo.biblio.unc.edu.ar\/Search\/Results?lookfor=Capdevila%2C+Arturo+El+pensamiento+vivo+del+General+San+Mart%C3%ADn&amp;type=AllFields&amp;filter%5B%5D=format%3A%22Book%22&amp;limit=20&amp;sort=relevance\">El pensamiento vivo del General San Mart\u00edn<\/a>,<\/em> 1944<\/span><\/li>\n<li><span style=\"color: #000000\"><em><a href=\"https:\/\/catalogo.biblio.unc.edu.ar\/Search\/Results?lookfor=Capdevila%2C+Arturo+Arbaces%2C+maestro+de+amor&amp;type=AllFields&amp;filter%5B%5D=format%3A%22Book%22&amp;limit=20&amp;sort=relevance\">Arbaces<\/a>, maestro de amor, <\/em>1945<\/span><\/li>\n<li><span style=\"color: #000000\"><a href=\"https:\/\/catalogo.biblio.unc.edu.ar\/Search\/Results?lookfor=Capdevila%2C+Arturo+La+infanta+mendocina&amp;type=AllFields&amp;filter%5B%5D=format%3A%22Book%22&amp;limit=20&amp;sort=relevance\"><em>La infanta mendocina<\/em><\/a>, 1945<\/span><\/li>\n<li><a href=\"https:\/\/catalogo.biblio.unc.edu.ar\/Search\/Results?lookfor=Capdevila%2C+Arturo+Rivadavia%2C+el+gran+liberal&amp;type=AllFields&amp;filter%5B%5D=format%3A%22Book%22&amp;limit=20&amp;sort=relevance\"><em>Rivadavia, el gran liberal, <\/em><\/a>1945<\/li>\n<li><em><a href=\"http:\/\/ffyh.biblio.unc.edu.ar\/\/cgi-bin\/koha\/opac-detail.pl?biblionumber=41025\">El Popol-Vuh o la Biblia de los mayas<\/a>, <\/em>1945<\/li>\n<li><em>El C\u00e9sar contra el hombre, <\/em>1947<\/li>\n<li><em><a href=\"http:\/\/bmayor.biblio.unc.edu.ar\/\/cgi-bin\/koha\/opac-detail.pl?biblionumber=64656\">Adolescencia y voluntad<\/a>, <\/em>1945<\/li>\n<li><em><a href=\"https:\/\/catalogo.biblio.unc.edu.ar\/Search\/Results?lookfor=Capdevila%2C+Arturo+Los+incas&amp;type=AllFields&amp;filter%5B%5D=format%3A%22Book%22&amp;limit=20&amp;sort=relevance\">Los incas<\/a>, <\/em>1947<\/li>\n<li><em><a href=\"https:\/\/catalogo.biblio.unc.edu.ar\/Search\/Results?lookfor=Capdevila%2C+Arturo+El+Padre+Casta%C3%B1eda+aqu%C3%A9l+de+la+santa+furia&amp;type=AllFields&amp;filter%5B%5D=format%3A%22Book%22&amp;limit=20&amp;sort=year+asc\">El Padre Casta\u00f1eda aqu\u00e9l de la santa furia<\/a>, <\/em>1948<\/li>\n<li><span style=\"color: #000000\"><em>El C\u00e9sar contra el hombre, <\/em>1947<\/span><\/li>\n<li><span style=\"color: #000000\"><em><a href=\"https:\/\/catalogo.biblio.unc.edu.ar\/Search\/Results?lookfor=Capdevila%2C+Arturo+Historia+de+Dorrego&amp;type=AllFields&amp;filter%5B%5D=format%3A%22Book%22&amp;limit=20&amp;sort=year+asc\">Historia de Dorrego<\/a>, <\/em>1949<\/span><\/li>\n<li><span style=\"color: #000000\"><em>Los salvajes unitarios\u2026 y los otros<\/em>, 1949<\/span><\/li>\n<li><span style=\"color: #000000\"><em>Musa c\u00edvica<\/em>, 1951<\/span><\/li>\n<li><em><a href=\"http:\/\/bmayor.biblio.unc.edu.ar\/\/cgi-bin\/koha\/opac-detail.pl?biblionumber=23703\">La ruta de San Mart\u00edn<\/a>, 1950<\/em><\/li>\n<li><em><a href=\"https:\/\/catalogo.biblio.unc.edu.ar\/Search\/Results?lookfor=Capdevila%2C+Arturo+El+Abuelo+Inmortal&amp;type=AllFields&amp;filter%5B%5D=format%3A%22Book%22&amp;limit=20&amp;sort=year+asc\">El Abuelo Inmortal<\/a>, <\/em>1950<\/li>\n<li><em><a href=\"http:\/\/ffyh.biblio.unc.edu.ar\/\/cgi-bin\/koha\/opac-detail.pl?biblionumber=66990\">Remeditos de Escalada<\/a>, <\/em>1950<\/li>\n<li><em><a href=\"https:\/\/catalogo.biblio.unc.edu.ar\/Search\/Results?lookfor=Capdevila%2C+Arturo+El+ni%C3%B1o+poeta&amp;type=AllFields&amp;filter%5B%5D=format%3A%22Book%22&amp;limit=20&amp;sort=year+asc\">El ni\u00f1o poeta<\/a>, <\/em>1950<\/li>\n<li><em><a href=\"https:\/\/catalogo.biblio.unc.edu.ar\/Search\/Results?lookfor=Capdevila%2C+Arturo+La+Trinidad+Guevara+y+su+tiempo&amp;type=AllFields&amp;filter%5B%5D=format%3A%22Book%22&amp;limit=20&amp;sort=year+asc\">La Trinidad Guevara y su tiempo<\/a>, <\/em>1951<\/li>\n<li><span style=\"color: #000000\"><em><a href=\"http:\/\/ffyh.biblio.unc.edu.ar\/\/cgi-bin\/koha\/opac-detail.pl?biblionumber=10387\">Romances de la santa federaci\u00f3n<\/a>, <\/em>1952<\/span><\/li>\n<li><span style=\"color: #000000\"><em><a href=\"http:\/\/bmayor.biblio.unc.edu.ar\/\/cgi-bin\/koha\/opac-detail.pl?biblionumber=33244\">Or\u00e1culos nacionales<\/a>, <\/em>1956<\/span><\/li>\n<li><span style=\"color: #000000\"><em><a href=\"http:\/\/ffyh.biblio.unc.edu.ar\/\/cgi-bin\/koha\/opac-detail.pl?biblionumber=10383\">Nueva imagen de Juan Manuel de Rosas<\/a>, <\/em>1956<\/span><\/li>\n<li><span style=\"color: #000000\"><em>Canto gallego<\/em>, 1957<\/span><\/li>\n<li><em><a href=\"https:\/\/catalogo.biblio.unc.edu.ar\/Search\/Results?lookfor=Capdevila%2C+Arturo+Obras+escogidas&amp;type=AllFields&amp;filter%5B%5D=format%3A%22Book%22&amp;sort=year+asc\">Obras escogidas<\/a>, <\/em>1958<\/li>\n<li><span style=\"color: #000000\"><a href=\"http:\/\/bmayor.biblio.unc.edu.ar\/\/cgi-bin\/koha\/opac-detail.pl?biblionumber=7668\"><em>Tiempo santo<\/em><\/a>, 1959<\/span><\/li>\n<li><span style=\"color: #000000\"><em>Romances de las fiestas patrias,<\/em> 1959<\/span><\/li>\n<li><span style=\"color: #000000\"><a href=\"http:\/\/belgrano.biblio.unc.edu.ar\/\/cgi-bin\/koha\/opac-detail.pl?biblionumber=4867\"><em>Cancionero del Liberta<\/em>dor<\/a>, 1960<\/span><\/li>\n<li><span style=\"color: #000000\"><em>Dios otra vez<\/em>, 1965<\/span><\/li>\n<li><a href=\"https:\/\/catalogo.biblio.unc.edu.ar\/Search\/Results?lookfor=Capdevila%2C+Arturo+P%C3%B3rtico+de+Melp%C3%B3mene&amp;type=AllFields&amp;filter%5B%5D=format%3A%22Book%22&amp;limit=20&amp;sort=relevance\"><em>P\u00f3rtico de Melp\u00f3mene<\/em><\/a>, 1962<span style=\"color: #000000\">Nota: No se mencionan aqu\u00ed los libros de tem\u00e1tica m\u00e9dica.<\/span><\/li>\n<\/ul>\n<h3><span style=\"color: #000000\">Bibliograf\u00eda<\/span><\/h3>\n<ul>\n<li>Ar\u00e1n, Pampa: \u201c<a href=\"http:\/\/www.cervantesvirtual.com\/s3\/BVMC_OBRAS\/027\/5a3\/ba8\/2b2\/11d\/fac\/c70\/021\/85c\/e60\/64\/mimes\/0275a3ba-82b2-11df-acc7-002185ce6064_16.html\">La obra dram\u00e1tica de Arturo Capdevila<\/a>\u201d. Conferencia del14 de septiembre de 2000. Acto en la Biblioteca Provincial de C\u00f3rdoba.<\/li>\n<li><span style=\"color: #000000\">Ag\u00fcero, Clarisa y Garc\u00eda, Diego (compiladores): <a href=\"https:\/\/catalogo.biblio.unc.edu.ar\/Search\/Results?lookfor=Cultura+interior.+C%C3%B3rdoba+en+la+geograf%C3%ADa+nacional+e+internacional+&amp;type=AllFields&amp;filter%5B%5D=format%3A%22Book%22&amp;limit=20&amp;sort=year+asc\"><em>Cultura interior. C\u00f3rdoba en la geograf\u00eda nacional e internacional de la cultura. <\/em><\/a>Villa Mar\u00eda, Eduvim, 2016.<\/span><\/li>\n<li><span style=\"color: #000000\">Estrella Guti\u00e9rrez, Ferm\u00edn: Arturo Capdevila. Buenos Aires, Ediciones Culturales Argentinas, 1961.<\/span><\/li>\n<li><span style=\"color: #000000\"><a href=\"https:\/\/dialnet.unirioja.es\/servlet\/articulo?codigo=5665270\">Boldini, Mar\u00eda Gabriela: \u201cLa reinvenci\u00f3n del modernismo en C\u00f3rdoba. Sus protagonistas y proyecciones.\u201d<\/a> En \u201cRECIAL: Revista del Centro de Investigaciones de la Facultad de Filosof\u00eda y Humanidades, \u00c1reas Letras,\u201d, Vol. 7, N\u00ba. 10, 2016 (Ejemplar dedicado a: Octubre)<\/span><\/li>\n<li><span style=\"color: #000000\">\u201cDiscursos en encrucijada: Modernidad, ensayismo y literatura en la C\u00f3rdoba de entre-siglos. Tensiones est\u00e9ticas e ideol\u00f3gicas (1880-1930)\u201d \u2013tesis doctoral, 2011.<\/span><\/li>\n<li><span style=\"color: #000000\">Corona Mart\u00ednez, Cecilia: \u201cIrrupciones heterodoxas en la obra de Arturo Capdevila\u201d en Corona Mart\u00ednez, Cecilia y Bocco, Andrea (compiladoras): <em>M\u00e1s all\u00e1 de la recta v\u00eda: heterodoxias, rupturas y m\u00e1rgenes de la literatura argentina<\/em>. C\u00f3rdoba, [s.n.], 2015<\/span><\/li>\n<\/ul>\n<p style=\"text-align: right\"><a href=\"http:\/\/ffyh.unc.edu.ar\/biblioteca\/escritores-de-cordoba\/\">volver<\/a><\/p>\n","protected":false},"excerpt":{"rendered":"<div class=\"entry-summary\">\nNace en la capital de C\u00f3rdoba el 14 de marzo de 1889 donde vive hasta los 22 a\u00f1os. Muere en&hellip;\n<\/div>\n<div class=\"link-more\"><a href=\"https:\/\/ffyh.unc.edu.ar\/biblioteca\/escritores-de-cordoba\/capdevila-arturo\/\" class=\"more-link\">Continuar leyendo<span class=\"screen-reader-text\"> &ldquo;Capdevila, Arturo&rdquo;<\/span>&hellip;<\/a><\/div>\n","protected":false},"author":7,"featured_media":0,"parent":3221,"menu_order":0,"comment_status":"closed","ping_status":"closed","template":"","meta":{"_acf_changed":false,"jetpack_post_was_ever_published":false,"footnotes":""},"class_list":["post-3394","page","type-page","status-publish","hentry","entry"],"acf":[],"jetpack_shortlink":"https:\/\/wp.me\/P9UJM9-SK","jetpack-related-posts":[],"jetpack_sharing_enabled":true,"_links":{"self":[{"href":"https:\/\/ffyh.unc.edu.ar\/biblioteca\/wp-json\/wp\/v2\/pages\/3394","targetHints":{"allow":["GET"]}}],"collection":[{"href":"https:\/\/ffyh.unc.edu.ar\/biblioteca\/wp-json\/wp\/v2\/pages"}],"about":[{"href":"https:\/\/ffyh.unc.edu.ar\/biblioteca\/wp-json\/wp\/v2\/types\/page"}],"author":[{"embeddable":true,"href":"https:\/\/ffyh.unc.edu.ar\/biblioteca\/wp-json\/wp\/v2\/users\/7"}],"replies":[{"embeddable":true,"href":"https:\/\/ffyh.unc.edu.ar\/biblioteca\/wp-json\/wp\/v2\/comments?post=3394"}],"version-history":[{"count":6,"href":"https:\/\/ffyh.unc.edu.ar\/biblioteca\/wp-json\/wp\/v2\/pages\/3394\/revisions"}],"predecessor-version":[{"id":4518,"href":"https:\/\/ffyh.unc.edu.ar\/biblioteca\/wp-json\/wp\/v2\/pages\/3394\/revisions\/4518"}],"up":[{"embeddable":true,"href":"https:\/\/ffyh.unc.edu.ar\/biblioteca\/wp-json\/wp\/v2\/pages\/3221"}],"wp:attachment":[{"href":"https:\/\/ffyh.unc.edu.ar\/biblioteca\/wp-json\/wp\/v2\/media?parent=3394"}],"curies":[{"name":"wp","href":"https:\/\/api.w.org\/{rel}","templated":true}]}}