{"id":165,"date":"2011-07-05T18:31:16","date_gmt":"2011-07-05T18:31:16","guid":{"rendered":"http:\/\/www.ffyh.unc.edu.ar\/cda\/?page_id=165"},"modified":"2017-08-10T16:02:42","modified_gmt":"2017-08-10T16:02:42","slug":"consultas","status":"publish","type":"page","link":"https:\/\/ffyh.unc.edu.ar\/cda\/servicios\/consultas\/","title":{"rendered":"Consultas"},"content":{"rendered":"\n<div class=\"wpcf7 no-js\" id=\"wpcf7-f3721-o1\" lang=\"es-ES\" dir=\"ltr\" data-wpcf7-id=\"3721\">\n<div class=\"screen-reader-response\"><p role=\"status\" aria-live=\"polite\" aria-atomic=\"true\"><\/p> <ul><\/ul><\/div>\n<form action=\"\/cda\/wp-json\/wp\/v2\/pages\/165#wpcf7-f3721-o1\" method=\"post\" class=\"wpcf7-form init\" aria-label=\"Formulario de contacto\" novalidate=\"novalidate\" data-status=\"init\">\n<fieldset class=\"hidden-fields-container\"><input type=\"hidden\" name=\"_wpcf7\" value=\"3721\" \/><input type=\"hidden\" name=\"_wpcf7_version\" value=\"6.1.5\" \/><input type=\"hidden\" name=\"_wpcf7_locale\" value=\"es_ES\" \/><input type=\"hidden\" name=\"_wpcf7_unit_tag\" value=\"wpcf7-f3721-o1\" \/><input type=\"hidden\" name=\"_wpcf7_container_post\" value=\"0\" \/><input type=\"hidden\" name=\"_wpcf7_posted_data_hash\" value=\"\" \/>\n<\/fieldset>\n<p><label> Nombre (requerido)<br \/>\n<span class=\"wpcf7-form-control-wrap\" data-name=\"your-name\"><input size=\"40\" maxlength=\"400\" class=\"wpcf7-form-control wpcf7-text wpcf7-validates-as-required\" aria-required=\"true\" aria-invalid=\"false\" value=\"\" type=\"text\" name=\"your-name\" \/><\/span> <\/label>\n<\/p>\n<p><label> Tu correo electr\u00f3nico (requerido)<br \/>\n<span class=\"wpcf7-form-control-wrap\" data-name=\"your-email\"><input size=\"40\" maxlength=\"400\" class=\"wpcf7-form-control wpcf7-email wpcf7-validates-as-required wpcf7-text wpcf7-validates-as-email\" aria-required=\"true\" aria-invalid=\"false\" value=\"\" type=\"email\" name=\"your-email\" \/><\/span> <\/label>\n<\/p>\n<p><label> Asunto<br \/>\n<span class=\"wpcf7-form-control-wrap\" data-name=\"your-subject\"><input size=\"40\" maxlength=\"400\" class=\"wpcf7-form-control wpcf7-text\" aria-invalid=\"false\" value=\"\" type=\"text\" name=\"your-subject\" \/><\/span> <\/label>\n<\/p>\n<p><label> Mensaje<br \/>\n<span class=\"wpcf7-form-control-wrap\" data-name=\"your-message\"><textarea cols=\"40\" rows=\"10\" maxlength=\"2000\" class=\"wpcf7-form-control wpcf7-textarea\" aria-invalid=\"false\" name=\"your-message\"><\/textarea><\/span> <\/label>\n<\/p>\n<p><input class=\"wpcf7-form-control wpcf7-submit has-spinner\" type=\"submit\" value=\"Enviar\" \/>\n<\/p><p style=\"display: none !important;\" class=\"akismet-fields-container\" data-prefix=\"_wpcf7_ak_\"><label>&#916;<textarea name=\"_wpcf7_ak_hp_textarea\" cols=\"45\" rows=\"8\" maxlength=\"100\"><\/textarea><\/label><input type=\"hidden\" id=\"ak_js_1\" name=\"_wpcf7_ak_js\" value=\"103\"\/><script>document.getElementById( \"ak_js_1\" ).setAttribute( \"value\", ( new Date() ).getTime() );<\/script><\/p><div class=\"wpcf7-response-output\" aria-hidden=\"true\"><\/div>\n<\/form>\n<\/div>\n\n<h6>\u00a0<strong> \u00bfQu\u00e9 tipo de material se puede consultar?<\/strong><\/h6>\n<ul type=\"disc\">\n<li>\n<div align=\"justify\">Noticias televisivas del Archivo F\u00edlmico Documental Canal 10 de C\u00f3rdoba (SRT-UNC), de origen local, nacional e internacional del per\u00edodo 1962-1980 (soporte original film 16mm). Documentadas en base de datos, \u00edndices, cat\u00e1logos-inventarios (manuales e informatizados) . Consulta y copiado de im\u00e1genes en formato digital.<\/div>\n<\/li>\n<\/ul>\n<div align=\"justify\">\n<ul type=\"disc\">\n<li>Noticias televisivas y otros registros audiovisuales de origen local, nacional e internacional del per\u00edodo 1966-2001 pertenecientes al Archivo Hist\u00f3rico de Canal Doce de C\u00f3rdoba. Documentadas en base de datos y en soporte digital, para consulta y copiado.<\/li>\n<\/ul>\n<\/div>\n<div align=\"justify\">\n<ul type=\"disc\">\n<li>Material fotogr\u00e1fico period\u00edstico de C\u00f3rdoba 1920-1955 Colecci\u00f3n Antonio Novello (soporte original placas de vidrio). Cat\u00e1logos-inventarios manuales y base de datos. Soportes para consulta y copiado de im\u00e1genes: copias digitalizadas.<\/li>\n<\/ul>\n<ul type=\"disc\">\n<li>Material fotogr\u00e1fico period\u00edstico, art\u00edstico y profesional de Jos\u00e9 Anselmo P\u00e9rez. \u00a0Colecci\u00f3n documentada en base de datos y soporte digital.<\/li>\n<\/ul>\n<ul type=\"disc\">\n<li>Fotogramas de personas, lugares, eventos, etc. capturados de registros audiovisuales del Archivo Canal 10.<\/li>\n<\/ul>\n<ul type=\"disc\">\n<li>Grabaciones de discursos de diversas personalidades como Agust\u00edn Tosco, Juan Carlos Ongan\u00eda, Juan Domingo Per\u00f3n, Ricardo Balb\u00edn y otros, de los a\u00f1os sesenta y setenta en soporte digital.<\/li>\n<\/ul>\n<ul type=\"disc\">\n<li>Notas period\u00edsticas sobre movimiento estudiantil entre 1966 y 1976, publicadas en diarios locales (La Voz del Interior y Los Principios) en soporte digital.<\/li>\n<\/ul>\n<ul type=\"disc\">\n<li>Adem\u00e1s se puede consultar materiales audiovisuales institucionales y de particulares sobre diversos temas y per\u00edodos del siglo XX. Por ej. Nacionalizaci\u00f3n de los ferrocarriles; Revoluci\u00f3n del \u201955 en C\u00f3rdoba; Exhumaci\u00f3n del Cura Brochero; Propaganda gubernamental de los 50; Publicidad; Documentales de embajadas; Programas televisivos; Escenas de la vida cotidiana; Espacios rurales y urbanos; etc.<\/li>\n<\/ul>\n<h6><strong>\u00a0\u00bfC\u00f3mo efectuar una consulta?<\/strong><\/h6>\n<p>&nbsp;<\/p>\n<ul>\n<li>Personalmente de <strong>Lunes a Viernes\u00a0<\/strong>de <strong>9:00<\/strong> a <strong>14:00<\/strong>hs, en el Centro.<\/li>\n<\/ul>\n<ul>\n<li>Por medio del correo electr\u00f3nico\u00a0<a href=\"mailto:archfilm@ffyh.unc.edu.ar\">archfilm@ffyh.unc.edu.ar<\/a><\/li>\n<\/ul>\n<ul>\n<li>Completando y enviando el\u00a0 formulario al comienzo de esta p\u00e1gina.<\/li>\n<\/ul>\n<\/div>\n<p>&nbsp;<\/p>\n","protected":false},"excerpt":{"rendered":"<p>\u00a0 \u00bfQu\u00e9 tipo de material se puede consultar? Noticias televisivas del Archivo F\u00edlmico Documental Canal 10 de C\u00f3rdoba (SRT-UNC), de origen local, nacional e internacional del per\u00edodo 1962-1980 (soporte original &hellip; <\/p>\n","protected":false},"author":10,"featured_media":0,"parent":12,"menu_order":0,"comment_status":"closed","ping_status":"closed","template":"","meta":{"_acf_changed":false,"saved_in_kubio":false,"footnotes":""},"class_list":["post-165","page","type-page","status-publish","hentry"],"acf":[],"kubio_ai_page_context":{"short_desc":"","purpose":"general"},"_links":{"self":[{"href":"https:\/\/ffyh.unc.edu.ar\/cda\/wp-json\/wp\/v2\/pages\/165","targetHints":{"allow":["GET"]}}],"collection":[{"href":"https:\/\/ffyh.unc.edu.ar\/cda\/wp-json\/wp\/v2\/pages"}],"about":[{"href":"https:\/\/ffyh.unc.edu.ar\/cda\/wp-json\/wp\/v2\/types\/page"}],"author":[{"embeddable":true,"href":"https:\/\/ffyh.unc.edu.ar\/cda\/wp-json\/wp\/v2\/users\/10"}],"replies":[{"embeddable":true,"href":"https:\/\/ffyh.unc.edu.ar\/cda\/wp-json\/wp\/v2\/comments?post=165"}],"version-history":[{"count":1,"href":"https:\/\/ffyh.unc.edu.ar\/cda\/wp-json\/wp\/v2\/pages\/165\/revisions"}],"predecessor-version":[{"id":3791,"href":"https:\/\/ffyh.unc.edu.ar\/cda\/wp-json\/wp\/v2\/pages\/165\/revisions\/3791"}],"up":[{"embeddable":true,"href":"https:\/\/ffyh.unc.edu.ar\/cda\/wp-json\/wp\/v2\/pages\/12"}],"wp:attachment":[{"href":"https:\/\/ffyh.unc.edu.ar\/cda\/wp-json\/wp\/v2\/media?parent=165"}],"curies":[{"name":"wp","href":"https:\/\/api.w.org\/{rel}","templated":true}]}}