{"id":37,"date":"2011-06-30T15:58:13","date_gmt":"2011-06-30T15:58:13","guid":{"rendered":"http:\/\/www.ffyh.unc.edu.ar\/cda\/?page_id=37"},"modified":"2011-06-30T15:58:13","modified_gmt":"2011-06-30T15:58:13","slug":"capacitacion","status":"publish","type":"page","link":"https:\/\/ffyh.unc.edu.ar\/cda\/institucional\/capacitacion\/","title":{"rendered":"Capacitaci\u00f3n"},"content":{"rendered":"<h1 style=\"text-align: justify\">Formaci\u00f3n en el CDA<\/h1>\n<p style=\"text-align: justify\">Acorde con los objetivos del CDA y en el marco de lo establecido en su reglamento, anualmente se seleccionan ayudantes alumnos y adscriptos (ad honorem) de distintas unidades acad\u00e9micas la UNC. En 2009 se encuentran cursando ocho ayudantes y adscriptos seleccionados entre m\u00e1s de 30 postulantes.<br \/>\nPara su formaci\u00f3n, integrantes del CDA los capacitan en los distintos procesos de la recuperaci\u00f3n de im\u00e1genes f\u00edlmicas y fotogr\u00e1ficas, adem\u00e1s de orientarlos en la lectura y discusi\u00f3n de material bibliogr\u00e1fico.\u00a0 Asimismo participan en otras\u00a0 actividades de formaci\u00f3n organizadas por el Centro.<\/p>\n<p>Integrantes del equipo, que realizaron una formaci\u00f3n previa en el CDA, llevan adelante la recuperaci\u00f3n del Archivo Hist\u00f3rico del noticiero de Canal Doce desde 2005.<\/p>\n<p>El Centro funciona tambi\u00e9n como un espacio para visitas informativas y de apoyo a trabajos pr\u00e1cticos de alumnos de Cine y TV (Historia Social y Econ\u00f3mica Argentina, Teor\u00eda y T\u00e9cnicas de la Investigaci\u00f3n Social; Producci\u00f3n; Realizaci\u00f3n AV; etc); de Archivolog\u00eda, Bibliotecolog\u00eda y de otros \u00e1mbitos y niveles educativos. Dicta y organiza talleres y seminarios, brinda capacitaci\u00f3n en el tratamiento de materiales sensibles y gesti\u00f3n de archivos audiovisuales (por ejemplo a personas de otras provincias) y espacio de trabajo para el desarrollo de proyectos vinculados con los objetivos y funciones de la instituci\u00f3n.<\/p>\n<p><img loading=\"lazy\" decoding=\"async\" class=\"aligncenter size-full wp-image-1469\" title=\"capacitacion\" src=\"http:\/\/ffyh.unc.edu.ar\/cda\/wp-content\/uploads\/sites\/6\/2011\/09\/capacitacion.jpg\" alt=\"\" width=\"960\" height=\"149\" srcset=\"https:\/\/ffyh.unc.edu.ar\/cda\/wp-content\/uploads\/sites\/6\/2011\/09\/capacitacion.jpg 960w, https:\/\/ffyh.unc.edu.ar\/cda\/wp-content\/uploads\/sites\/6\/2011\/09\/capacitacion-300x47.jpg 300w, https:\/\/ffyh.unc.edu.ar\/cda\/wp-content\/uploads\/sites\/6\/2011\/09\/capacitacion-768x119.jpg 768w, https:\/\/ffyh.unc.edu.ar\/cda\/wp-content\/uploads\/sites\/6\/2011\/09\/capacitacion-430x67.jpg 430w\" sizes=\"auto, (max-width: 960px) 100vw, 960px\" \/><\/p>\n<p><span style=\"color: #ffffff\">p<\/span><\/p>\n<h6>Actividades de formaci\u00f3n 2007-2009<\/h6>\n<p style=\"text-align: justify\"><span style=\"color: #ffffff\">o<\/span><\/p>\n<p style=\"text-align: justify\">&#8211; Con motivo de la puesta en funcionamiento del equipo de Telecine, el representante de la empresa proveedora, ing. Ernesto\u00a0 Rutz, dict\u00f3 un taller de capacitaci\u00f3n sobre el manejo del equipo de transfer f\u00edlmico a m\u00e1s de 20 personas vinculadas al CDA.<\/p>\n<p style=\"text-align: justify\">&#8211; Taller de \u00a0\u201cDocumentaci\u00f3n Audiovisual\u201d realizado en el marco del proyecto de\u00a0<em>Extensi\u00f3n Patrimonio documental, Derechos Humanos y acceso a la informaci\u00f3n<\/em>\u00a0en el que participaron ayudantes alumnos, adscriptos, pasantes, integrantes del proyecto y de entidades asociadas, dictado porla Dra. Silvia Romano.<\/p>\n<p style=\"text-align: justify\">&#8211; Jornada de\u00a0transferencia destinada a integrantes del Programa\u00a0(Ciffyh) y del proyecto\u00a02008\/09 (Secyt-Ciffyh)\u00a0ayudantes alumnos, adscriptos, pasantes y colaboradores\u00a0del CDA y de c\u00e1tedras, donde se expusieron\u00a0experiencias y conocimientos\u00a0sobre conservaci\u00f3n y preservaci\u00f3n f\u00edlmica, adquiridos por integrantes del equipo en diferentes \u00e1mbitos: Eugenia Izquierdo en la\u00a0Filmoteca Espa\u00f1ola (beca Endesa, Ministerio de Cultura, Madrid 2007\/2008) Ana In\u00e9s Manzano en Escuela Internacional de Cine y TV de San Antonio de los Ba\u00f1os, Cuba\u00a0(Taller de Preservaci\u00f3n F\u00edlmica FIAF-Ibermedia,\u00a0julio 2008) Luciano Miglietta y Silvia Romano en Chile\u00a0(Seminario\u00a0Latinoamericano de Archivos Audiovisuales,\u00a0INA Francia \u2013 Cineteca Nacional de Chile, mayo 2008)\u00a0. Anteriormente \u00a0M. Virginia Ramos dio una charla sobre su estancia de capacitaci\u00f3n enla Filmoteca Espa\u00f1ola (Madrid) durante los meses de octubre y noviembre de 2007.<\/p>\n<p style=\"text-align: justify\">&#8211; Se brind\u00f3 formaci\u00f3n en conservaci\u00f3n, preservaci\u00f3n y documentaci\u00f3n de materiales audiovisuales a pasantes externos no rentados provenientes de Canal 10 de Tucum\u00e1n, dela Escuelade Cine dela Universidad Nacionalde Tucum\u00e1n (ICUNT) y\u00a0 dela Secretar\u00edade Cultura de la provincia de Salta.<\/p>\n<p style=\"text-align: justify\">&#8211; Como en a\u00f1os anteriores, en 2008 alumnos de la c\u00e1tedra \u201cArchivos de Imagen y Sonido\u201d dela Escuelade Archivolog\u00eda dela UNCrealizaron una visita formativa para conocer los procesos de conservaci\u00f3n, preservaci\u00f3n y documentaci\u00f3n que se lleva a cabo en el CDA.<\/p>\n<p style=\"text-align: justify\">&#8211; Taller de \u201cTratamiento y preservaci\u00f3n de acervos audiovisuales\u201d, coordinado porla Dra. SilviaRomano y dictado porla Lic. EugeniaIzquierdo con el aval de Alfonso del Amo, del Area de Fondos F\u00edlmicos dela Filmoteca Espa\u00f1ola, en las instalaciones del CePIA y del CDA dela UNC.2009<\/p>\n<p style=\"text-align: justify\">&#8211; Se brind\u00f3 una charla en el Museo Regional de Vicu\u00f1a Mackenna sobre \u201cRecuperaci\u00f3n de las fotograf\u00edas period\u00edsticas de Antonio Novello, reportero gr\u00e1fico deLa Vozdel Interior entre los a\u00f1os 1925 y 1955\u2033. 2008<\/p>\n<p style=\"text-align: justify\">&#8211; Se brind\u00f3 asesoramiento en la elaboraci\u00f3n del proyecto para la recuperaci\u00f3n del fondo documental del Instituto Cinefotogr\u00e1fico de la Universidad Nacionalde Tucum\u00e1n (ICUNT), realizando una evaluaci\u00f3n\u00a0<em>in situ<\/em><em>\u00a0<\/em>de los materiales e instalaciones, as\u00ed como de las del archivo del Canal 10 de esa provincia. 2007<\/p>\n<p style=\"text-align: justify\"><span style=\"color: #ffffff\">o<\/span><\/p>\n<p style=\"text-align: justify\"><img loading=\"lazy\" decoding=\"async\" class=\"aligncenter size-full wp-image-1471\" title=\"capacitacion 2\" src=\"http:\/\/ffyh.unc.edu.ar\/cda\/wp-content\/uploads\/sites\/6\/2011\/09\/capacitacion-2.jpg\" alt=\"\" width=\"960\" height=\"90\" srcset=\"https:\/\/ffyh.unc.edu.ar\/cda\/wp-content\/uploads\/sites\/6\/2011\/09\/capacitacion-2.jpg 960w, https:\/\/ffyh.unc.edu.ar\/cda\/wp-content\/uploads\/sites\/6\/2011\/09\/capacitacion-2-300x28.jpg 300w, https:\/\/ffyh.unc.edu.ar\/cda\/wp-content\/uploads\/sites\/6\/2011\/09\/capacitacion-2-768x72.jpg 768w, https:\/\/ffyh.unc.edu.ar\/cda\/wp-content\/uploads\/sites\/6\/2011\/09\/capacitacion-2-430x40.jpg 430w, https:\/\/ffyh.unc.edu.ar\/cda\/wp-content\/uploads\/sites\/6\/2011\/09\/capacitacion-2-950x90.jpg 950w\" sizes=\"auto, (max-width: 960px) 100vw, 960px\" \/><\/p>\n<p style=\"text-align: justify\"><span style=\"color: #ffffff\">o<\/span><\/p>\n","protected":false},"excerpt":{"rendered":"<p>Formaci\u00f3n en el CDA Acorde con los objetivos del CDA y en el marco de lo establecido en su reglamento, anualmente se seleccionan ayudantes alumnos y adscriptos (ad honorem) de &hellip; <\/p>\n","protected":false},"author":10,"featured_media":0,"parent":10,"menu_order":0,"comment_status":"closed","ping_status":"closed","template":"page_full.php","meta":{"_acf_changed":false,"footnotes":""},"class_list":["post-37","page","type-page","status-publish","hentry"],"acf":[],"_links":{"self":[{"href":"https:\/\/ffyh.unc.edu.ar\/cda\/wp-json\/wp\/v2\/pages\/37","targetHints":{"allow":["GET"]}}],"collection":[{"href":"https:\/\/ffyh.unc.edu.ar\/cda\/wp-json\/wp\/v2\/pages"}],"about":[{"href":"https:\/\/ffyh.unc.edu.ar\/cda\/wp-json\/wp\/v2\/types\/page"}],"author":[{"embeddable":true,"href":"https:\/\/ffyh.unc.edu.ar\/cda\/wp-json\/wp\/v2\/users\/10"}],"replies":[{"embeddable":true,"href":"https:\/\/ffyh.unc.edu.ar\/cda\/wp-json\/wp\/v2\/comments?post=37"}],"version-history":[{"count":0,"href":"https:\/\/ffyh.unc.edu.ar\/cda\/wp-json\/wp\/v2\/pages\/37\/revisions"}],"up":[{"embeddable":true,"href":"https:\/\/ffyh.unc.edu.ar\/cda\/wp-json\/wp\/v2\/pages\/10"}],"wp:attachment":[{"href":"https:\/\/ffyh.unc.edu.ar\/cda\/wp-json\/wp\/v2\/media?parent=37"}],"curies":[{"name":"wp","href":"https:\/\/api.w.org\/{rel}","templated":true}]}}

Capacitación

<h1 style="text-align: justify">Formación en el CDA</h1>
<p style="text-align: justify">Acorde con los objetivos del CDA y en el marco de lo establecido en su reglamento, anualmente se seleccionan ayudantes alumnos y adscriptos (ad honorem) de distintas unidades académicas la UNC. En 2009 se encuentran cursando ocho ayudantes y adscriptos seleccionados entre más de 30 postulantes.<br />
Para su formación, integrantes del CDA los capacitan en los distintos procesos de la recuperación de imágenes fílmicas y fotográficas, además de orientarlos en la lectura y discusión de material bibliográfico.  Asimismo participan en otras  actividades de formación organizadas por el Centro.</p>
<p>Integrantes del equipo, que realizaron una formación previa en el CDA, llevan adelante la recuperación del Archivo Histórico del noticiero de Canal Doce desde 2005.</p>
<p>El Centro funciona también como un espacio para visitas informativas y de apoyo a trabajos prácticos de alumnos de Cine y TV (Historia Social y Económica Argentina, Teoría y Técnicas de la Investigación Social; Producción; Realización AV; etc); de Archivología, Bibliotecología y de otros ámbitos y niveles educativos. Dicta y organiza talleres y seminarios, brinda capacitación en el tratamiento de materiales sensibles y gestión de archivos audiovisuales (por ejemplo a personas de otras provincias) y espacio de trabajo para el desarrollo de proyectos vinculados con los objetivos y funciones de la institución.</p>
<p><img loading="lazy" decoding="async" class="aligncenter size-full wp-image-1469" title="capacitacion" src="http://ffyh.unc.edu.ar/cda/wp-content/uploads/sites/6/2011/09/capacitacion.jpg" alt="" width="960" height="149" srcset="https://ffyh.unc.edu.ar/cda/wp-content/uploads/sites/6/2011/09/capacitacion.jpg 960w, https://ffyh.unc.edu.ar/cda/wp-content/uploads/sites/6/2011/09/capacitacion-300x47.jpg 300w, https://ffyh.unc.edu.ar/cda/wp-content/uploads/sites/6/2011/09/capacitacion-768x119.jpg 768w, https://ffyh.unc.edu.ar/cda/wp-content/uploads/sites/6/2011/09/capacitacion-430x67.jpg 430w" sizes="auto, (max-width: 960px) 100vw, 960px" /></p>
<p><span style="color: #ffffff">p</span></p>
<h6>Actividades de formación 2007-2009</h6>
<p style="text-align: justify"><span style="color: #ffffff">o</span></p>
<p style="text-align: justify">&#8211; Con motivo de la puesta en funcionamiento del equipo de Telecine, el representante de la empresa proveedora, ing. Ernesto  Rutz, dictó un taller de capacitación sobre el manejo del equipo de transfer fílmico a más de 20 personas vinculadas al CDA.</p>
<p style="text-align: justify">&#8211; Taller de  “Documentación Audiovisual” realizado en el marco del proyecto de <em>Extensión Patrimonio documental, Derechos Humanos y acceso a la información</em> en el que participaron ayudantes alumnos, adscriptos, pasantes, integrantes del proyecto y de entidades asociadas, dictado porla Dra. Silvia Romano.</p>
<p style="text-align: justify">&#8211; Jornada de transferencia destinada a integrantes del Programa (Ciffyh) y del proyecto 2008/09 (Secyt-Ciffyh) ayudantes alumnos, adscriptos, pasantes y colaboradores del CDA y de cátedras, donde se expusieron experiencias y conocimientos sobre conservación y preservación fílmica, adquiridos por integrantes del equipo en diferentes ámbitos: Eugenia Izquierdo en la Filmoteca Española (beca Endesa, Ministerio de Cultura, Madrid 2007/2008) Ana Inés Manzano en Escuela Internacional de Cine y TV de San Antonio de los Baños, Cuba (Taller de Preservación Fílmica FIAF-Ibermedia, julio 2008) Luciano Miglietta y Silvia Romano en Chile (Seminario Latinoamericano de Archivos Audiovisuales, INA Francia – Cineteca Nacional de Chile, mayo 2008) . Anteriormente  M. Virginia Ramos dio una charla sobre su estancia de capacitación enla Filmoteca Española (Madrid) durante los meses de octubre y noviembre de 2007.</p>
<p style="text-align: justify">&#8211; Se brindó formación en conservación, preservación y documentación de materiales audiovisuales a pasantes externos no rentados provenientes de Canal 10 de Tucumán, dela Escuelade Cine dela Universidad Nacionalde Tucumán (ICUNT) y  dela Secretaríade Cultura de la provincia de Salta.</p>
<p style="text-align: justify">&#8211; Como en años anteriores, en 2008 alumnos de la cátedra “Archivos de Imagen y Sonido” dela Escuelade Archivología dela UNCrealizaron una visita formativa para conocer los procesos de conservación, preservación y documentación que se lleva a cabo en el CDA.</p>
<p style="text-align: justify">&#8211; Taller de “Tratamiento y preservación de acervos audiovisuales”, coordinado porla Dra. SilviaRomano y dictado porla Lic. EugeniaIzquierdo con el aval de Alfonso del Amo, del Area de Fondos Fílmicos dela Filmoteca Española, en las instalaciones del CePIA y del CDA dela UNC.2009</p>
<p style="text-align: justify">&#8211; Se brindó una charla en el Museo Regional de Vicuña Mackenna sobre “Recuperación de las fotografías periodísticas de Antonio Novello, reportero gráfico deLa Vozdel Interior entre los años 1925 y 1955″. 2008</p>
<p style="text-align: justify">&#8211; Se brindó asesoramiento en la elaboración del proyecto para la recuperación del fondo documental del Instituto Cinefotográfico de la Universidad Nacionalde Tucumán (ICUNT), realizando una evaluación <em>in situ</em><em> </em>de los materiales e instalaciones, así como de las del archivo del Canal 10 de esa provincia. 2007</p>
<p style="text-align: justify"><span style="color: #ffffff">o</span></p>
<p style="text-align: justify"><img loading="lazy" decoding="async" class="aligncenter size-full wp-image-1471" title="capacitacion 2" src="http://ffyh.unc.edu.ar/cda/wp-content/uploads/sites/6/2011/09/capacitacion-2.jpg" alt="" width="960" height="90" srcset="https://ffyh.unc.edu.ar/cda/wp-content/uploads/sites/6/2011/09/capacitacion-2.jpg 960w, https://ffyh.unc.edu.ar/cda/wp-content/uploads/sites/6/2011/09/capacitacion-2-300x28.jpg 300w, https://ffyh.unc.edu.ar/cda/wp-content/uploads/sites/6/2011/09/capacitacion-2-768x72.jpg 768w, https://ffyh.unc.edu.ar/cda/wp-content/uploads/sites/6/2011/09/capacitacion-2-430x40.jpg 430w, https://ffyh.unc.edu.ar/cda/wp-content/uploads/sites/6/2011/09/capacitacion-2-950x90.jpg 950w" sizes="auto, (max-width: 960px) 100vw, 960px" /></p>
<p style="text-align: justify"><span style="color: #ffffff">o</span></p>

<p>Formación en el CDA Acorde con los objetivos del CDA y en el marco de lo establecido en su reglamento, anualmente se seleccionan ayudantes alumnos y adscriptos (ad honorem) de &hellip; </p>
