{"id":1087,"date":"2012-02-22T11:59:44","date_gmt":"2012-02-22T14:59:44","guid":{"rendered":"http:\/\/www.ffyh.unc.edu.ar\/ciffyh\/?page_id=1087"},"modified":"2025-04-30T13:25:50","modified_gmt":"2025-04-30T13:25:50","slug":"aulas","status":"publish","type":"page","link":"https:\/\/ffyh.unc.edu.ar\/ciffyh\/aulas\/","title":{"rendered":"Reservas de salas de reuniones en el CIFFyH"},"content":{"rendered":"<p><strong>Instructivo de verificaci\u00f3n y reserva de espacios en el CIFFyH<\/strong><\/p>\n<p>1 &#8211; El CIFFyH cuenta con <strong>tres espacios<\/strong> disponibles para reuniones cuya <strong>disponibilidad horaria<\/strong> es la siguiente:<\/p>\n<p>De <strong>10 a 12hs<\/strong>, de <strong>12 a 14hs<\/strong>, de <strong>14 a<\/strong> <strong>16hs<\/strong>, de <strong>16 a 18hs<\/strong> y de <strong>18<\/strong> a<strong> 19.45hs<\/strong><\/p>\n<p>&#8211;\u00a0<span style=\"color: #800000\"><strong>\u00a0<span style=\"color: #008000\">Sala de Consejo del CIFFyH<\/span><\/strong><\/span><\/p>\n<p>Capacidad: hasta 15 personas<\/p>\n<p>&#8211;\u00a0<span style=\"color: #008000\"><strong>Aula CIFFyH<\/strong><\/span><\/p>\n<p>Capacidad: hasta 35 personas<\/p>\n<p>&#8211;<span style=\"color: #008000\"><strong>Box com\u00fan<\/strong><\/span><\/p>\n<p>Capacidad: hasta 10 personas<\/p>\n<p>2 &#8211; Para verificar la disponibilidad de estos espacios, deber\u00e1 consultar a continuaci\u00f3n nuestro calendario. (Es posible que a\u00fan pueda haber reservas en curso que no est\u00e9n ingresadas en el cronograma. Por ese motivo, las solicitudes deben realizarse con una semana de anticipaci\u00f3n).<\/p>\n<blockquote>\n<h3 style=\"text-align: center\"><span style=\"color: #ffffff\"><a style=\"color: #ffffff\" href=\"https:\/\/calendar.google.com\/calendar\/embed?src=c_q01vqjefrtatapdgkjbmdgpr2o%40group.calendar.google.com&amp;ctz=America%2FArgentina%2FBuenos_Aires\" target=\"_blank\" rel=\"noopener\">Ver Calendario<\/a><\/span><\/h3>\n<\/blockquote>\n<p>3 &#8211; Una vez verificado el calendario, <strong>debe completar este formulario<\/strong> (cuando haya realizado este paso recibir\u00e1 autom\u00e1ticamente la confirmaci\u00f3n del env\u00edo de los datos):<\/p>\n<blockquote>\n<p style=\"text-align: center\"><a href=\"https:\/\/forms.gle\/NdFbmcvVonjpSH617\" target=\"_blank\" rel=\"noopener\">https:\/\/goo.gl\/forms\/d8m6bE2E2jSOG35F2<\/a><\/p>\n<\/blockquote>\n<p>3- Dentro de 48hs h\u00e1biles recibir\u00e1 un correo electr\u00f3nico en el cual se confirmar\u00e1 su solicitud.<\/p>\n<p>4- Para dar de baja la reserva, debe escribir un mail a <a href=\"mailto:tecnicaciffyh@ffyh.unc.edu.ar\">tecnicaciffyh@ffyh.unc.edu.ar<\/a><\/p>\n<p><strong>Nota<\/strong>: dada la escasez de espacios, les solicitamos comunicar lo antes posible la prescindencia de cualquier reserva\u00a0 realizada.<\/p>\n","protected":false},"excerpt":{"rendered":"<p>Instructivo de verificaci\u00f3n y reserva de espacios en el CIFFyH 1 &#8211; El CIFFyH cuenta con tres espacios disponibles para<\/p>\n","protected":false},"author":1,"featured_media":0,"parent":0,"menu_order":0,"comment_status":"closed","ping_status":"closed","template":"","meta":{"_acf_changed":false,"colormag_page_container_layout":"default_layout","colormag_page_sidebar_layout":"default_layout","footnotes":""},"class_list":["post-1087","page","type-page","status-publish","hentry"],"acf":[],"yoast_head":"<!-- This site is optimized with the Yoast SEO plugin v27.1.1 - https:\/\/yoast.com\/product\/yoast-seo-wordpress\/ -->\n<title>Reservas de salas de reuniones en el CIFFyH - Centro de Investigaciones &quot;Maria Saleme de Burnichon&quot;<\/title>\n<meta name=\"robots\" content=\"index, follow, max-snippet:-1, max-image-preview:large, max-video-preview:-1\" \/>\n<link rel=\"canonical\" href=\"https:\/\/ffyh.unc.edu.ar\/ciffyh\/aulas\/\" \/>\n<meta property=\"og:locale\" content=\"es_ES\" \/>\n<meta property=\"og:type\" content=\"article\" \/>\n<meta property=\"og:title\" content=\"Reservas de salas de reuniones en el CIFFyH - Centro de Investigaciones &quot;Maria Saleme de Burnichon&quot;\" \/>\n<meta property=\"og:description\" content=\"Instructivo de verificaci\u00f3n y reserva de espacios en el CIFFyH 1 &#8211; El CIFFyH cuenta con tres espacios disponibles para\" \/>\n<meta property=\"og:url\" content=\"https:\/\/ffyh.unc.edu.ar\/ciffyh\/aulas\/\" \/>\n<meta property=\"og:site_name\" content=\"Centro de Investigaciones &quot;Maria Saleme de Burnichon&quot;\" \/>\n<meta property=\"article:modified_time\" content=\"2025-04-30T13:25:50+00:00\" \/>\n<meta name=\"twitter:card\" content=\"summary_large_image\" \/>\n<meta name=\"twitter:label1\" content=\"Tiempo de lectura\" \/>\n\t<meta name=\"twitter:data1\" content=\"1 minuto\" \/>\n<script type=\"application\/ld+json\" class=\"yoast-schema-graph\">{\"@context\":\"https:\/\/schema.org\",\"@graph\":[{\"@type\":\"WebPage\",\"@id\":\"https:\/\/ffyh.unc.edu.ar\/ciffyh\/aulas\/\",\"url\":\"https:\/\/ffyh.unc.edu.ar\/ciffyh\/aulas\/\",\"name\":\"Reservas de salas de reuniones en el CIFFyH - Centro de Investigaciones &quot;Maria Saleme de Burnichon&quot;\",\"isPartOf\":{\"@id\":\"https:\/\/ffyh.unc.edu.ar\/ciffyh\/#website\"},\"datePublished\":\"2012-02-22T14:59:44+00:00\",\"dateModified\":\"2025-04-30T13:25:50+00:00\",\"breadcrumb\":{\"@id\":\"https:\/\/ffyh.unc.edu.ar\/ciffyh\/aulas\/#breadcrumb\"},\"inLanguage\":\"es\",\"potentialAction\":[{\"@type\":\"ReadAction\",\"target\":[\"https:\/\/ffyh.unc.edu.ar\/ciffyh\/aulas\/\"]}]},{\"@type\":\"BreadcrumbList\",\"@id\":\"https:\/\/ffyh.unc.edu.ar\/ciffyh\/aulas\/#breadcrumb\",\"itemListElement\":[{\"@type\":\"ListItem\",\"position\":1,\"name\":\"Portada\",\"item\":\"https:\/\/ffyh.unc.edu.ar\/ciffyh\/\"},{\"@type\":\"ListItem\",\"position\":2,\"name\":\"Reservas de salas de reuniones en el CIFFyH\"}]},{\"@type\":\"WebSite\",\"@id\":\"https:\/\/ffyh.unc.edu.ar\/ciffyh\/#website\",\"url\":\"https:\/\/ffyh.unc.edu.ar\/ciffyh\/\",\"name\":\"Centro de Investigaciones \\\"Maria Saleme de Burnichon\\\"\",\"description\":\"Facultad de Filosof\u00eda y Humanidades | UNC\",\"publisher\":{\"@id\":\"https:\/\/ffyh.unc.edu.ar\/ciffyh\/#organization\"},\"potentialAction\":[{\"@type\":\"SearchAction\",\"target\":{\"@type\":\"EntryPoint\",\"urlTemplate\":\"https:\/\/ffyh.unc.edu.ar\/ciffyh\/?s={search_term_string}\"},\"query-input\":{\"@type\":\"PropertyValueSpecification\",\"valueRequired\":true,\"valueName\":\"search_term_string\"}}],\"inLanguage\":\"es\"},{\"@type\":\"Organization\",\"@id\":\"https:\/\/ffyh.unc.edu.ar\/ciffyh\/#organization\",\"name\":\"Centro de Investigaciones \\\"Maria Saleme de Burnichon\\\"\",\"url\":\"https:\/\/ffyh.unc.edu.ar\/ciffyh\/\",\"logo\":{\"@type\":\"ImageObject\",\"inLanguage\":\"es\",\"@id\":\"https:\/\/ffyh.unc.edu.ar\/ciffyh\/#\/schema\/logo\/image\/\",\"url\":\"https:\/\/ffyh.unc.edu.ar\/ciffyh\/wp-content\/uploads\/sites\/10\/2018\/02\/cropped-logo-ciffyh-ico.png\",\"contentUrl\":\"https:\/\/ffyh.unc.edu.ar\/ciffyh\/wp-content\/uploads\/sites\/10\/2018\/02\/cropped-logo-ciffyh-ico.png\",\"width\":512,\"height\":512,\"caption\":\"Centro de Investigaciones \\\"Maria Saleme de Burnichon\\\"\"},\"image\":{\"@id\":\"https:\/\/ffyh.unc.edu.ar\/ciffyh\/#\/schema\/logo\/image\/\"},\"sameAs\":[\"https:\/\/www.instagram.com\/ciffyh\/\"]}]}<\/script>\n<!-- \/ Yoast SEO plugin. -->","yoast_head_json":{"title":"Reservas de salas de reuniones en el CIFFyH - Centro de Investigaciones &quot;Maria Saleme de Burnichon&quot;","robots":{"index":"index","follow":"follow","max-snippet":"max-snippet:-1","max-image-preview":"max-image-preview:large","max-video-preview":"max-video-preview:-1"},"canonical":"https:\/\/ffyh.unc.edu.ar\/ciffyh\/aulas\/","og_locale":"es_ES","og_type":"article","og_title":"Reservas de salas de reuniones en el CIFFyH - Centro de Investigaciones &quot;Maria Saleme de Burnichon&quot;","og_description":"Instructivo de verificaci\u00f3n y reserva de espacios en el CIFFyH 1 &#8211; El CIFFyH cuenta con tres espacios disponibles para","og_url":"https:\/\/ffyh.unc.edu.ar\/ciffyh\/aulas\/","og_site_name":"Centro de Investigaciones &quot;Maria Saleme de Burnichon&quot;","article_modified_time":"2025-04-30T13:25:50+00:00","twitter_card":"summary_large_image","twitter_misc":{"Tiempo de lectura":"1 minuto"},"schema":{"@context":"https:\/\/schema.org","@graph":[{"@type":"WebPage","@id":"https:\/\/ffyh.unc.edu.ar\/ciffyh\/aulas\/","url":"https:\/\/ffyh.unc.edu.ar\/ciffyh\/aulas\/","name":"Reservas de salas de reuniones en el CIFFyH - Centro de Investigaciones &quot;Maria Saleme de Burnichon&quot;","isPartOf":{"@id":"https:\/\/ffyh.unc.edu.ar\/ciffyh\/#website"},"datePublished":"2012-02-22T14:59:44+00:00","dateModified":"2025-04-30T13:25:50+00:00","breadcrumb":{"@id":"https:\/\/ffyh.unc.edu.ar\/ciffyh\/aulas\/#breadcrumb"},"inLanguage":"es","potentialAction":[{"@type":"ReadAction","target":["https:\/\/ffyh.unc.edu.ar\/ciffyh\/aulas\/"]}]},{"@type":"BreadcrumbList","@id":"https:\/\/ffyh.unc.edu.ar\/ciffyh\/aulas\/#breadcrumb","itemListElement":[{"@type":"ListItem","position":1,"name":"Portada","item":"https:\/\/ffyh.unc.edu.ar\/ciffyh\/"},{"@type":"ListItem","position":2,"name":"Reservas de salas de reuniones en el CIFFyH"}]},{"@type":"WebSite","@id":"https:\/\/ffyh.unc.edu.ar\/ciffyh\/#website","url":"https:\/\/ffyh.unc.edu.ar\/ciffyh\/","name":"Centro de Investigaciones \"Maria Saleme de Burnichon\"","description":"Facultad de Filosof\u00eda y Humanidades | UNC","publisher":{"@id":"https:\/\/ffyh.unc.edu.ar\/ciffyh\/#organization"},"potentialAction":[{"@type":"SearchAction","target":{"@type":"EntryPoint","urlTemplate":"https:\/\/ffyh.unc.edu.ar\/ciffyh\/?s={search_term_string}"},"query-input":{"@type":"PropertyValueSpecification","valueRequired":true,"valueName":"search_term_string"}}],"inLanguage":"es"},{"@type":"Organization","@id":"https:\/\/ffyh.unc.edu.ar\/ciffyh\/#organization","name":"Centro de Investigaciones \"Maria Saleme de Burnichon\"","url":"https:\/\/ffyh.unc.edu.ar\/ciffyh\/","logo":{"@type":"ImageObject","inLanguage":"es","@id":"https:\/\/ffyh.unc.edu.ar\/ciffyh\/#\/schema\/logo\/image\/","url":"https:\/\/ffyh.unc.edu.ar\/ciffyh\/wp-content\/uploads\/sites\/10\/2018\/02\/cropped-logo-ciffyh-ico.png","contentUrl":"https:\/\/ffyh.unc.edu.ar\/ciffyh\/wp-content\/uploads\/sites\/10\/2018\/02\/cropped-logo-ciffyh-ico.png","width":512,"height":512,"caption":"Centro de Investigaciones \"Maria Saleme de Burnichon\""},"image":{"@id":"https:\/\/ffyh.unc.edu.ar\/ciffyh\/#\/schema\/logo\/image\/"},"sameAs":["https:\/\/www.instagram.com\/ciffyh\/"]}]}},"_links":{"self":[{"href":"https:\/\/ffyh.unc.edu.ar\/ciffyh\/wp-json\/wp\/v2\/pages\/1087","targetHints":{"allow":["GET"]}}],"collection":[{"href":"https:\/\/ffyh.unc.edu.ar\/ciffyh\/wp-json\/wp\/v2\/pages"}],"about":[{"href":"https:\/\/ffyh.unc.edu.ar\/ciffyh\/wp-json\/wp\/v2\/types\/page"}],"author":[{"embeddable":true,"href":"https:\/\/ffyh.unc.edu.ar\/ciffyh\/wp-json\/wp\/v2\/users\/1"}],"replies":[{"embeddable":true,"href":"https:\/\/ffyh.unc.edu.ar\/ciffyh\/wp-json\/wp\/v2\/comments?post=1087"}],"version-history":[{"count":27,"href":"https:\/\/ffyh.unc.edu.ar\/ciffyh\/wp-json\/wp\/v2\/pages\/1087\/revisions"}],"predecessor-version":[{"id":8193,"href":"https:\/\/ffyh.unc.edu.ar\/ciffyh\/wp-json\/wp\/v2\/pages\/1087\/revisions\/8193"}],"wp:attachment":[{"href":"https:\/\/ffyh.unc.edu.ar\/ciffyh\/wp-json\/wp\/v2\/media?parent=1087"}],"curies":[{"name":"wp","href":"https:\/\/api.w.org\/{rel}","templated":true}]}}