{"id":5482,"date":"2023-02-23T18:24:30","date_gmt":"2023-02-23T18:24:30","guid":{"rendered":"https:\/\/ffyh.unc.edu.ar\/ciffyh\/?page_id=5482"},"modified":"2026-03-26T13:15:56","modified_gmt":"2026-03-26T13:15:56","slug":"tramites","status":"publish","type":"page","link":"https:\/\/ffyh.unc.edu.ar\/ciffyh\/tramites\/","title":{"rendered":"TR\u00c1MITES"},"content":{"rendered":"<p>En esta secci\u00f3n encontrar\u00e1s recursos \u00fatiles para los tr\u00e1mites que se llevan a cabo en el CIFFyH.<\/p>\n<hr \/>\n<h4>Incorporaci\u00f3n de estudiantes y egresadxs a PICIFFyH en calidad de investigadores en formaci\u00f3n<\/h4>\n<p>Lxs directorxs de PICIFFyH que est\u00e9n interesadxs en incorporar estudiantes y egresadxs en calidad de investigadorxs en formaci\u00f3n a sus equipos, podr\u00e1n hacer el pedido a <strong><a href=\"mailto:acaciffyh@ffyh.unc.edu.ar\" target=\"_blank\" rel=\"noopener\">acaciffyh@ffyh.unc.edu.ar<\/a><\/strong> hasta el <strong>5 de abril de 2026<\/strong><\/p>\n<p><strong><span style=\"color: #008000\">Postulaciones de estudiantes y egresadxs:<\/span><\/strong> <strong>Del 6 al 20 de abril<\/strong><\/p>\n<p>Toda la informaci\u00f3n relativa a los PICIFFYH <a href=\"https:\/\/ffyh.unc.edu.ar\/ciffyh\/piciffyh\/\" target=\"_blank\" rel=\"noopener\"><strong>AQU\u00cd<\/strong><\/a><\/p>\n<h4><strong>Co-admisi\u00f3n en el Centro de proyectos de investigaci\u00f3n radicados en otras dependencias y unidades acad\u00e9micas<\/strong><\/h4>\n<p>Lxs directorxs de PIDTA &#8211; SECyT (u otros organismos de Ciencia y T\u00e9cnica reconocidos) interesadxs en tramitar la admisi\u00f3n en el Centro de proyectos de investigaci\u00f3n radicados en otras dependencias y unidades acad\u00e9micas deber\u00e1n completar el siguiente <strong><a href=\"https:\/\/forms.gle\/xVg3icTbKipUpPGK8\" target=\"_blank\" rel=\"noopener\">Formulario<\/a> <\/strong>hasta el <strong>30 de abril de 2026<\/strong><\/p>\n<p>Las solicitudes ser\u00e1n tratadas por el Consejo del Centro para su aprobaci\u00f3n. Se recetaron las solicitudes una vez al a\u00f1o.<\/p>\n<h4><strong>Alta de Bienes de Uso<\/strong><\/h4>\n<p>Por bienes de uso se comprende: muebles (escritorios, sillas, armarios, etc.), equipos y maquinarias (monitores, cpu, notebook, netbook, impresoras, scaners, etc.) y libros.<\/p>\n<p>Para incorporar bienes de uso al patrimonio de la Facultad existen distintas modalidades seg\u00fan la manera en que se han adquirido.<\/p>\n<p>\u00bfC\u00f3mo ingresar un bien al patrimonio de la facultad? Desde <a href=\"http:\/\/ffyh.unc.edu.ar\/ciffyh\/wp-content\/uploads\/sites\/10\/2023\/02\/InstructivoPatrimonio.pdf\" target=\"_blank\" rel=\"noopener\">aqu\u00ed<\/a> pod\u00e9s descargar un instructivo para orientarte c\u00f3mo hacer en cada caso.<\/p>\n<hr \/>\n<h4>Estancias de investigaci\u00f3n<\/h4>\n<p>Los pasos a seguir para que unx investigadorx pueda llevar a cabo una estancia de investigaci\u00f3n en el CIFFyH son los siguientes:<\/p>\n<p><span style=\"font-weight: 400\">1) Lx coordinadorx (o investigadorx anfitrionx) env\u00eda a lx invitadx la nota (<a href=\"https:\/\/ffyh.unc.edu.ar\/ciffyh\/wp-content\/uploads\/sites\/10\/2025\/02\/ANEXO-1-Nota-al-Director-CIFFYH-x-estancia-investigacion-modelo-2025.docx\" target=\"_blank\" rel=\"noopener\">descargar modelo<\/a>).<\/span><\/p>\n<p><span style=\"font-weight: 400\">2) Lx invitadx tiene que enviar la <\/span><b>nota<\/b><span style=\"font-weight: 400\"> por e-mail al correo de la secretar\u00eda del Ciffyh (<\/span><a href=\"mailto:tecnicaciffyh@ffyh.edu.ar\"><span style=\"font-weight: 400\">tecnicaciffyh@ffyh.unc.edu.ar<\/span><\/a><span style=\"font-weight: 400\">), acompa\u00f1ada de un brev\u00edsimo <\/span><b>plan de trabajo (max. 2 p\u00e1ginas) <\/b><span style=\"font-weight: 400\">en el que se expliciten las tareas que realizar\u00e1 en su\u00a0 estancia y la copia del seguro m\u00e9dico contratado para el viaje.<\/span><\/p>\n<p><span style=\"font-weight: 400\">3) Con estos documentos podremos preparar una resoluci\u00f3n interna que permitir\u00e1 la posterior certificaci\u00f3n de lx invitadx y de lx investigadorx anfitrionx.<\/span><\/p>\n<hr \/>\n<h4>Seminarios Interdisciplinarios<\/h4>\n<p>En el calendario de actividades acad\u00e9micas de la FFyH (que se descarga de la p\u00e1gina web <a href=\"https:\/\/ffyh.unc.edu.ar\/calendario-academico\/\">https:\/\/ffyh.unc.edu.ar\/calendario-academico\/<\/a>) figuran las fechas de las convocatorias a la presentaci\u00f3n de seminarios para todas las carreras para el primero y segundo cuatrimestre.<\/p>\n<p>Una vez abierta la fecha de convocatoria que indica el calendario acad\u00e9mico de la Facultad, el CIFFyH recibir\u00e1 las propuestas de seminarios interdisciplinarios. Estas propuestas deben ser presentadas seg\u00fan el siguiente formato:<\/p>\n<p>1) Programa del Seminario presentado de acuerdo al <a href=\"http:\/\/ffyh.unc.edu.ar\/ciffyh\/wp-content\/uploads\/sites\/10\/2023\/02\/Modelo-Programa-Seminario-Interdisciplinario.pdf\" target=\"_blank\" rel=\"noopener\">modelo previsto<\/a>, teniendo especialmente en cuenta los d\u00edas y horarios de cursado, la carga horaria, las carreras a las que est\u00e1 dirigido y la ubicaci\u00f3n en la curr\u00edcula.<\/p>\n<p>2) Si lxs docentxs responsables del dictado del Seminario son investigadorxs de planta del CIFFyH, debe remitirse una <a href=\"http:\/\/ffyh.unc.edu.ar\/ciffyh\/wp-content\/uploads\/sites\/10\/2023\/02\/NotaDelDocenteAldDirectorDelCIFFyH.pdf\" target=\"_blank\" rel=\"noopener\">nota al directorx del CIFFyH<\/a> solicitando autorizaci\u00f3n para su dictado.<\/p>\n<p>En caso que unx docente solicite desempe\u00f1ar complementaci\u00f3n de funciones y\/o carga anexa en este centro y su cargo se radica en un Departamento o Escuela de la Facultad deber\u00e1 presentar una <a href=\"http:\/\/ffyh.unc.edu.ar\/ciffyh\/wp-content\/uploads\/sites\/10\/2023\/02\/NotaDirectorxEscuelaODepto.pdf\" target=\"_blank\" rel=\"noopener\">nota de lx directorx de dicho Departamento o Escuela<\/a> donde se autorice a lx docente a dictar el Seminario en el marco del CIFFyH.<\/p>\n<p>Les recordamos que la tramitaci\u00f3n de dichos Seminarios implica su paso por el Consejo del CIFFyH y posteriormente por los diferentes Consejos de Escuela, Carrera o Departamento para obtener el aval. Es por ello que se sugiere iniciar el tr\u00e1mite con el mayor tiempo de antelaci\u00f3n posible.<\/p>\n<p>La documentaci\u00f3n antes mencionada deber\u00e1 enviarse por e-mail al correo de la Secretar\u00eda T\u00e9cnica del CIFFyH: tecnicaciffyh@ffyh.unc.edu.ar<\/p>\n<hr \/>\n<h4>Tr\u00e1mites de equipos evaluados y aprobados por SECyT<\/h4>\n<p>Los Proyectos y Programas de investigaci\u00f3n con <strong>lugar de trabajo en el CIFFyH que son evaluados y aprobados por SECyT<\/strong> deben pedir cualquier tipo de certificaci\u00f3n directamente en SEICyT de la FFyH (el CIFFyH no puede confeccionar dichos certificados).<\/p>\n<p>Lo mismo ocurre si se desea dar de alta, baja o cambiar el rol de lxs integrantes de los equipos de investigaci\u00f3n.<\/p>\n<p>En todos esos casos se debe ingresar a: <a href=\"https:\/\/ffyh.unc.edu.ar\/secyt\/tramites\/\">https:\/\/ffyh.unc.edu.ar\/secyt\/tramites\/<\/a> y seguir las instrucciones all\u00ed consignadas.<\/p>\n<hr \/>\n<h4>C\u00f3mo informar eventos cient\u00edficos y\/o actividades en el Centro<\/h4>\n<p>Para informar sobre la realizaci\u00f3n de eventos cient\u00edficos y\/o actividades en el Centro, pedido de avales y necesidades de difusi\u00f3n, deber\u00e1n completar el siguiente <a href=\"https:\/\/docs.google.com\/forms\/d\/e\/1FAIpQLSdlhbYJ8idtUSn8prM7vASNYLlORCF_v1pvfbdlKhk4g9Lh-A\/viewform\" target=\"_blank\" rel=\"noopener\"><strong>formulario<\/strong><\/a>.<\/p>\n<p><span style=\"color: #008000\"><strong>Aclaraci\u00f3n: <\/strong><span style=\"color: #000000\">Si la actividad est\u00e1 organizada por un Proyecto o Programa radicado en el CIFFyH, no se necesita pedir aval institucional.\u00a0<\/span><\/span><\/p>\n","protected":false},"excerpt":{"rendered":"<p>En esta secci\u00f3n encontrar\u00e1s recursos \u00fatiles para los tr\u00e1mites que se llevan a cabo en el CIFFyH. Incorporaci\u00f3n de estudiantes<\/p>\n","protected":false},"author":39,"featured_media":7057,"parent":0,"menu_order":0,"comment_status":"closed","ping_status":"closed","template":"","meta":{"_acf_changed":false,"colormag_page_container_layout":"default_layout","colormag_page_sidebar_layout":"default_layout","footnotes":""},"class_list":["post-5482","page","type-page","status-publish","has-post-thumbnail","hentry"],"acf":[],"yoast_head":"<!-- This site is optimized with the Yoast SEO plugin v27.1.1 - https:\/\/yoast.com\/product\/yoast-seo-wordpress\/ -->\n<title>TR\u00c1MITES - Centro de Investigaciones &quot;Maria Saleme de Burnichon&quot;<\/title>\n<meta name=\"robots\" content=\"index, follow, max-snippet:-1, max-image-preview:large, max-video-preview:-1\" \/>\n<link rel=\"canonical\" href=\"https:\/\/ffyh.unc.edu.ar\/ciffyh\/tramites\/\" \/>\n<meta property=\"og:locale\" content=\"es_ES\" \/>\n<meta property=\"og:type\" content=\"article\" \/>\n<meta property=\"og:title\" content=\"TR\u00c1MITES - Centro de Investigaciones &quot;Maria Saleme de Burnichon&quot;\" \/>\n<meta property=\"og:description\" content=\"En esta secci\u00f3n encontrar\u00e1s recursos \u00fatiles para los tr\u00e1mites que se llevan a cabo en el CIFFyH. Incorporaci\u00f3n de estudiantes\" \/>\n<meta property=\"og:url\" content=\"https:\/\/ffyh.unc.edu.ar\/ciffyh\/tramites\/\" \/>\n<meta property=\"og:site_name\" content=\"Centro de Investigaciones &quot;Maria Saleme de Burnichon&quot;\" \/>\n<meta property=\"article:modified_time\" content=\"2026-03-26T13:15:56+00:00\" \/>\n<meta property=\"og:image\" content=\"http:\/\/ffyh.unc.edu.ar\/ciffyh\/wp-content\/uploads\/sites\/10\/2024\/02\/foto-ciffyh-scaled.jpg\" \/>\n\t<meta property=\"og:image:width\" content=\"2560\" \/>\n\t<meta property=\"og:image:height\" content=\"1920\" \/>\n\t<meta property=\"og:image:type\" content=\"image\/jpeg\" \/>\n<meta name=\"twitter:card\" content=\"summary_large_image\" \/>\n<meta name=\"twitter:label1\" content=\"Tiempo de lectura\" \/>\n\t<meta name=\"twitter:data1\" content=\"4 minutos\" \/>\n<script type=\"application\/ld+json\" class=\"yoast-schema-graph\">{\"@context\":\"https:\/\/schema.org\",\"@graph\":[{\"@type\":\"WebPage\",\"@id\":\"https:\/\/ffyh.unc.edu.ar\/ciffyh\/tramites\/\",\"url\":\"https:\/\/ffyh.unc.edu.ar\/ciffyh\/tramites\/\",\"name\":\"TR\u00c1MITES - Centro de Investigaciones &quot;Maria Saleme de Burnichon&quot;\",\"isPartOf\":{\"@id\":\"https:\/\/ffyh.unc.edu.ar\/ciffyh\/#website\"},\"primaryImageOfPage\":{\"@id\":\"https:\/\/ffyh.unc.edu.ar\/ciffyh\/tramites\/#primaryimage\"},\"image\":{\"@id\":\"https:\/\/ffyh.unc.edu.ar\/ciffyh\/tramites\/#primaryimage\"},\"thumbnailUrl\":\"https:\/\/ffyh.unc.edu.ar\/ciffyh\/wp-content\/uploads\/sites\/10\/2024\/02\/foto-ciffyh-scaled.jpg\",\"datePublished\":\"2023-02-23T18:24:30+00:00\",\"dateModified\":\"2026-03-26T13:15:56+00:00\",\"breadcrumb\":{\"@id\":\"https:\/\/ffyh.unc.edu.ar\/ciffyh\/tramites\/#breadcrumb\"},\"inLanguage\":\"es\",\"potentialAction\":[{\"@type\":\"ReadAction\",\"target\":[\"https:\/\/ffyh.unc.edu.ar\/ciffyh\/tramites\/\"]}]},{\"@type\":\"ImageObject\",\"inLanguage\":\"es\",\"@id\":\"https:\/\/ffyh.unc.edu.ar\/ciffyh\/tramites\/#primaryimage\",\"url\":\"https:\/\/ffyh.unc.edu.ar\/ciffyh\/wp-content\/uploads\/sites\/10\/2024\/02\/foto-ciffyh-scaled.jpg\",\"contentUrl\":\"https:\/\/ffyh.unc.edu.ar\/ciffyh\/wp-content\/uploads\/sites\/10\/2024\/02\/foto-ciffyh-scaled.jpg\",\"width\":2560,\"height\":1920},{\"@type\":\"BreadcrumbList\",\"@id\":\"https:\/\/ffyh.unc.edu.ar\/ciffyh\/tramites\/#breadcrumb\",\"itemListElement\":[{\"@type\":\"ListItem\",\"position\":1,\"name\":\"Portada\",\"item\":\"https:\/\/ffyh.unc.edu.ar\/ciffyh\/\"},{\"@type\":\"ListItem\",\"position\":2,\"name\":\"TR\u00c1MITES\"}]},{\"@type\":\"WebSite\",\"@id\":\"https:\/\/ffyh.unc.edu.ar\/ciffyh\/#website\",\"url\":\"https:\/\/ffyh.unc.edu.ar\/ciffyh\/\",\"name\":\"Centro de Investigaciones \\\"Maria Saleme de Burnichon\\\"\",\"description\":\"Facultad de Filosof\u00eda y Humanidades | UNC\",\"publisher\":{\"@id\":\"https:\/\/ffyh.unc.edu.ar\/ciffyh\/#organization\"},\"potentialAction\":[{\"@type\":\"SearchAction\",\"target\":{\"@type\":\"EntryPoint\",\"urlTemplate\":\"https:\/\/ffyh.unc.edu.ar\/ciffyh\/?s={search_term_string}\"},\"query-input\":{\"@type\":\"PropertyValueSpecification\",\"valueRequired\":true,\"valueName\":\"search_term_string\"}}],\"inLanguage\":\"es\"},{\"@type\":\"Organization\",\"@id\":\"https:\/\/ffyh.unc.edu.ar\/ciffyh\/#organization\",\"name\":\"Centro de Investigaciones \\\"Maria Saleme de Burnichon\\\"\",\"url\":\"https:\/\/ffyh.unc.edu.ar\/ciffyh\/\",\"logo\":{\"@type\":\"ImageObject\",\"inLanguage\":\"es\",\"@id\":\"https:\/\/ffyh.unc.edu.ar\/ciffyh\/#\/schema\/logo\/image\/\",\"url\":\"https:\/\/ffyh.unc.edu.ar\/ciffyh\/wp-content\/uploads\/sites\/10\/2018\/02\/cropped-logo-ciffyh-ico.png\",\"contentUrl\":\"https:\/\/ffyh.unc.edu.ar\/ciffyh\/wp-content\/uploads\/sites\/10\/2018\/02\/cropped-logo-ciffyh-ico.png\",\"width\":512,\"height\":512,\"caption\":\"Centro de Investigaciones \\\"Maria Saleme de Burnichon\\\"\"},\"image\":{\"@id\":\"https:\/\/ffyh.unc.edu.ar\/ciffyh\/#\/schema\/logo\/image\/\"},\"sameAs\":[\"https:\/\/www.instagram.com\/ciffyh\/\"]}]}<\/script>\n<!-- \/ Yoast SEO plugin. -->","yoast_head_json":{"title":"TR\u00c1MITES - Centro de Investigaciones &quot;Maria Saleme de Burnichon&quot;","robots":{"index":"index","follow":"follow","max-snippet":"max-snippet:-1","max-image-preview":"max-image-preview:large","max-video-preview":"max-video-preview:-1"},"canonical":"https:\/\/ffyh.unc.edu.ar\/ciffyh\/tramites\/","og_locale":"es_ES","og_type":"article","og_title":"TR\u00c1MITES - Centro de Investigaciones &quot;Maria Saleme de Burnichon&quot;","og_description":"En esta secci\u00f3n encontrar\u00e1s recursos \u00fatiles para los tr\u00e1mites que se llevan a cabo en el CIFFyH. Incorporaci\u00f3n de estudiantes","og_url":"https:\/\/ffyh.unc.edu.ar\/ciffyh\/tramites\/","og_site_name":"Centro de Investigaciones &quot;Maria Saleme de Burnichon&quot;","article_modified_time":"2026-03-26T13:15:56+00:00","og_image":[{"width":2560,"height":1920,"url":"http:\/\/ffyh.unc.edu.ar\/ciffyh\/wp-content\/uploads\/sites\/10\/2024\/02\/foto-ciffyh-scaled.jpg","type":"image\/jpeg"}],"twitter_card":"summary_large_image","twitter_misc":{"Tiempo de lectura":"4 minutos"},"schema":{"@context":"https:\/\/schema.org","@graph":[{"@type":"WebPage","@id":"https:\/\/ffyh.unc.edu.ar\/ciffyh\/tramites\/","url":"https:\/\/ffyh.unc.edu.ar\/ciffyh\/tramites\/","name":"TR\u00c1MITES - Centro de Investigaciones &quot;Maria Saleme de Burnichon&quot;","isPartOf":{"@id":"https:\/\/ffyh.unc.edu.ar\/ciffyh\/#website"},"primaryImageOfPage":{"@id":"https:\/\/ffyh.unc.edu.ar\/ciffyh\/tramites\/#primaryimage"},"image":{"@id":"https:\/\/ffyh.unc.edu.ar\/ciffyh\/tramites\/#primaryimage"},"thumbnailUrl":"https:\/\/ffyh.unc.edu.ar\/ciffyh\/wp-content\/uploads\/sites\/10\/2024\/02\/foto-ciffyh-scaled.jpg","datePublished":"2023-02-23T18:24:30+00:00","dateModified":"2026-03-26T13:15:56+00:00","breadcrumb":{"@id":"https:\/\/ffyh.unc.edu.ar\/ciffyh\/tramites\/#breadcrumb"},"inLanguage":"es","potentialAction":[{"@type":"ReadAction","target":["https:\/\/ffyh.unc.edu.ar\/ciffyh\/tramites\/"]}]},{"@type":"ImageObject","inLanguage":"es","@id":"https:\/\/ffyh.unc.edu.ar\/ciffyh\/tramites\/#primaryimage","url":"https:\/\/ffyh.unc.edu.ar\/ciffyh\/wp-content\/uploads\/sites\/10\/2024\/02\/foto-ciffyh-scaled.jpg","contentUrl":"https:\/\/ffyh.unc.edu.ar\/ciffyh\/wp-content\/uploads\/sites\/10\/2024\/02\/foto-ciffyh-scaled.jpg","width":2560,"height":1920},{"@type":"BreadcrumbList","@id":"https:\/\/ffyh.unc.edu.ar\/ciffyh\/tramites\/#breadcrumb","itemListElement":[{"@type":"ListItem","position":1,"name":"Portada","item":"https:\/\/ffyh.unc.edu.ar\/ciffyh\/"},{"@type":"ListItem","position":2,"name":"TR\u00c1MITES"}]},{"@type":"WebSite","@id":"https:\/\/ffyh.unc.edu.ar\/ciffyh\/#website","url":"https:\/\/ffyh.unc.edu.ar\/ciffyh\/","name":"Centro de Investigaciones \"Maria Saleme de Burnichon\"","description":"Facultad de Filosof\u00eda y Humanidades | UNC","publisher":{"@id":"https:\/\/ffyh.unc.edu.ar\/ciffyh\/#organization"},"potentialAction":[{"@type":"SearchAction","target":{"@type":"EntryPoint","urlTemplate":"https:\/\/ffyh.unc.edu.ar\/ciffyh\/?s={search_term_string}"},"query-input":{"@type":"PropertyValueSpecification","valueRequired":true,"valueName":"search_term_string"}}],"inLanguage":"es"},{"@type":"Organization","@id":"https:\/\/ffyh.unc.edu.ar\/ciffyh\/#organization","name":"Centro de Investigaciones \"Maria Saleme de Burnichon\"","url":"https:\/\/ffyh.unc.edu.ar\/ciffyh\/","logo":{"@type":"ImageObject","inLanguage":"es","@id":"https:\/\/ffyh.unc.edu.ar\/ciffyh\/#\/schema\/logo\/image\/","url":"https:\/\/ffyh.unc.edu.ar\/ciffyh\/wp-content\/uploads\/sites\/10\/2018\/02\/cropped-logo-ciffyh-ico.png","contentUrl":"https:\/\/ffyh.unc.edu.ar\/ciffyh\/wp-content\/uploads\/sites\/10\/2018\/02\/cropped-logo-ciffyh-ico.png","width":512,"height":512,"caption":"Centro de Investigaciones \"Maria Saleme de Burnichon\""},"image":{"@id":"https:\/\/ffyh.unc.edu.ar\/ciffyh\/#\/schema\/logo\/image\/"},"sameAs":["https:\/\/www.instagram.com\/ciffyh\/"]}]}},"_links":{"self":[{"href":"https:\/\/ffyh.unc.edu.ar\/ciffyh\/wp-json\/wp\/v2\/pages\/5482","targetHints":{"allow":["GET"]}}],"collection":[{"href":"https:\/\/ffyh.unc.edu.ar\/ciffyh\/wp-json\/wp\/v2\/pages"}],"about":[{"href":"https:\/\/ffyh.unc.edu.ar\/ciffyh\/wp-json\/wp\/v2\/types\/page"}],"author":[{"embeddable":true,"href":"https:\/\/ffyh.unc.edu.ar\/ciffyh\/wp-json\/wp\/v2\/users\/39"}],"replies":[{"embeddable":true,"href":"https:\/\/ffyh.unc.edu.ar\/ciffyh\/wp-json\/wp\/v2\/comments?post=5482"}],"version-history":[{"count":38,"href":"https:\/\/ffyh.unc.edu.ar\/ciffyh\/wp-json\/wp\/v2\/pages\/5482\/revisions"}],"predecessor-version":[{"id":9066,"href":"https:\/\/ffyh.unc.edu.ar\/ciffyh\/wp-json\/wp\/v2\/pages\/5482\/revisions\/9066"}],"wp:featuredmedia":[{"embeddable":true,"href":"https:\/\/ffyh.unc.edu.ar\/ciffyh\/wp-json\/wp\/v2\/media\/7057"}],"wp:attachment":[{"href":"https:\/\/ffyh.unc.edu.ar\/ciffyh\/wp-json\/wp\/v2\/media?parent=5482"}],"curies":[{"name":"wp","href":"https:\/\/api.w.org\/{rel}","templated":true}]}}