{"id":8165,"date":"2025-04-14T16:04:08","date_gmt":"2025-04-14T16:04:08","guid":{"rendered":"https:\/\/ffyh.unc.edu.ar\/ciffyh\/?page_id=8165"},"modified":"2025-05-06T18:03:34","modified_gmt":"2025-05-06T18:03:34","slug":"incorporacion-de-integrantes","status":"publish","type":"page","link":"https:\/\/ffyh.unc.edu.ar\/ciffyh\/incorporacion-de-integrantes\/","title":{"rendered":"Incorporaci\u00f3n de integrantes"},"content":{"rendered":"<p dir=\"ltr\">El CIFFyH habilitar\u00e1 una <strong>convocatoria anual<\/strong> para incorporar <span style=\"color: #008000\"><strong>estudiantes y egresadxs<\/strong><\/span>, en calidad de <strong>investigadorxs en formaci\u00f3n<\/strong>, a los proyectos de investigaci\u00f3n con aval acad\u00e9mico y radicaci\u00f3n en el CIFFyH (PICIFFyH).<\/p>\n<p dir=\"ltr\"><span style=\"color: #008000\"><strong><span style=\"color: #000000\">CONVOCATORIA 2025<\/span> <a href=\"https:\/\/ffyh.unc.edu.ar\/ciffyh\/convocatoria-a-miembrxs-estudiantes-y-egresadxs-para-proyectos-de-investigacion-del-ciffyh-piciffyh\/\" target=\"_blank\" rel=\"noopener\">AQU\u00cd<\/a><\/strong><\/span><\/p>\n<p dir=\"ltr\">De acuerdo con el\u00a0Art. 6 del\u00a0<a href=\"https:\/\/ffyh.unc.edu.ar\/ciffyh\/wp-content\/uploads\/sites\/10\/2018\/04\/2018-Reglamento-CIFFyH.pdf\" target=\"_blank\" rel=\"noopener\" data-saferedirecturl=\"https:\/\/www.google.com\/url?q=https:\/\/ffyh.unc.edu.ar\/ciffyh\/wp-content\/uploads\/sites\/10\/2018\/04\/2018-Reglamento-CIFFyH.pdf&amp;source=gmail&amp;ust=1744732531246000&amp;usg=AOvVaw2fQGCfpK_xmXgM95iq_KFt\">Reglamento del CIFFyH<\/a>, el procedimiento implica:<\/p>\n<p dir=\"ltr\">1)\u00a0\u00a0<strong>Convocatoria p\u00fablica:<\/strong> para esto se solicitar\u00e1 a lxs directorxs de equipo interesadxs que comuniquen en la fecha establecida cada a\u00f1o al Centro si necesitan incorporar estudiantes y\/o egresadxs a sus equipos de investigaci\u00f3n.<\/p>\n<p dir=\"ltr\">2)\u00a0<strong>Presentaci\u00f3n de antecedentes y postulaci\u00f3n:<\/strong> lxs estudiantes y\/o egresadxs interesadxs en incorporarse a los equipos habilitados en la convocatoria deber\u00e1n enviar un CV nominal y una breve fundamentaci\u00f3n de su postulaci\u00f3n a <a href=\"mailto:tecnicaciffyh@ffyh.unc.edu.ar\" target=\"_blank\" rel=\"noopener\">tecnicaciffyh@ffyh.unc.edu.ar<\/a><\/p>\n<p dir=\"ltr\">Estos documentos ser\u00e1n remitidos a los respectivos directorxs de equipos.<\/p>\n<p dir=\"ltr\">3)\u00a0<strong>Evaluaci\u00f3n de antecedentes y entrevista:<\/strong> lxs directorxs de equipo ser\u00e1n convocados oportunamente para la sustanciaci\u00f3n de las entrevistas con lxs estudiantes y egresadxs interesadxs en incorporarse a sus equipos de investigaci\u00f3n y, a dicho fin, deber\u00e1 elaborarse un acta con orden de m\u00e9rito fundamentado en una valoraci\u00f3n cualitativa de ambas instancias (antecedentes y entrevistas). En base a estas actas el Consejo del CIFFyH designar\u00e1 a lxs estudiantes y\/o egresados como investigadorxs en formaci\u00f3n del Centro durante el per\u00edodo de vigencia del proyecto al cual se incorporen.<\/p>\n<p dir=\"ltr\">En el caso de solicitar la <strong><span style=\"color: #008000\">incorporaci\u00f3n de investigadores\/as o codirector\/a<\/span><\/strong>, el\/la Director\/a deber\u00e1 presentar la solicitud con una breve justificaci\u00f3n y adjuntar un CV del\/la investigador\/a a incorporar.<\/p>\n<p dir=\"ltr\"><strong>CONVOCATORIA ANUAL 2025<\/strong><\/p>\n<ul>\n<li dir=\"ltr\">\n<p dir=\"ltr\" role=\"presentation\">Solicitud de incorporaci\u00f3n de integrantes por parte de lxs Directorxs de los PICIFFyH: <strong><span style=\"color: #008000\">hasta 26\/04\/2025<\/span><\/strong><\/p>\n<\/li>\n<li dir=\"ltr\">\n<p dir=\"ltr\" role=\"presentation\">Postulaciones de estudiantes y egresadxs: desde el <strong><span style=\"color: #008000\">5 hasta el 23 de mayo de 2025<\/span><\/strong><\/p>\n<\/li>\n<li dir=\"ltr\">\n<p dir=\"ltr\" role=\"presentation\">Evaluaci\u00f3n de antecedentes y entrevista: <strong><span style=\"color: #008000\">junio 2025<\/span><\/strong>, en fecha a confirmar<\/p>\n<\/li>\n<\/ul>\n","protected":false},"excerpt":{"rendered":"<p>El CIFFyH habilitar\u00e1 una convocatoria anual para incorporar estudiantes y egresadxs, en calidad de investigadorxs en formaci\u00f3n, a los proyectos<\/p>\n","protected":false},"author":39,"featured_media":0,"parent":0,"menu_order":0,"comment_status":"closed","ping_status":"closed","template":"","meta":{"_acf_changed":false,"colormag_page_container_layout":"default_layout","colormag_page_sidebar_layout":"default_layout","footnotes":""},"class_list":["post-8165","page","type-page","status-publish","hentry"],"acf":[],"yoast_head":"<!-- This site is optimized with the Yoast SEO plugin v27.1.1 - https:\/\/yoast.com\/product\/yoast-seo-wordpress\/ -->\n<title>Incorporaci\u00f3n de integrantes - Centro de Investigaciones &quot;Maria Saleme de Burnichon&quot;<\/title>\n<meta name=\"robots\" content=\"index, follow, max-snippet:-1, max-image-preview:large, max-video-preview:-1\" \/>\n<link rel=\"canonical\" href=\"https:\/\/ffyh.unc.edu.ar\/ciffyh\/incorporacion-de-integrantes\/\" \/>\n<meta property=\"og:locale\" content=\"es_ES\" \/>\n<meta property=\"og:type\" content=\"article\" \/>\n<meta property=\"og:title\" content=\"Incorporaci\u00f3n de integrantes - Centro de Investigaciones &quot;Maria Saleme de Burnichon&quot;\" \/>\n<meta property=\"og:description\" content=\"El CIFFyH habilitar\u00e1 una convocatoria anual para incorporar estudiantes y egresadxs, en calidad de investigadorxs en formaci\u00f3n, a los proyectos\" \/>\n<meta property=\"og:url\" content=\"https:\/\/ffyh.unc.edu.ar\/ciffyh\/incorporacion-de-integrantes\/\" \/>\n<meta property=\"og:site_name\" content=\"Centro de Investigaciones &quot;Maria Saleme de Burnichon&quot;\" \/>\n<meta property=\"article:modified_time\" content=\"2025-05-06T18:03:34+00:00\" \/>\n<meta name=\"twitter:card\" content=\"summary_large_image\" \/>\n<meta name=\"twitter:label1\" content=\"Tiempo de lectura\" \/>\n\t<meta name=\"twitter:data1\" content=\"2 minutos\" \/>\n<script type=\"application\/ld+json\" class=\"yoast-schema-graph\">{\"@context\":\"https:\/\/schema.org\",\"@graph\":[{\"@type\":\"WebPage\",\"@id\":\"https:\/\/ffyh.unc.edu.ar\/ciffyh\/incorporacion-de-integrantes\/\",\"url\":\"https:\/\/ffyh.unc.edu.ar\/ciffyh\/incorporacion-de-integrantes\/\",\"name\":\"Incorporaci\u00f3n de integrantes - Centro de Investigaciones &quot;Maria Saleme de Burnichon&quot;\",\"isPartOf\":{\"@id\":\"https:\/\/ffyh.unc.edu.ar\/ciffyh\/#website\"},\"datePublished\":\"2025-04-14T16:04:08+00:00\",\"dateModified\":\"2025-05-06T18:03:34+00:00\",\"breadcrumb\":{\"@id\":\"https:\/\/ffyh.unc.edu.ar\/ciffyh\/incorporacion-de-integrantes\/#breadcrumb\"},\"inLanguage\":\"es\",\"potentialAction\":[{\"@type\":\"ReadAction\",\"target\":[\"https:\/\/ffyh.unc.edu.ar\/ciffyh\/incorporacion-de-integrantes\/\"]}]},{\"@type\":\"BreadcrumbList\",\"@id\":\"https:\/\/ffyh.unc.edu.ar\/ciffyh\/incorporacion-de-integrantes\/#breadcrumb\",\"itemListElement\":[{\"@type\":\"ListItem\",\"position\":1,\"name\":\"Portada\",\"item\":\"https:\/\/ffyh.unc.edu.ar\/ciffyh\/\"},{\"@type\":\"ListItem\",\"position\":2,\"name\":\"Incorporaci\u00f3n de integrantes\"}]},{\"@type\":\"WebSite\",\"@id\":\"https:\/\/ffyh.unc.edu.ar\/ciffyh\/#website\",\"url\":\"https:\/\/ffyh.unc.edu.ar\/ciffyh\/\",\"name\":\"Centro de Investigaciones \\\"Maria Saleme de Burnichon\\\"\",\"description\":\"Facultad de Filosof\u00eda y Humanidades | UNC\",\"publisher\":{\"@id\":\"https:\/\/ffyh.unc.edu.ar\/ciffyh\/#organization\"},\"potentialAction\":[{\"@type\":\"SearchAction\",\"target\":{\"@type\":\"EntryPoint\",\"urlTemplate\":\"https:\/\/ffyh.unc.edu.ar\/ciffyh\/?s={search_term_string}\"},\"query-input\":{\"@type\":\"PropertyValueSpecification\",\"valueRequired\":true,\"valueName\":\"search_term_string\"}}],\"inLanguage\":\"es\"},{\"@type\":\"Organization\",\"@id\":\"https:\/\/ffyh.unc.edu.ar\/ciffyh\/#organization\",\"name\":\"Centro de Investigaciones \\\"Maria Saleme de Burnichon\\\"\",\"url\":\"https:\/\/ffyh.unc.edu.ar\/ciffyh\/\",\"logo\":{\"@type\":\"ImageObject\",\"inLanguage\":\"es\",\"@id\":\"https:\/\/ffyh.unc.edu.ar\/ciffyh\/#\/schema\/logo\/image\/\",\"url\":\"https:\/\/ffyh.unc.edu.ar\/ciffyh\/wp-content\/uploads\/sites\/10\/2018\/02\/cropped-logo-ciffyh-ico.png\",\"contentUrl\":\"https:\/\/ffyh.unc.edu.ar\/ciffyh\/wp-content\/uploads\/sites\/10\/2018\/02\/cropped-logo-ciffyh-ico.png\",\"width\":512,\"height\":512,\"caption\":\"Centro de Investigaciones \\\"Maria Saleme de Burnichon\\\"\"},\"image\":{\"@id\":\"https:\/\/ffyh.unc.edu.ar\/ciffyh\/#\/schema\/logo\/image\/\"},\"sameAs\":[\"https:\/\/www.instagram.com\/ciffyh\/\"]}]}<\/script>\n<!-- \/ Yoast SEO plugin. -->","yoast_head_json":{"title":"Incorporaci\u00f3n de integrantes - Centro de Investigaciones &quot;Maria Saleme de Burnichon&quot;","robots":{"index":"index","follow":"follow","max-snippet":"max-snippet:-1","max-image-preview":"max-image-preview:large","max-video-preview":"max-video-preview:-1"},"canonical":"https:\/\/ffyh.unc.edu.ar\/ciffyh\/incorporacion-de-integrantes\/","og_locale":"es_ES","og_type":"article","og_title":"Incorporaci\u00f3n de integrantes - Centro de Investigaciones &quot;Maria Saleme de Burnichon&quot;","og_description":"El CIFFyH habilitar\u00e1 una convocatoria anual para incorporar estudiantes y egresadxs, en calidad de investigadorxs en formaci\u00f3n, a los proyectos","og_url":"https:\/\/ffyh.unc.edu.ar\/ciffyh\/incorporacion-de-integrantes\/","og_site_name":"Centro de Investigaciones &quot;Maria Saleme de Burnichon&quot;","article_modified_time":"2025-05-06T18:03:34+00:00","twitter_card":"summary_large_image","twitter_misc":{"Tiempo de lectura":"2 minutos"},"schema":{"@context":"https:\/\/schema.org","@graph":[{"@type":"WebPage","@id":"https:\/\/ffyh.unc.edu.ar\/ciffyh\/incorporacion-de-integrantes\/","url":"https:\/\/ffyh.unc.edu.ar\/ciffyh\/incorporacion-de-integrantes\/","name":"Incorporaci\u00f3n de integrantes - Centro de Investigaciones &quot;Maria Saleme de Burnichon&quot;","isPartOf":{"@id":"https:\/\/ffyh.unc.edu.ar\/ciffyh\/#website"},"datePublished":"2025-04-14T16:04:08+00:00","dateModified":"2025-05-06T18:03:34+00:00","breadcrumb":{"@id":"https:\/\/ffyh.unc.edu.ar\/ciffyh\/incorporacion-de-integrantes\/#breadcrumb"},"inLanguage":"es","potentialAction":[{"@type":"ReadAction","target":["https:\/\/ffyh.unc.edu.ar\/ciffyh\/incorporacion-de-integrantes\/"]}]},{"@type":"BreadcrumbList","@id":"https:\/\/ffyh.unc.edu.ar\/ciffyh\/incorporacion-de-integrantes\/#breadcrumb","itemListElement":[{"@type":"ListItem","position":1,"name":"Portada","item":"https:\/\/ffyh.unc.edu.ar\/ciffyh\/"},{"@type":"ListItem","position":2,"name":"Incorporaci\u00f3n de integrantes"}]},{"@type":"WebSite","@id":"https:\/\/ffyh.unc.edu.ar\/ciffyh\/#website","url":"https:\/\/ffyh.unc.edu.ar\/ciffyh\/","name":"Centro de Investigaciones \"Maria Saleme de Burnichon\"","description":"Facultad de Filosof\u00eda y Humanidades | UNC","publisher":{"@id":"https:\/\/ffyh.unc.edu.ar\/ciffyh\/#organization"},"potentialAction":[{"@type":"SearchAction","target":{"@type":"EntryPoint","urlTemplate":"https:\/\/ffyh.unc.edu.ar\/ciffyh\/?s={search_term_string}"},"query-input":{"@type":"PropertyValueSpecification","valueRequired":true,"valueName":"search_term_string"}}],"inLanguage":"es"},{"@type":"Organization","@id":"https:\/\/ffyh.unc.edu.ar\/ciffyh\/#organization","name":"Centro de Investigaciones \"Maria Saleme de Burnichon\"","url":"https:\/\/ffyh.unc.edu.ar\/ciffyh\/","logo":{"@type":"ImageObject","inLanguage":"es","@id":"https:\/\/ffyh.unc.edu.ar\/ciffyh\/#\/schema\/logo\/image\/","url":"https:\/\/ffyh.unc.edu.ar\/ciffyh\/wp-content\/uploads\/sites\/10\/2018\/02\/cropped-logo-ciffyh-ico.png","contentUrl":"https:\/\/ffyh.unc.edu.ar\/ciffyh\/wp-content\/uploads\/sites\/10\/2018\/02\/cropped-logo-ciffyh-ico.png","width":512,"height":512,"caption":"Centro de Investigaciones \"Maria Saleme de Burnichon\""},"image":{"@id":"https:\/\/ffyh.unc.edu.ar\/ciffyh\/#\/schema\/logo\/image\/"},"sameAs":["https:\/\/www.instagram.com\/ciffyh\/"]}]}},"_links":{"self":[{"href":"https:\/\/ffyh.unc.edu.ar\/ciffyh\/wp-json\/wp\/v2\/pages\/8165","targetHints":{"allow":["GET"]}}],"collection":[{"href":"https:\/\/ffyh.unc.edu.ar\/ciffyh\/wp-json\/wp\/v2\/pages"}],"about":[{"href":"https:\/\/ffyh.unc.edu.ar\/ciffyh\/wp-json\/wp\/v2\/types\/page"}],"author":[{"embeddable":true,"href":"https:\/\/ffyh.unc.edu.ar\/ciffyh\/wp-json\/wp\/v2\/users\/39"}],"replies":[{"embeddable":true,"href":"https:\/\/ffyh.unc.edu.ar\/ciffyh\/wp-json\/wp\/v2\/comments?post=8165"}],"version-history":[{"count":5,"href":"https:\/\/ffyh.unc.edu.ar\/ciffyh\/wp-json\/wp\/v2\/pages\/8165\/revisions"}],"predecessor-version":[{"id":8219,"href":"https:\/\/ffyh.unc.edu.ar\/ciffyh\/wp-json\/wp\/v2\/pages\/8165\/revisions\/8219"}],"wp:attachment":[{"href":"https:\/\/ffyh.unc.edu.ar\/ciffyh\/wp-json\/wp\/v2\/media?parent=8165"}],"curies":[{"name":"wp","href":"https:\/\/api.w.org\/{rel}","templated":true}]}}

Incorporación de integrantes

<p dir="ltr">El CIFFyH habilitará una <strong>convocatoria anual</strong> para incorporar <span style="color: #008000"><strong>estudiantes y egresadxs</strong></span>, en calidad de <strong>investigadorxs en formación</strong>, a los proyectos de investigación con aval académico y radicación en el CIFFyH (PICIFFyH).</p>
<p dir="ltr"><span style="color: #008000"><strong><span style="color: #000000">CONVOCATORIA 2025</span> <a href="https://ffyh.unc.edu.ar/ciffyh/convocatoria-a-miembrxs-estudiantes-y-egresadxs-para-proyectos-de-investigacion-del-ciffyh-piciffyh/" target="_blank" rel="noopener">AQUÍ</a></strong></span></p>
<p dir="ltr">De acuerdo con el Art. 6 del <a href="https://ffyh.unc.edu.ar/ciffyh/wp-content/uploads/sites/10/2018/04/2018-Reglamento-CIFFyH.pdf" target="_blank" rel="noopener" data-saferedirecturl="https://www.google.com/url?q=https://ffyh.unc.edu.ar/ciffyh/wp-content/uploads/sites/10/2018/04/2018-Reglamento-CIFFyH.pdf&amp;source=gmail&amp;ust=1744732531246000&amp;usg=AOvVaw2fQGCfpK_xmXgM95iq_KFt">Reglamento del CIFFyH</a>, el procedimiento implica:</p>
<p dir="ltr">1)  <strong>Convocatoria pública:</strong> para esto se solicitará a lxs directorxs de equipo interesadxs que comuniquen en la fecha establecida cada año al Centro si necesitan incorporar estudiantes y/o egresadxs a sus equipos de investigación.</p>
<p dir="ltr">2) <strong>Presentación de antecedentes y postulación:</strong> lxs estudiantes y/o egresadxs interesadxs en incorporarse a los equipos habilitados en la convocatoria deberán enviar un CV nominal y una breve fundamentación de su postulación a <a href="mailto:tecnicaciffyh@ffyh.unc.edu.ar" target="_blank" rel="noopener">tecnicaciffyh@ffyh.unc.edu.ar</a></p>
<p dir="ltr">Estos documentos serán remitidos a los respectivos directorxs de equipos.</p>
<p dir="ltr">3) <strong>Evaluación de antecedentes y entrevista:</strong> lxs directorxs de equipo serán convocados oportunamente para la sustanciación de las entrevistas con lxs estudiantes y egresadxs interesadxs en incorporarse a sus equipos de investigación y, a dicho fin, deberá elaborarse un acta con orden de mérito fundamentado en una valoración cualitativa de ambas instancias (antecedentes y entrevistas). En base a estas actas el Consejo del CIFFyH designará a lxs estudiantes y/o egresados como investigadorxs en formación del Centro durante el período de vigencia del proyecto al cual se incorporen.</p>
<p dir="ltr">En el caso de solicitar la <strong><span style="color: #008000">incorporación de investigadores/as o codirector/a</span></strong>, el/la Director/a deberá presentar la solicitud con una breve justificación y adjuntar un CV del/la investigador/a a incorporar.</p>
<p dir="ltr"><strong>CONVOCATORIA ANUAL 2025</strong></p>
<ul>
<li dir="ltr">
<p dir="ltr" role="presentation">Solicitud de incorporación de integrantes por parte de lxs Directorxs de los PICIFFyH: <strong><span style="color: #008000">hasta 26/04/2025</span></strong></p>
</li>
<li dir="ltr">
<p dir="ltr" role="presentation">Postulaciones de estudiantes y egresadxs: desde el <strong><span style="color: #008000">5 hasta el 23 de mayo de 2025</span></strong></p>
</li>
<li dir="ltr">
<p dir="ltr" role="presentation">Evaluación de antecedentes y entrevista: <strong><span style="color: #008000">junio 2025</span></strong>, en fecha a confirmar</p>
</li>
</ul>

<p>El CIFFyH habilitará una convocatoria anual para incorporar estudiantes y egresadxs, en calidad de investigadorxs en formación, a los proyectos</p>

<!-- This site is optimized with the Yoast SEO plugin v27.1.1 - https://yoast.com/product/yoast-seo-wordpress/ -->
<title>Incorporación de integrantes - Centro de Investigaciones &quot;Maria Saleme de Burnichon&quot;</title>
<meta name="robots" content="index, follow, max-snippet:-1, max-image-preview:large, max-video-preview:-1" />
<link rel="canonical" href="https://ffyh.unc.edu.ar/ciffyh/incorporacion-de-integrantes/" />
<meta property="og:locale" content="es_ES" />
<meta property="og:type" content="article" />
<meta property="og:title" content="Incorporación de integrantes - Centro de Investigaciones &quot;Maria Saleme de Burnichon&quot;" />
<meta property="og:description" content="El CIFFyH habilitará una convocatoria anual para incorporar estudiantes y egresadxs, en calidad de investigadorxs en formación, a los proyectos" />
<meta property="og:url" content="https://ffyh.unc.edu.ar/ciffyh/incorporacion-de-integrantes/" />
<meta property="og:site_name" content="Centro de Investigaciones &quot;Maria Saleme de Burnichon&quot;" />
<meta property="article:modified_time" content="2025-05-06T18:03:34+00:00" />
<meta name="twitter:card" content="summary_large_image" />
<meta name="twitter:label1" content="Tiempo de lectura" />
	<meta name="twitter:data1" content="2 minutos" />
<script type="application/ld+json" class="yoast-schema-graph">{"@context":"https://schema.org","@graph":[{"@type":"WebPage","@id":"https://ffyh.unc.edu.ar/ciffyh/incorporacion-de-integrantes/","url":"https://ffyh.unc.edu.ar/ciffyh/incorporacion-de-integrantes/","name":"Incorporación de integrantes - Centro de Investigaciones &quot;Maria Saleme de Burnichon&quot;","isPartOf":{"@id":"https://ffyh.unc.edu.ar/ciffyh/#website"},"datePublished":"2025-04-14T16:04:08+00:00","dateModified":"2025-05-06T18:03:34+00:00","breadcrumb":{"@id":"https://ffyh.unc.edu.ar/ciffyh/incorporacion-de-integrantes/#breadcrumb"},"inLanguage":"es","potentialAction":[{"@type":"ReadAction","target":["https://ffyh.unc.edu.ar/ciffyh/incorporacion-de-integrantes/"]}]},{"@type":"BreadcrumbList","@id":"https://ffyh.unc.edu.ar/ciffyh/incorporacion-de-integrantes/#breadcrumb","itemListElement":[{"@type":"ListItem","position":1,"name":"Portada","item":"https://ffyh.unc.edu.ar/ciffyh/"},{"@type":"ListItem","position":2,"name":"Incorporación de integrantes"}]},{"@type":"WebSite","@id":"https://ffyh.unc.edu.ar/ciffyh/#website","url":"https://ffyh.unc.edu.ar/ciffyh/","name":"Centro de Investigaciones \"Maria Saleme de Burnichon\"","description":"Facultad de Filosofía y Humanidades | UNC","publisher":{"@id":"https://ffyh.unc.edu.ar/ciffyh/#organization"},"potentialAction":[{"@type":"SearchAction","target":{"@type":"EntryPoint","urlTemplate":"https://ffyh.unc.edu.ar/ciffyh/?s={search_term_string}"},"query-input":{"@type":"PropertyValueSpecification","valueRequired":true,"valueName":"search_term_string"}}],"inLanguage":"es"},{"@type":"Organization","@id":"https://ffyh.unc.edu.ar/ciffyh/#organization","name":"Centro de Investigaciones \"Maria Saleme de Burnichon\"","url":"https://ffyh.unc.edu.ar/ciffyh/","logo":{"@type":"ImageObject","inLanguage":"es","@id":"https://ffyh.unc.edu.ar/ciffyh/#/schema/logo/image/","url":"https://ffyh.unc.edu.ar/ciffyh/wp-content/uploads/sites/10/2018/02/cropped-logo-ciffyh-ico.png","contentUrl":"https://ffyh.unc.edu.ar/ciffyh/wp-content/uploads/sites/10/2018/02/cropped-logo-ciffyh-ico.png","width":512,"height":512,"caption":"Centro de Investigaciones \"Maria Saleme de Burnichon\""},"image":{"@id":"https://ffyh.unc.edu.ar/ciffyh/#/schema/logo/image/"},"sameAs":["https://www.instagram.com/ciffyh/"]}]}</script>
<!-- / Yoast SEO plugin. -->

Incorporación de integrantes - Centro de Investigaciones &quot;Maria Saleme de Burnichon&quot;

El CIFFyH habilitará una convocatoria anual para incorporar estudiantes y egresadxs, en calidad de investigadorxs en formación, a los proyectos

Facultad de Filosofía y Humanidades | UNC
