{"id":414,"date":"2023-11-28T13:05:38","date_gmt":"2023-11-28T13:05:38","guid":{"rendered":"https:\/\/ffyh.unc.edu.ar\/derechoshumanos\/?page_id=414"},"modified":"2023-11-28T13:06:03","modified_gmt":"2023-11-28T13:06:03","slug":"acercando-derechos","status":"publish","type":"page","link":"https:\/\/ffyh.unc.edu.ar\/derechoshumanos\/acercando-derechos\/","title":{"rendered":"Serie audiovisual de materiales de ense\u00f1anza \u201cAcercando derechos: abordajes imprescindibles en(tre) las humanidades\u201d"},"content":{"rendered":"<p>En conmemoraci\u00f3n a los 40 a\u00f1os del retorno a la democracia, los 20 de la implementaci\u00f3n de los paneles de derechos humanos en el Ingreso y los 10 a\u00f1os del Programa de DDHH, desde el \u00c1rea de Inclusi\u00f3n Estudiantil a los Estudios Superiores de la Secretar\u00eda Acad\u00e9mica, el \u00c1rea de Tecnolog\u00eda Educativa, el Programa de Derechos Humanos, la Oficina de Graduados, la Secretar\u00eda de Asuntos Estudiantiles y las Escuelas y Departamentos de la FFyH, compartimos la\u00a0<em>serie\u00a0<\/em><em>de materiales\u00a0audiovisuales<strong>\u00a0\u201cAcercando derechos: abordajes imprescindibles en(tre) las humanidades\u201d.<\/strong><\/em><\/p>\n<p><!--more--><\/p>\n<p>Este trabajo es fruto del esfuerzo colectivo, que se inscribe en la trayectoria de trabajo de la Facultad en perspectiva de Derechos Humanos. La serie aborda la relaci\u00f3n entre los derechos humanos y los diversos campos disciplinares de las carreras de grado.<\/p>\n<div class=\"embed-container\"><iframe title=\"Carol Sol\u00eds. &quot;Acercando derechos: abordajes imprescindibles en(tre) las humanidades&quot;\" width=\"750\" height=\"422\" src=\"https:\/\/www.youtube.com\/embed\/uuPR2aLSl8A?feature=oembed\" frameborder=\"0\" allow=\"accelerometer; autoplay; clipboard-write; encrypted-media; gyroscope; picture-in-picture; web-share\" allowfullscreen><\/iframe><\/div>\n<div class=\"embed-container\"><iframe title=\"Horacio Etchichury.  &quot;Acercando derechos: abordajes imprescindibles en(tre) las humanidades&quot;\" width=\"750\" height=\"422\" src=\"https:\/\/www.youtube.com\/embed\/m8QRTkY0_W4?feature=oembed\" frameborder=\"0\" allow=\"accelerometer; autoplay; clipboard-write; encrypted-media; gyroscope; picture-in-picture; web-share\" allowfullscreen><\/iframe><\/div>\n<div class=\"embed-container\"><iframe title=\"Natalia Berm\u00fadez. &quot;Acercando derechos: abordajes imprescindibles en(tre) las humanidades&quot;.\" width=\"750\" height=\"422\" src=\"https:\/\/www.youtube.com\/embed\/nhl-6n5bNoU?feature=oembed\" frameborder=\"0\" allow=\"accelerometer; autoplay; clipboard-write; encrypted-media; gyroscope; picture-in-picture; web-share\" allowfullscreen><\/iframe><\/div>\n<div class=\"embed-container\"><iframe title=\"Mar\u00eda Bracaccini Acevedo. &quot;Acercando derechos: abordajes imprescindibles en(tre) las humanidades&quot;.\" width=\"750\" height=\"422\" src=\"https:\/\/www.youtube.com\/embed\/i-_L05l4POA?feature=oembed\" frameborder=\"0\" allow=\"accelerometer; autoplay; clipboard-write; encrypted-media; gyroscope; picture-in-picture; web-share\" allowfullscreen><\/iframe><\/div>\n<div class=\"embed-container\"><iframe title=\"Mar\u00eda Jos\u00e9 Loto. &quot;Acercando derechos: abordajes imprescindibles en(tre) las humanidades&quot;.\" width=\"750\" height=\"422\" src=\"https:\/\/www.youtube.com\/embed\/WCdL73XRIXI?feature=oembed\" frameborder=\"0\" allow=\"accelerometer; autoplay; clipboard-write; encrypted-media; gyroscope; picture-in-picture; web-share\" allowfullscreen><\/iframe><\/div>\n<div class=\"embed-container\"><iframe title=\"Tito Villanueva. &quot;Acercando derechos: abordajes imprescindibles en(tre) las humanidades&quot;.\" width=\"750\" height=\"422\" src=\"https:\/\/www.youtube.com\/embed\/ESdsqXAkbtc?feature=oembed\" frameborder=\"0\" allow=\"accelerometer; autoplay; clipboard-write; encrypted-media; gyroscope; picture-in-picture; web-share\" allowfullscreen><\/iframe><\/div>\n<div class=\"embed-container\"><iframe title=\"Silvia Fois. &quot;Acercando derechos: abordajes imprescindibles en(tre) las humanidades&quot;.\" width=\"750\" height=\"422\" src=\"https:\/\/www.youtube.com\/embed\/b0_A2oKJVXw?feature=oembed\" frameborder=\"0\" allow=\"accelerometer; autoplay; clipboard-write; encrypted-media; gyroscope; picture-in-picture; web-share\" allowfullscreen><\/iframe><\/div>\n<div class=\"embed-container\"><iframe title=\"Heber Cabrera. &quot;Acercando derechos: abordajes imprescindibles en(tre) las humanidades&quot;.\" width=\"750\" height=\"422\" src=\"https:\/\/www.youtube.com\/embed\/tEROe5LnUCw?feature=oembed\" frameborder=\"0\" allow=\"accelerometer; autoplay; clipboard-write; encrypted-media; gyroscope; picture-in-picture; web-share\" allowfullscreen><\/iframe><\/div>\n<div class=\"embed-container\"><iframe title=\"Laura Arese. &quot;Acercando derechos: abordajes imprescindibles en(tre) las humanidades&quot;.\" width=\"750\" height=\"422\" src=\"https:\/\/www.youtube.com\/embed\/K_PzKVvQyn4?feature=oembed\" frameborder=\"0\" allow=\"accelerometer; autoplay; clipboard-write; encrypted-media; gyroscope; picture-in-picture; web-share\" allowfullscreen><\/iframe><\/div>\n<div class=\"embed-container\"><iframe title=\"Carlos Longhini. &quot;Acercando derechos: abordajes imprescindibles en(tre) las humanidades&quot;.\" width=\"750\" height=\"422\" src=\"https:\/\/www.youtube.com\/embed\/3uVyi1vYUzE?feature=oembed\" frameborder=\"0\" allow=\"accelerometer; autoplay; clipboard-write; encrypted-media; gyroscope; picture-in-picture; web-share\" allowfullscreen><\/iframe><\/div>\n<p><a href=\"https:\/\/www.youtube.com\/watch?v=uuPR2aLSl8A&amp;list=PLwVhvhQ7M45yXqn5OoiKHIASyMk4rE-5X\" target=\"_blank\" rel=\"noopener\"><strong>Ver lista de reproducci\u00f3n en YouTube<\/strong><\/a><\/p>\n<p>&nbsp;<\/p>\n","protected":false},"excerpt":{"rendered":"<p>En conmemoraci\u00f3n a los 40 a\u00f1os del retorno a la democracia, los 20 de la implementaci\u00f3n de los paneles de derechos humanos en el Ingreso y los 10 a\u00f1os del Programa de DDHH, desde el \u00c1rea de Inclusi\u00f3n Estudiantil a los Estudios Superiores de la Secretar\u00eda Acad\u00e9mica, el \u00c1rea de Tecnolog\u00eda Educativa, el Programa de &hellip; <\/p>\n<p><a class=\"more-link btn\" href=\"https:\/\/ffyh.unc.edu.ar\/derechoshumanos\/acercando-derechos\/\">Seguir leyendo<\/a><\/p>\n","protected":false},"author":2,"featured_media":415,"parent":0,"menu_order":0,"comment_status":"closed","ping_status":"closed","template":"","meta":{"_acf_changed":false,"saved_in_kubio":false,"footnotes":""},"class_list":["post-414","page","type-page","status-publish","has-post-thumbnail","hentry","nodate","item-wrap"],"acf":[],"kubio_ai_page_context":{"short_desc":"","purpose":"general"},"yoast_head":"<!-- This site is optimized with the Yoast SEO plugin v27.1.1 - https:\/\/yoast.com\/product\/yoast-seo-wordpress\/ -->\n<title>Serie audiovisual de materiales de ense\u00f1anza \u201cAcercando derechos: abordajes imprescindibles en(tre) las humanidades\u201d - Programa de Derechos Humanos - FFyH UNC<\/title>\n<meta name=\"robots\" content=\"index, follow, max-snippet:-1, max-image-preview:large, max-video-preview:-1\" \/>\n<link rel=\"canonical\" href=\"https:\/\/ffyh.unc.edu.ar\/derechoshumanos\/acercando-derechos\/\" \/>\n<meta property=\"og:locale\" content=\"es_ES\" \/>\n<meta property=\"og:type\" content=\"article\" \/>\n<meta property=\"og:title\" content=\"Serie audiovisual de materiales de ense\u00f1anza \u201cAcercando derechos: abordajes imprescindibles en(tre) las humanidades\u201d - Programa de Derechos Humanos - FFyH UNC\" \/>\n<meta property=\"og:description\" content=\"En conmemoraci\u00f3n a los 40 a\u00f1os del retorno a la democracia, los 20 de la implementaci\u00f3n de los paneles de derechos humanos en el Ingreso y los 10 a\u00f1os del Programa de DDHH, desde el \u00c1rea de Inclusi\u00f3n Estudiantil a los Estudios Superiores de la Secretar\u00eda Acad\u00e9mica, el \u00c1rea de Tecnolog\u00eda Educativa, el Programa de &hellip; Seguir leyendo\" \/>\n<meta property=\"og:url\" content=\"https:\/\/ffyh.unc.edu.ar\/derechoshumanos\/acercando-derechos\/\" \/>\n<meta property=\"og:site_name\" content=\"Programa de Derechos Humanos - FFyH UNC\" \/>\n<meta property=\"article:publisher\" content=\"https:\/\/www.facebook.com\/derechoshumanosffyh\" \/>\n<meta property=\"article:modified_time\" content=\"2023-11-28T13:06:03+00:00\" \/>\n<meta property=\"og:image\" content=\"http:\/\/ffyh.unc.edu.ar\/derechoshumanos\/wp-content\/uploads\/sites\/47\/2023\/11\/acercando-derechos.jpeg\" \/>\n\t<meta property=\"og:image:width\" content=\"1600\" \/>\n\t<meta property=\"og:image:height\" content=\"900\" \/>\n\t<meta property=\"og:image:type\" content=\"image\/jpeg\" \/>\n<meta name=\"twitter:card\" content=\"summary_large_image\" \/>\n<meta name=\"twitter:label1\" content=\"Tiempo de lectura\" \/>\n\t<meta name=\"twitter:data1\" content=\"1 minuto\" \/>\n<script type=\"application\/ld+json\" class=\"yoast-schema-graph\">{\"@context\":\"https:\/\/schema.org\",\"@graph\":[{\"@type\":\"WebPage\",\"@id\":\"https:\/\/ffyh.unc.edu.ar\/derechoshumanos\/acercando-derechos\/\",\"url\":\"https:\/\/ffyh.unc.edu.ar\/derechoshumanos\/acercando-derechos\/\",\"name\":\"Serie audiovisual de materiales de ense\u00f1anza \u201cAcercando derechos: abordajes imprescindibles en(tre) las humanidades\u201d - Programa de Derechos Humanos - FFyH UNC\",\"isPartOf\":{\"@id\":\"https:\/\/ffyh.unc.edu.ar\/derechoshumanos\/#website\"},\"primaryImageOfPage\":{\"@id\":\"https:\/\/ffyh.unc.edu.ar\/derechoshumanos\/acercando-derechos\/#primaryimage\"},\"image\":{\"@id\":\"https:\/\/ffyh.unc.edu.ar\/derechoshumanos\/acercando-derechos\/#primaryimage\"},\"thumbnailUrl\":\"https:\/\/ffyh.unc.edu.ar\/derechoshumanos\/wp-content\/uploads\/sites\/47\/2023\/11\/acercando-derechos.jpeg\",\"datePublished\":\"2023-11-28T13:05:38+00:00\",\"dateModified\":\"2023-11-28T13:06:03+00:00\",\"breadcrumb\":{\"@id\":\"https:\/\/ffyh.unc.edu.ar\/derechoshumanos\/acercando-derechos\/#breadcrumb\"},\"inLanguage\":\"es\",\"potentialAction\":[{\"@type\":\"ReadAction\",\"target\":[\"https:\/\/ffyh.unc.edu.ar\/derechoshumanos\/acercando-derechos\/\"]}]},{\"@type\":\"ImageObject\",\"inLanguage\":\"es\",\"@id\":\"https:\/\/ffyh.unc.edu.ar\/derechoshumanos\/acercando-derechos\/#primaryimage\",\"url\":\"https:\/\/ffyh.unc.edu.ar\/derechoshumanos\/wp-content\/uploads\/sites\/47\/2023\/11\/acercando-derechos.jpeg\",\"contentUrl\":\"https:\/\/ffyh.unc.edu.ar\/derechoshumanos\/wp-content\/uploads\/sites\/47\/2023\/11\/acercando-derechos.jpeg\",\"width\":1600,\"height\":900},{\"@type\":\"BreadcrumbList\",\"@id\":\"https:\/\/ffyh.unc.edu.ar\/derechoshumanos\/acercando-derechos\/#breadcrumb\",\"itemListElement\":[{\"@type\":\"ListItem\",\"position\":1,\"name\":\"Portada\",\"item\":\"https:\/\/ffyh.unc.edu.ar\/derechoshumanos\/\"},{\"@type\":\"ListItem\",\"position\":2,\"name\":\"Serie audiovisual de materiales de ense\u00f1anza \u201cAcercando derechos: abordajes imprescindibles en(tre) las humanidades\u201d\"}]},{\"@type\":\"WebSite\",\"@id\":\"https:\/\/ffyh.unc.edu.ar\/derechoshumanos\/#website\",\"url\":\"https:\/\/ffyh.unc.edu.ar\/derechoshumanos\/\",\"name\":\"Programa de Derechos Humanos - FFyH UNC\",\"description\":\"\",\"publisher\":{\"@id\":\"https:\/\/ffyh.unc.edu.ar\/derechoshumanos\/#organization\"},\"potentialAction\":[{\"@type\":\"SearchAction\",\"target\":{\"@type\":\"EntryPoint\",\"urlTemplate\":\"https:\/\/ffyh.unc.edu.ar\/derechoshumanos\/?s={search_term_string}\"},\"query-input\":{\"@type\":\"PropertyValueSpecification\",\"valueRequired\":true,\"valueName\":\"search_term_string\"}}],\"inLanguage\":\"es\"},{\"@type\":\"Organization\",\"@id\":\"https:\/\/ffyh.unc.edu.ar\/derechoshumanos\/#organization\",\"name\":\"Programa de Derechos Humanos - FFyH UNC\",\"url\":\"https:\/\/ffyh.unc.edu.ar\/derechoshumanos\/\",\"logo\":{\"@type\":\"ImageObject\",\"inLanguage\":\"es\",\"@id\":\"https:\/\/ffyh.unc.edu.ar\/derechoshumanos\/#\/schema\/logo\/image\/\",\"url\":\"https:\/\/ffyh.unc.edu.ar\/derechoshumanos\/wp-content\/uploads\/sites\/47\/2023\/04\/cropped-cropped-banner-ddhh.jpeg\",\"contentUrl\":\"https:\/\/ffyh.unc.edu.ar\/derechoshumanos\/wp-content\/uploads\/sites\/47\/2023\/04\/cropped-cropped-banner-ddhh.jpeg\",\"width\":512,\"height\":512,\"caption\":\"Programa de Derechos Humanos - FFyH UNC\"},\"image\":{\"@id\":\"https:\/\/ffyh.unc.edu.ar\/derechoshumanos\/#\/schema\/logo\/image\/\"},\"sameAs\":[\"https:\/\/www.facebook.com\/derechoshumanosffyh\",\"https:\/\/www.instagram.com\/programaddhhffyh\/\"]}]}<\/script>\n<!-- \/ Yoast SEO plugin. -->","yoast_head_json":{"title":"Serie audiovisual de materiales de ense\u00f1anza \u201cAcercando derechos: abordajes imprescindibles en(tre) las humanidades\u201d - Programa de Derechos Humanos - FFyH UNC","robots":{"index":"index","follow":"follow","max-snippet":"max-snippet:-1","max-image-preview":"max-image-preview:large","max-video-preview":"max-video-preview:-1"},"canonical":"https:\/\/ffyh.unc.edu.ar\/derechoshumanos\/acercando-derechos\/","og_locale":"es_ES","og_type":"article","og_title":"Serie audiovisual de materiales de ense\u00f1anza \u201cAcercando derechos: abordajes imprescindibles en(tre) las humanidades\u201d - Programa de Derechos Humanos - FFyH UNC","og_description":"En conmemoraci\u00f3n a los 40 a\u00f1os del retorno a la democracia, los 20 de la implementaci\u00f3n de los paneles de derechos humanos en el Ingreso y los 10 a\u00f1os del Programa de DDHH, desde el \u00c1rea de Inclusi\u00f3n Estudiantil a los Estudios Superiores de la Secretar\u00eda Acad\u00e9mica, el \u00c1rea de Tecnolog\u00eda Educativa, el Programa de &hellip; Seguir leyendo","og_url":"https:\/\/ffyh.unc.edu.ar\/derechoshumanos\/acercando-derechos\/","og_site_name":"Programa de Derechos Humanos - FFyH UNC","article_publisher":"https:\/\/www.facebook.com\/derechoshumanosffyh","article_modified_time":"2023-11-28T13:06:03+00:00","og_image":[{"width":1600,"height":900,"url":"http:\/\/ffyh.unc.edu.ar\/derechoshumanos\/wp-content\/uploads\/sites\/47\/2023\/11\/acercando-derechos.jpeg","type":"image\/jpeg"}],"twitter_card":"summary_large_image","twitter_misc":{"Tiempo de lectura":"1 minuto"},"schema":{"@context":"https:\/\/schema.org","@graph":[{"@type":"WebPage","@id":"https:\/\/ffyh.unc.edu.ar\/derechoshumanos\/acercando-derechos\/","url":"https:\/\/ffyh.unc.edu.ar\/derechoshumanos\/acercando-derechos\/","name":"Serie audiovisual de materiales de ense\u00f1anza \u201cAcercando derechos: abordajes imprescindibles en(tre) las humanidades\u201d - Programa de Derechos Humanos - FFyH UNC","isPartOf":{"@id":"https:\/\/ffyh.unc.edu.ar\/derechoshumanos\/#website"},"primaryImageOfPage":{"@id":"https:\/\/ffyh.unc.edu.ar\/derechoshumanos\/acercando-derechos\/#primaryimage"},"image":{"@id":"https:\/\/ffyh.unc.edu.ar\/derechoshumanos\/acercando-derechos\/#primaryimage"},"thumbnailUrl":"https:\/\/ffyh.unc.edu.ar\/derechoshumanos\/wp-content\/uploads\/sites\/47\/2023\/11\/acercando-derechos.jpeg","datePublished":"2023-11-28T13:05:38+00:00","dateModified":"2023-11-28T13:06:03+00:00","breadcrumb":{"@id":"https:\/\/ffyh.unc.edu.ar\/derechoshumanos\/acercando-derechos\/#breadcrumb"},"inLanguage":"es","potentialAction":[{"@type":"ReadAction","target":["https:\/\/ffyh.unc.edu.ar\/derechoshumanos\/acercando-derechos\/"]}]},{"@type":"ImageObject","inLanguage":"es","@id":"https:\/\/ffyh.unc.edu.ar\/derechoshumanos\/acercando-derechos\/#primaryimage","url":"https:\/\/ffyh.unc.edu.ar\/derechoshumanos\/wp-content\/uploads\/sites\/47\/2023\/11\/acercando-derechos.jpeg","contentUrl":"https:\/\/ffyh.unc.edu.ar\/derechoshumanos\/wp-content\/uploads\/sites\/47\/2023\/11\/acercando-derechos.jpeg","width":1600,"height":900},{"@type":"BreadcrumbList","@id":"https:\/\/ffyh.unc.edu.ar\/derechoshumanos\/acercando-derechos\/#breadcrumb","itemListElement":[{"@type":"ListItem","position":1,"name":"Portada","item":"https:\/\/ffyh.unc.edu.ar\/derechoshumanos\/"},{"@type":"ListItem","position":2,"name":"Serie audiovisual de materiales de ense\u00f1anza \u201cAcercando derechos: abordajes imprescindibles en(tre) las humanidades\u201d"}]},{"@type":"WebSite","@id":"https:\/\/ffyh.unc.edu.ar\/derechoshumanos\/#website","url":"https:\/\/ffyh.unc.edu.ar\/derechoshumanos\/","name":"Programa de Derechos Humanos - FFyH UNC","description":"","publisher":{"@id":"https:\/\/ffyh.unc.edu.ar\/derechoshumanos\/#organization"},"potentialAction":[{"@type":"SearchAction","target":{"@type":"EntryPoint","urlTemplate":"https:\/\/ffyh.unc.edu.ar\/derechoshumanos\/?s={search_term_string}"},"query-input":{"@type":"PropertyValueSpecification","valueRequired":true,"valueName":"search_term_string"}}],"inLanguage":"es"},{"@type":"Organization","@id":"https:\/\/ffyh.unc.edu.ar\/derechoshumanos\/#organization","name":"Programa de Derechos Humanos - FFyH UNC","url":"https:\/\/ffyh.unc.edu.ar\/derechoshumanos\/","logo":{"@type":"ImageObject","inLanguage":"es","@id":"https:\/\/ffyh.unc.edu.ar\/derechoshumanos\/#\/schema\/logo\/image\/","url":"https:\/\/ffyh.unc.edu.ar\/derechoshumanos\/wp-content\/uploads\/sites\/47\/2023\/04\/cropped-cropped-banner-ddhh.jpeg","contentUrl":"https:\/\/ffyh.unc.edu.ar\/derechoshumanos\/wp-content\/uploads\/sites\/47\/2023\/04\/cropped-cropped-banner-ddhh.jpeg","width":512,"height":512,"caption":"Programa de Derechos Humanos - FFyH UNC"},"image":{"@id":"https:\/\/ffyh.unc.edu.ar\/derechoshumanos\/#\/schema\/logo\/image\/"},"sameAs":["https:\/\/www.facebook.com\/derechoshumanosffyh","https:\/\/www.instagram.com\/programaddhhffyh\/"]}]}},"_links":{"self":[{"href":"https:\/\/ffyh.unc.edu.ar\/derechoshumanos\/wp-json\/wp\/v2\/pages\/414","targetHints":{"allow":["GET"]}}],"collection":[{"href":"https:\/\/ffyh.unc.edu.ar\/derechoshumanos\/wp-json\/wp\/v2\/pages"}],"about":[{"href":"https:\/\/ffyh.unc.edu.ar\/derechoshumanos\/wp-json\/wp\/v2\/types\/page"}],"author":[{"embeddable":true,"href":"https:\/\/ffyh.unc.edu.ar\/derechoshumanos\/wp-json\/wp\/v2\/users\/2"}],"replies":[{"embeddable":true,"href":"https:\/\/ffyh.unc.edu.ar\/derechoshumanos\/wp-json\/wp\/v2\/comments?post=414"}],"version-history":[{"count":1,"href":"https:\/\/ffyh.unc.edu.ar\/derechoshumanos\/wp-json\/wp\/v2\/pages\/414\/revisions"}],"predecessor-version":[{"id":417,"href":"https:\/\/ffyh.unc.edu.ar\/derechoshumanos\/wp-json\/wp\/v2\/pages\/414\/revisions\/417"}],"wp:featuredmedia":[{"embeddable":true,"href":"https:\/\/ffyh.unc.edu.ar\/derechoshumanos\/wp-json\/wp\/v2\/media\/415"}],"wp:attachment":[{"href":"https:\/\/ffyh.unc.edu.ar\/derechoshumanos\/wp-json\/wp\/v2\/media?parent=414"}],"curies":[{"name":"wp","href":"https:\/\/api.w.org\/{rel}","templated":true}]}}