{"id":211,"date":"2018-12-18T22:11:39","date_gmt":"2018-12-18T22:11:39","guid":{"rendered":"https:\/\/ffyh.unc.edu.ar\/derechoslinguisticos\/?page_id=211"},"modified":"2021-06-25T14:55:24","modified_gmt":"2021-06-25T14:55:24","slug":"avales","status":"publish","type":"page","link":"https:\/\/ffyh.unc.edu.ar\/derechoslinguisticos\/ediciones-anteriores\/declaracion\/avales\/","title":{"rendered":"Avales"},"content":{"rendered":"<p style=\"text-align: center\"><span style=\"font-weight: 400\">Instituto de Culturas Abor\u00edgenes (ICA)<\/span><\/p>\n<p style=\"text-align: center\"><b>Red de Facultades de Humanidades del Norte Grande:<\/b><\/p>\n<p style=\"text-align: center\"><span style=\"font-weight: 400\">Universidad Nacional de Catamarca. <\/span><span style=\"font-weight: 400\">Facultad de Humanidades <\/span><\/p>\n<p style=\"text-align: center\"><span style=\"font-weight: 400\">Universidad Nacional de C\u00f3rdoba. <\/span><span style=\"font-weight: 400\">Facultad de Filosof\u00eda y Humanidades<\/span><\/p>\n<p style=\"text-align: center\"><span style=\"font-weight: 400\">Universidad Nacional de Jujuy. <\/span><span style=\"font-weight: 400\">Facultad de Humanidades y Ciencias Sociales<\/span><\/p>\n<p style=\"text-align: center\"><span style=\"font-weight: 400\">Universidad Nacional de La Rioja. <\/span><span style=\"font-weight: 400\">Departamento Humanidades<\/span><\/p>\n<p style=\"text-align: center\"><span style=\"font-weight: 400\">Universidad Nacional del Nordeste. <\/span><span style=\"font-weight: 400\">Facultad de Humanidades <\/span><\/p>\n<p style=\"text-align: center\"><span style=\"font-weight: 400\">Universidad Nacional de Salta. <\/span><span style=\"font-weight: 400\">Facultad de Humanidades<\/span><\/p>\n<p style=\"text-align: center\"><span style=\"font-weight: 400\">Universidad Nacional de Santiago del Estero. <\/span><span style=\"font-weight: 400\">Facultad de Humanidades, Ciencias Sociales y de la Salud<\/span><\/p>\n<p style=\"text-align: center\"><span style=\"font-weight: 400\">Universidad Nacional de Tucum\u00e1n. <\/span><span style=\"font-weight: 400\">Facultad de Filosof\u00eda y Letras<\/span><b> \u00a0<\/b><\/p>\n<p style=\"text-align: center\"><a href=\"http:\/\/www.filo.uba.ar\/\"><strong>Facultad de Filosof\u00eda y Letras, Universidad Nacional de Buenos Aires<\/strong><\/a><\/p>\n<p style=\"text-align: center\"><strong><a href=\"http:\/\/il.institutos.filo.uba.ar\/\">Instituto de Ling\u00fc\u00edstica de la UBA<\/a><\/strong><\/p>\n<p style=\"text-align: center\"><strong><a href=\"https:\/\/www.unrn.edu.ar\/sedes\/sede-andina-2\">Sede Andina Universidad Nacional de R\u00edo Negro<\/a><\/strong><\/p>\n<p style=\"text-align: center\"><strong><a href=\"https:\/\/investigacion.unrn.edu.ar\/institutos\/iidypca\">Instituto de Investigaciones en Diversidad Cultural y Procesos de Cambio (IIDyPCa), UNRN<\/a><\/strong><\/p>\n<p style=\"text-align: center\"><strong><a href=\"https:\/\/www.ungs.edu.ar\/carrera\/profesorado-universitario-en-lengua-y-literatura\">Profesorado Universitario de Educaci\u00f3n Superior en Lengua y Literatura, Universidad Nacional de General Sarmiento<\/a><\/strong><\/p>\n<p style=\"text-align: center\"><strong><a href=\"https:\/\/www.ungs.edu.ar\/idh\/idh\">Instituto del Desarrollo Humano, Universidad Nacional de General Sarmiento<\/a><\/strong><\/p>\n<p style=\"text-align: center\"><a href=\"https:\/\/www.facebook.com\/groups\/642671499273120\/?multi_permalinks=1077915599082039&amp;notif_id=1547058932611611&amp;notif_t=feedback_reaction_generic&amp;ref=notif\"><span style=\"font-weight: 400\">PICT-2017-1794 ANPCyT \/ CONICET: \u00abHegemon\u00edas y disensos en torno a la regulaci\u00f3n del espa\u00f1ol contempor\u00e1neo. Perspectivas nacional, regional y global\u00bb.<\/span><\/a><\/p>\n<p style=\"text-align: center\">Observatorio Latinoamericano de Glotopol\u00edtica del Programa de Estudios Latinoamericanos Contempor\u00e1neos y Comparados (PELCC) de Universidad Nacional de Tres de Febrero (UNTREF)<\/p>\n<p style=\"text-align: center\"><a href=\"http:\/\/uader.edu.ar\/i-encuentro-derechos-linguisticos-como-derechos-humanos\/\">Universidad Aut\u00f3noma de Entre R\u00edos (UADER)<\/a><\/p>\n","protected":false},"excerpt":{"rendered":"<div class=\"mh-excerpt\"><p>Instituto de Culturas Abor\u00edgenes (ICA) Red de Facultades de Humanidades del Norte Grande: Universidad Nacional de Catamarca. Facultad de Humanidades Universidad Nacional de C\u00f3rdoba. Facultad <a class=\"mh-excerpt-more\" href=\"https:\/\/ffyh.unc.edu.ar\/derechoslinguisticos\/ediciones-anteriores\/declaracion\/avales\/\" title=\"Avales\">[&#8230;]<\/a><\/p>\n<\/div>","protected":false},"author":28,"featured_media":0,"parent":558,"menu_order":6,"comment_status":"closed","ping_status":"closed","template":"","meta":{"_acf_changed":false,"footnotes":""},"class_list":["post-211","page","type-page","status-publish","hentry"],"acf":[],"_links":{"self":[{"href":"https:\/\/ffyh.unc.edu.ar\/derechoslinguisticos\/wp-json\/wp\/v2\/pages\/211","targetHints":{"allow":["GET"]}}],"collection":[{"href":"https:\/\/ffyh.unc.edu.ar\/derechoslinguisticos\/wp-json\/wp\/v2\/pages"}],"about":[{"href":"https:\/\/ffyh.unc.edu.ar\/derechoslinguisticos\/wp-json\/wp\/v2\/types\/page"}],"author":[{"embeddable":true,"href":"https:\/\/ffyh.unc.edu.ar\/derechoslinguisticos\/wp-json\/wp\/v2\/users\/28"}],"replies":[{"embeddable":true,"href":"https:\/\/ffyh.unc.edu.ar\/derechoslinguisticos\/wp-json\/wp\/v2\/comments?post=211"}],"version-history":[{"count":10,"href":"https:\/\/ffyh.unc.edu.ar\/derechoslinguisticos\/wp-json\/wp\/v2\/pages\/211\/revisions"}],"predecessor-version":[{"id":249,"href":"https:\/\/ffyh.unc.edu.ar\/derechoslinguisticos\/wp-json\/wp\/v2\/pages\/211\/revisions\/249"}],"up":[{"embeddable":true,"href":"https:\/\/ffyh.unc.edu.ar\/derechoslinguisticos\/wp-json\/wp\/v2\/pages\/558"}],"wp:attachment":[{"href":"https:\/\/ffyh.unc.edu.ar\/derechoslinguisticos\/wp-json\/wp\/v2\/media?parent=211"}],"curies":[{"name":"wp","href":"https:\/\/api.w.org\/{rel}","templated":true}]}}