{"id":616,"date":"2021-07-05T22:03:14","date_gmt":"2021-07-05T22:03:14","guid":{"rendered":"https:\/\/ffyh.unc.edu.ar\/derechoslinguisticos\/?page_id=616"},"modified":"2023-10-21T00:59:29","modified_gmt":"2023-10-21T00:59:29","slug":"programa","status":"publish","type":"page","link":"https:\/\/ffyh.unc.edu.ar\/derechoslinguisticos\/ediciones-anteriores\/tercera-circular\/programa\/","title":{"rendered":"Programa"},"content":{"rendered":"<p><a href=\"http:\/\/ffyh.unc.edu.ar\/derechoslinguisticos\/wp-content\/uploads\/sites\/31\/2021\/11\/Programa-LA-FURIA-DE-LA-LENGUA.pdf\">Programa LA FURIA DE LA LENGUA<\/a>El evento se realizar\u00e1 de manera virtual y presencial, seg\u00fan indiquemos en el Programa.<\/p>\n<p>La <a href=\"https:\/\/ffyh.unc.edu.ar\/derechoslinguisticos\/revitalizacion-linguistica\/\">II Jornada de Revitalizaci\u00f3n ling\u00fc\u00edstica<\/a> se llevar\u00e1 a cabo a trav\u00e9s de <a href=\"http:\/\/meet.google.com\/rao-oqqj-eew\">meet.google<\/a> y se transmitir\u00e1 en vivo a trav\u00e9s de <a href=\"https:\/\/www.youtube.com\/channel\/UCoWO2ZxxQgH9QEUdq79-vQw\">nuestro canal de YouTube<\/a><\/p>\n<p>Los <span style=\"text-decoration: underline\">conversatorios<\/span> se transmitir\u00e1n en vivo a trav\u00e9s de <a href=\"https:\/\/www.youtube.com\/channel\/UCoWO2ZxxQgH9QEUdq79-vQw\">nuestro canal de YouTube<\/a>.<\/p>\n<p>Los conversatorios que son presenciales en el Museo del Libro y de la Lengua (CABA), se transmitir\u00e1n a trav\u00e9s del <a href=\"https:\/\/www.youtube.com\/channel\/UCPUQpEY3Bl5fBun7uVCWMHw\">canal de YouTube del Museo<\/a>.<\/p>\n<p>Las <a href=\"https:\/\/ffyh.unc.edu.ar\/derechoslinguisticos\/que-es-el-encuentro\/mesastematicas\/\"><span style=\"text-decoration: underline\">Mesas tem\u00e1ticas<\/span><\/a> NO ser\u00e1n grabadas. En el <a href=\"https:\/\/docs.google.com\/spreadsheets\/d\/1tW8bAmh8zd8y9zZ5-MUGMm_jbPzxQvVA7aqPA3YWZzA\/edit?usp=sharing\">cronograma de las Mesas<\/a> est\u00e1n indicados los enlaces de meet.google para ingresar a cada una de ellas.<\/p>\n<p><strong>Sede presencial<\/strong><\/p>\n<p>Museo del Libro y de la Lengua: Av. Gral. Las Heras 2555 &#8211; Ciudad Aut\u00f3noma de Buenos Aires, Argentina.<\/p>\n<p>&nbsp;<\/p>\n<h1 style=\"text-align: center\">VER PROGRAMA&lt;<a href=\"http:\/\/ffyh.unc.edu.ar\/derechoslinguisticos\/wp-content\/uploads\/sites\/31\/2021\/11\/Programa-LA-FURIA-DE-LA-LENGUA.pdf\">click ac\u00e1<\/a>&gt;<\/h1>\n","protected":false},"excerpt":{"rendered":"<div class=\"mh-excerpt\"><p>Programa LA FURIA DE LA LENGUAEl evento se realizar\u00e1 de manera virtual y presencial, seg\u00fan indiquemos en el Programa. La II Jornada de Revitalizaci\u00f3n ling\u00fc\u00edstica <a class=\"mh-excerpt-more\" href=\"https:\/\/ffyh.unc.edu.ar\/derechoslinguisticos\/ediciones-anteriores\/tercera-circular\/programa\/\" title=\"Programa\">[&#8230;]<\/a><\/p>\n<\/div>","protected":false},"author":28,"featured_media":0,"parent":202,"menu_order":0,"comment_status":"closed","ping_status":"closed","template":"","meta":{"_acf_changed":false,"footnotes":""},"class_list":["post-616","page","type-page","status-publish","hentry"],"acf":[],"_links":{"self":[{"href":"https:\/\/ffyh.unc.edu.ar\/derechoslinguisticos\/wp-json\/wp\/v2\/pages\/616","targetHints":{"allow":["GET"]}}],"collection":[{"href":"https:\/\/ffyh.unc.edu.ar\/derechoslinguisticos\/wp-json\/wp\/v2\/pages"}],"about":[{"href":"https:\/\/ffyh.unc.edu.ar\/derechoslinguisticos\/wp-json\/wp\/v2\/types\/page"}],"author":[{"embeddable":true,"href":"https:\/\/ffyh.unc.edu.ar\/derechoslinguisticos\/wp-json\/wp\/v2\/users\/28"}],"replies":[{"embeddable":true,"href":"https:\/\/ffyh.unc.edu.ar\/derechoslinguisticos\/wp-json\/wp\/v2\/comments?post=616"}],"version-history":[{"count":11,"href":"https:\/\/ffyh.unc.edu.ar\/derechoslinguisticos\/wp-json\/wp\/v2\/pages\/616\/revisions"}],"predecessor-version":[{"id":732,"href":"https:\/\/ffyh.unc.edu.ar\/derechoslinguisticos\/wp-json\/wp\/v2\/pages\/616\/revisions\/732"}],"up":[{"embeddable":true,"href":"https:\/\/ffyh.unc.edu.ar\/derechoslinguisticos\/wp-json\/wp\/v2\/pages\/202"}],"wp:attachment":[{"href":"https:\/\/ffyh.unc.edu.ar\/derechoslinguisticos\/wp-json\/wp\/v2\/media?parent=616"}],"curies":[{"name":"wp","href":"https:\/\/api.w.org\/{rel}","templated":true}]}}