{"id":788,"date":"2023-10-21T01:36:37","date_gmt":"2023-10-21T01:36:37","guid":{"rendered":"https:\/\/ffyh.unc.edu.ar\/derechoslinguisticos\/?page_id=788"},"modified":"2024-05-20T13:34:41","modified_gmt":"2024-05-20T13:34:41","slug":"las-lenguas-como-textura-de-memorias-insurgentes","status":"publish","type":"page","link":"https:\/\/ffyh.unc.edu.ar\/derechoslinguisticos\/ediciones-anteriores\/circulares\/comisiones-de-conversacion\/las-lenguas-como-textura-de-memorias-insurgentes\/","title":{"rendered":"4. Las lenguas como textura de memorias insurgentes"},"content":{"rendered":"<p style=\"text-align: right\">Mirian Pino<br \/>\nBeatriz Bixio<\/p>\n<p style=\"text-align: left\"><span style=\"font-weight: 400\">Esta comisi\u00f3n convoca trabajos que articulen canales entre culturas, lenguas y memorias. En esta direcci\u00f3n, se orienta hacia un di\u00e1logo que ponga en valor dicha tr\u00edada en la cual los plurales sean un centro heur\u00edstico que organice el v\u00ednculo de las unidades de an\u00e1lisis ante citadas con acento en las memorias de mediana y larga duraci\u00f3n y sus incidencias presentes y proyecciones futuras.\u00a0<\/span><\/p>\n<p style=\"text-align: left\"><span style=\"font-weight: 400\">Lenguas nativas; lenguas de colonizaci\u00f3n; lenguas constitutivas de nuevas subjetividades pol\u00edticas; lenguas en tanto complejos sistemas visuales, territorios de insurgencia, de memorias de dominaci\u00f3n, instituyentes de lazo social; en definitiva, lenguas como instrumentos y objetos de disputa en los diversos campos de lucha. Concebida la mesa de este modo, la tr\u00edada lenguas, memorias y culturas se anuda al texto de los derechos ling\u00fc\u00edsticos concebidos como derechos humanos.\u00a0<\/span><\/p>\n<p style=\"text-align: left\"><span style=\"font-weight: 400\">Los derechos ling\u00fc\u00edsticos son un eje de vital importancia ya que relatan y visibilizan la pluralidad en el seno mismo de las sociedades modernas, las luchas por su legitimaci\u00f3n y reconocimiento en un pasado m\u00e1s o menos remoto, as\u00ed como las heridas que a\u00fan duelen en lenguas acalladas.\u00a0\u00a0<\/span><\/p>\n<p style=\"text-align: left\"><span style=\"font-weight: 400\">Los ejes que estructuran la mesa son:\u00a0<\/span><\/p>\n<ol>\n<li style=\"text-align: left\"><span style=\"font-weight: 400\">Lenguas nativas en tanto lenguas calib\u00e1nicas: desencuentros, mezclas y resistencias en el pasado-presente-futuro de las memorias omitidas.\u00a0<\/span><\/li>\n<li style=\"text-align: left\"><span style=\"font-weight: 400\">Lenguas carcelarias: memorias del encierro en las hablas cotidianas.<\/span><\/li>\n<li style=\"text-align: left\"><span style=\"font-weight: 400\">Lenguas de se\u00f1as: memorias de silenciamientos estatales.<\/span><\/li>\n<li style=\"text-align: left\"><span style=\"font-weight: 400\">Lenguas en experiencias concentracionarias: la lengua de la dominaci\u00f3n represiva y la dominaci\u00f3n de las lenguas.\u00a0<\/span><\/li>\n<li style=\"text-align: left\"><span style=\"font-weight: 400\">Lenguas durante los terrorismos de Estado en Latinoam\u00e9rica. Estrategias insurgentes y dimensi\u00f3n subversiva de la lengua en la literatura.\u00a0<\/span><\/li>\n<li style=\"text-align: left\"><span style=\"font-weight: 400\">Las comarcas orales, territorios y des-territorios en los pliegues de\u00a0 las ciudades: creaci\u00f3n y visibilidad de los espacios urbanos.<\/span><\/li>\n<li style=\"text-align: left\"><span style=\"font-weight: 400\">Ense\u00f1anza de los derechos ling\u00fc\u00edsticos: propuestas pedag\u00f3gicas insurgentes en contextos educativos.<\/span><\/li>\n<li style=\"text-align: left\"><span style=\"font-weight: 400\">Propuestas de marcos te\u00f3rico-metodol\u00f3gicos para investigaciones sobre derechos ling\u00fc\u00edsticos en clave de g\u00e9nero.<\/span><\/li>\n<\/ol>\n<h2 style=\"text-align: center\"><span style=\"color: #ff00ff\">ACCEDER al LIBRO DE RES\u00daMENES<br \/>\n&lt;<a style=\"color: #ff00ff\" href=\"https:\/\/docs.google.com\/document\/d\/16CJkSVJbGbfbTcbjZLTPNw-CcZkSLxdvW2GKh_m1fVA\/edit?usp=drive_web&amp;ouid=113070060726844716872\">click ac\u00e1<\/a>&gt;<\/span><\/h2>\n<h1><span style=\"color: #ff00ff\">PROGRAMA<\/span><\/h1>\n<h3><b>MARTES 21 DE MAYO<\/b><\/h3>\n<h3><b>Primera parte 15.00 &#8211; 16.30<\/b><\/h3>\n<p><span style=\"font-weight: 400\">Sala B &#8211; Pabell\u00f3n Residencial<\/span><\/p>\n<ol>\n<li style=\"font-weight: 400\"><span style=\"font-weight: 400\">La lengua wichi en la escuela secundaria: modos de disputar sentidos y espacios de enunciaci\u00f3n &#8211; <\/span><i><span style=\"font-weight: 400\">Lara Amalia Messina<\/span><\/i><\/li>\n<li style=\"font-weight: 400\"><span style=\"font-weight: 400\">El guaran\u00ed como refugio de identidad &#8211; <\/span><i><span style=\"font-weight: 400\">Luisa In\u00e9s Moreno<\/span><\/i><\/li>\n<li style=\"font-weight: 400\"><span style=\"font-weight: 400\">Las representaciones socioling\u00fc\u00edsticas en hablantes del Norte argentino: el caso de estudiantes de la UNC &#8211; <\/span><i><span style=\"font-weight: 400\">Florencia Valeria Barrios<\/span><\/i><\/li>\n<li style=\"font-weight: 400\"><span style=\"font-weight: 400\">\u201cSoy Napalp\u00ed\u201d: lengua, memoria y territorio en la poes\u00eda de Juan Chico &#8211; <\/span><i><span style=\"font-weight: 400\">Valentina Azul Roldan<\/span><\/i><\/li>\n<\/ol>\n<h3><b>MI\u00c9RCOLES 22 DE MAYO<\/b><\/h3>\n<h3><b>Segunda parte 9.00 &#8211; 10.30<\/b><\/h3>\n<p><span style=\"font-weight: 400\">Sala B &#8211; Pabell\u00f3n Residencial<\/span><\/p>\n<ol>\n<li style=\"font-weight: 400\"><span style=\"font-weight: 400\">Propuesta pedag\u00f3gica: Conquistas de las Memorias, la voz de Ana &#8211; <\/span><i><span style=\"font-weight: 400\">Tamara Liponetzky &amp; Laura Chauerba\u00a0<\/span><\/i><\/li>\n<li style=\"font-weight: 400\"><span style=\"font-weight: 400\">Lengua de Se\u00f1as Argentina, de prohibiciones y marcas generizadas &#8211; <\/span><i><span style=\"font-weight: 400\">Mar\u00eda Eugenia Almeida, Ana Ferreyra &amp; Jazm\u00edn Vieytes<\/span><\/i><\/li>\n<li style=\"font-weight: 400\"><span style=\"font-weight: 400\">Construcci\u00f3n de la memoria y la identidad sordas en las narrativas en Lengua de Se\u00f1as Argentina &#8211; <\/span><i><span style=\"font-weight: 400\">M\u00f3nica Curiel &amp; Mercedes Pandullo y Cecilia Maltez<\/span><\/i><span style=\"font-weight: 400\">\u00a0<\/span><\/li>\n<\/ol>\n<h3><b>Tercera parte &#8211; 15.00 &#8211; 16.30<\/b><\/h3>\n<p><span style=\"font-weight: 400\">Sala B &#8211; Pabell\u00f3n Residencial<\/span><\/p>\n<ol>\n<li style=\"font-weight: 400\"><span style=\"font-weight: 400\">Revisitando el top\u00f3nimo catamarque\u00f1o Enjamisajo a partir de los datos recientes de la lengua kakana &#8211; <\/span><i><span style=\"font-weight: 400\">Pedro Viegas Barros<\/span><\/i><\/li>\n<li style=\"font-weight: 400\"><span style=\"font-weight: 400\">Revitalizaci\u00f3n del Mapuzugun en la L\u00ednea Sur rionegrina en la era de la motosierra &#8211; <\/span><i><span style=\"font-weight: 400\">Andrea Pichilef<\/span><\/i><\/li>\n<li style=\"font-weight: 400\"><span style=\"font-weight: 400\">Recuperantes del qom: sentidos en torno a la transmisi\u00f3n de la lengua en la formaci\u00f3n de docentes ind\u00edgenas &#8211; <\/span><i><span style=\"font-weight: 400\">Luc\u00eda Romero Massobrio<\/span><\/i><\/li>\n<li style=\"font-weight: 400\"><span style=\"font-weight: 400\">La memoria oral y las fuentes hist\u00f3ricas en la recuperaci\u00f3n de lenguas y el activismo ind\u00edgena: una reflexi\u00f3n sobre dos casos &#8211; <\/span><i><span style=\"font-weight: 400\">Luisa Dom\u00ednguez<\/span><\/i><\/li>\n<\/ol>\n<h3><b>JUEVES 23 DE MAYO<\/b><\/h3>\n<h3><b>Cuarta parte &#8211; 9.00 &#8211; 10.30<\/b><\/h3>\n<p><span style=\"font-weight: 400\">Pabell\u00f3n Venezuela<\/span><\/p>\n<ol>\n<li style=\"font-weight: 400\"><span style=\"font-weight: 400\">Memorias de lenguas, normalizaciones y resistencias: la ling\u00fc\u00edstica en la Universidad de Buenos Aires (1946-1955) &#8211; <\/span><i><span style=\"font-weight: 400\">Victoria Scotto &amp; Lucila Santomero<\/span><\/i><\/li>\n<li style=\"font-weight: 400\"><span style=\"font-weight: 400\">Territorialidad y memoria: simbiog\u00e9nesis ling\u00fc\u00edstica en la literatura mapuche contempor\u00e1nea &#8211; <\/span><i><span style=\"font-weight: 400\">Sof\u00eda De Mauro &amp; Mar\u00eda Fernanda Libro<\/span><\/i><\/li>\n<li style=\"font-weight: 400\"><span style=\"font-weight: 400\">Desierto Sonoro: un archivo de ecos y afectos &#8211; <\/span><i><span style=\"font-weight: 400\">Brenda Natale &amp; Camila Arce Torre<\/span><\/i><\/li>\n<\/ol>\n<h3><b>Quinta parte &#8211; 11.00 &#8211; 12.30<\/b><\/h3>\n<p><span style=\"font-weight: 400\">Pabell\u00f3n Venezuela<\/span><\/p>\n<ol>\n<li style=\"font-weight: 400\"><span style=\"font-weight: 400\">Palabras entre tumba y divergencia. Experiencias de un taller y un pasqu\u00edn de libre escritura &#8211; <\/span><i><span style=\"font-weight: 400\">Taller Tumbergencia<\/span><\/i><\/li>\n<li style=\"font-weight: 400\"><span style=\"font-weight: 400\">Gestos Torcidos. Hacia un archivo de frontera en torno a la punici\u00f3n &#8211; <\/span><i><span style=\"font-weight: 400\">Grazia Paesani &amp; Florencia Ceballos<\/span><\/i><\/li>\n<li style=\"font-weight: 400\"><span style=\"font-weight: 400\">Fronteras y territorios. Voces de escritoras de provincia en la revista porte\u00f1a La Literatura Argentina &#8211; <\/span><i><span style=\"font-weight: 400\">Mar\u00eda Gabriela Boldini<\/span><\/i><\/li>\n<li style=\"font-weight: 400\"><span style=\"font-weight: 400\">La antiutop\u00eda de Enrique Lihn y la pluralidad democr\u00e1tica &#8211; <\/span><i><span style=\"font-weight: 400\">Elizabeth Joy Koza Carreira\u00a0<\/span><\/i><\/li>\n<\/ol>\n<h3><b>Sexta parte &#8211; 15.00 &#8211; 16.30<\/b><\/h3>\n<p><span style=\"font-weight: 400\">Pabell\u00f3n Venezuela<\/span><\/p>\n<ol>\n<li style=\"font-weight: 400\"><span style=\"font-weight: 400\">El Proyecto \u00e9tico ficcional de Valter Hugo Mae, y su cristalizaci\u00f3n en la tetralog\u00eda de las min\u00fasculas &#8211; <\/span><i><span style=\"font-weight: 400\">Anal\u00eda Bonifay &amp; Maximiliano Suarez<\/span><\/i><\/li>\n<li style=\"font-weight: 400\"><span style=\"font-weight: 400\">Ling\u00fc\u00edstica queer y derechos ling\u00fc\u00edsticos. Performance drag en un canal brasile\u00f1o de YouTube &#8211; <\/span><i><span style=\"font-weight: 400\">Alejandro Ballesteros<\/span><\/i><\/li>\n<li style=\"font-weight: 400\"><span style=\"font-weight: 400\">Cartograf\u00eda po\u00e9tica de un despojo &#8211; <\/span><i><span style=\"font-weight: 400\">Alejandro Arriaga<\/span><\/i><\/li>\n<li style=\"font-weight: 400\">Memorias de la cal: trazas l\u00edticas<i> &#8211; Marcela Marin &amp; Mirta Antonelli<\/i><\/li>\n<\/ol>\n","protected":false},"excerpt":{"rendered":"<div class=\"mh-excerpt\"><p>Mirian Pino Beatriz Bixio Esta comisi\u00f3n convoca trabajos que articulen canales entre culturas, lenguas y memorias. En esta direcci\u00f3n, se orienta hacia un di\u00e1logo que <a class=\"mh-excerpt-more\" href=\"https:\/\/ffyh.unc.edu.ar\/derechoslinguisticos\/ediciones-anteriores\/circulares\/comisiones-de-conversacion\/las-lenguas-como-textura-de-memorias-insurgentes\/\" title=\"4. Las lenguas como textura de memorias insurgentes\">[&#8230;]<\/a><\/p>\n<\/div>","protected":false},"author":28,"featured_media":0,"parent":769,"menu_order":5,"comment_status":"closed","ping_status":"closed","template":"","meta":{"_acf_changed":false,"footnotes":""},"class_list":["post-788","page","type-page","status-publish","hentry"],"acf":[],"_links":{"self":[{"href":"https:\/\/ffyh.unc.edu.ar\/derechoslinguisticos\/wp-json\/wp\/v2\/pages\/788","targetHints":{"allow":["GET"]}}],"collection":[{"href":"https:\/\/ffyh.unc.edu.ar\/derechoslinguisticos\/wp-json\/wp\/v2\/pages"}],"about":[{"href":"https:\/\/ffyh.unc.edu.ar\/derechoslinguisticos\/wp-json\/wp\/v2\/types\/page"}],"author":[{"embeddable":true,"href":"https:\/\/ffyh.unc.edu.ar\/derechoslinguisticos\/wp-json\/wp\/v2\/users\/28"}],"replies":[{"embeddable":true,"href":"https:\/\/ffyh.unc.edu.ar\/derechoslinguisticos\/wp-json\/wp\/v2\/comments?post=788"}],"version-history":[{"count":7,"href":"https:\/\/ffyh.unc.edu.ar\/derechoslinguisticos\/wp-json\/wp\/v2\/pages\/788\/revisions"}],"predecessor-version":[{"id":1005,"href":"https:\/\/ffyh.unc.edu.ar\/derechoslinguisticos\/wp-json\/wp\/v2\/pages\/788\/revisions\/1005"}],"up":[{"embeddable":true,"href":"https:\/\/ffyh.unc.edu.ar\/derechoslinguisticos\/wp-json\/wp\/v2\/pages\/769"}],"wp:attachment":[{"href":"https:\/\/ffyh.unc.edu.ar\/derechoslinguisticos\/wp-json\/wp\/v2\/media?parent=788"}],"curies":[{"name":"wp","href":"https:\/\/api.w.org\/{rel}","templated":true}]}}

<p style="text-align: right">Mirian Pino<br />
Beatriz Bixio</p>
<p style="text-align: left"><span style="font-weight: 400">Esta comisión convoca trabajos que articulen canales entre culturas, lenguas y memorias. En esta dirección, se orienta hacia un diálogo que ponga en valor dicha tríada en la cual los plurales sean un centro heurístico que organice el vínculo de las unidades de análisis ante citadas con acento en las memorias de mediana y larga duración y sus incidencias presentes y proyecciones futuras. </span></p>
<p style="text-align: left"><span style="font-weight: 400">Lenguas nativas; lenguas de colonización; lenguas constitutivas de nuevas subjetividades políticas; lenguas en tanto complejos sistemas visuales, territorios de insurgencia, de memorias de dominación, instituyentes de lazo social; en definitiva, lenguas como instrumentos y objetos de disputa en los diversos campos de lucha. Concebida la mesa de este modo, la tríada lenguas, memorias y culturas se anuda al texto de los derechos lingüísticos concebidos como derechos humanos. </span></p>
<p style="text-align: left"><span style="font-weight: 400">Los derechos lingüísticos son un eje de vital importancia ya que relatan y visibilizan la pluralidad en el seno mismo de las sociedades modernas, las luchas por su legitimación y reconocimiento en un pasado más o menos remoto, así como las heridas que aún duelen en lenguas acalladas.  </span></p>
<p style="text-align: left"><span style="font-weight: 400">Los ejes que estructuran la mesa son: </span></p>
<ol>
<li style="text-align: left"><span style="font-weight: 400">Lenguas nativas en tanto lenguas calibánicas: desencuentros, mezclas y resistencias en el pasado-presente-futuro de las memorias omitidas. </span></li>
<li style="text-align: left"><span style="font-weight: 400">Lenguas carcelarias: memorias del encierro en las hablas cotidianas.</span></li>
<li style="text-align: left"><span style="font-weight: 400">Lenguas de señas: memorias de silenciamientos estatales.</span></li>
<li style="text-align: left"><span style="font-weight: 400">Lenguas en experiencias concentracionarias: la lengua de la dominación represiva y la dominación de las lenguas. </span></li>
<li style="text-align: left"><span style="font-weight: 400">Lenguas durante los terrorismos de Estado en Latinoamérica. Estrategias insurgentes y dimensión subversiva de la lengua en la literatura. </span></li>
<li style="text-align: left"><span style="font-weight: 400">Las comarcas orales, territorios y des-territorios en los pliegues de  las ciudades: creación y visibilidad de los espacios urbanos.</span></li>
<li style="text-align: left"><span style="font-weight: 400">Enseñanza de los derechos lingüísticos: propuestas pedagógicas insurgentes en contextos educativos.</span></li>
<li style="text-align: left"><span style="font-weight: 400">Propuestas de marcos teórico-metodológicos para investigaciones sobre derechos lingüísticos en clave de género.</span></li>
</ol>
<h2 style="text-align: center"><span style="color: #ff00ff">ACCEDER al LIBRO DE RESÚMENES<br />
&lt;<a style="color: #ff00ff" href="https://docs.google.com/document/d/16CJkSVJbGbfbTcbjZLTPNw-CcZkSLxdvW2GKh_m1fVA/edit?usp=drive_web&amp;ouid=113070060726844716872">click acá</a>&gt;</span></h2>
<h1><span style="color: #ff00ff">PROGRAMA</span></h1>
<h3><b>MARTES 21 DE MAYO</b></h3>
<h3><b>Primera parte 15.00 &#8211; 16.30</b></h3>
<p><span style="font-weight: 400">Sala B &#8211; Pabellón Residencial</span></p>
<ol>
<li style="font-weight: 400"><span style="font-weight: 400">La lengua wichi en la escuela secundaria: modos de disputar sentidos y espacios de enunciación &#8211; </span><i><span style="font-weight: 400">Lara Amalia Messina</span></i></li>
<li style="font-weight: 400"><span style="font-weight: 400">El guaraní como refugio de identidad &#8211; </span><i><span style="font-weight: 400">Luisa Inés Moreno</span></i></li>
<li style="font-weight: 400"><span style="font-weight: 400">Las representaciones sociolingüísticas en hablantes del Norte argentino: el caso de estudiantes de la UNC &#8211; </span><i><span style="font-weight: 400">Florencia Valeria Barrios</span></i></li>
<li style="font-weight: 400"><span style="font-weight: 400">“Soy Napalpí”: lengua, memoria y territorio en la poesía de Juan Chico &#8211; </span><i><span style="font-weight: 400">Valentina Azul Roldan</span></i></li>
</ol>
<h3><b>MIÉRCOLES 22 DE MAYO</b></h3>
<h3><b>Segunda parte 9.00 &#8211; 10.30</b></h3>
<p><span style="font-weight: 400">Sala B &#8211; Pabellón Residencial</span></p>
<ol>
<li style="font-weight: 400"><span style="font-weight: 400">Propuesta pedagógica: Conquistas de las Memorias, la voz de Ana &#8211; </span><i><span style="font-weight: 400">Tamara Liponetzky &amp; Laura Chauerba </span></i></li>
<li style="font-weight: 400"><span style="font-weight: 400">Lengua de Señas Argentina, de prohibiciones y marcas generizadas &#8211; </span><i><span style="font-weight: 400">María Eugenia Almeida, Ana Ferreyra &amp; Jazmín Vieytes</span></i></li>
<li style="font-weight: 400"><span style="font-weight: 400">Construcción de la memoria y la identidad sordas en las narrativas en Lengua de Señas Argentina &#8211; </span><i><span style="font-weight: 400">Mónica Curiel &amp; Mercedes Pandullo y Cecilia Maltez</span></i><span style="font-weight: 400"> </span></li>
</ol>
<h3><b>Tercera parte &#8211; 15.00 &#8211; 16.30</b></h3>
<p><span style="font-weight: 400">Sala B &#8211; Pabellón Residencial</span></p>
<ol>
<li style="font-weight: 400"><span style="font-weight: 400">Revisitando el topónimo catamarqueño Enjamisajo a partir de los datos recientes de la lengua kakana &#8211; </span><i><span style="font-weight: 400">Pedro Viegas Barros</span></i></li>
<li style="font-weight: 400"><span style="font-weight: 400">Revitalización del Mapuzugun en la Línea Sur rionegrina en la era de la motosierra &#8211; </span><i><span style="font-weight: 400">Andrea Pichilef</span></i></li>
<li style="font-weight: 400"><span style="font-weight: 400">Recuperantes del qom: sentidos en torno a la transmisión de la lengua en la formación de docentes indígenas &#8211; </span><i><span style="font-weight: 400">Lucía Romero Massobrio</span></i></li>
<li style="font-weight: 400"><span style="font-weight: 400">La memoria oral y las fuentes históricas en la recuperación de lenguas y el activismo indígena: una reflexión sobre dos casos &#8211; </span><i><span style="font-weight: 400">Luisa Domínguez</span></i></li>
</ol>
<h3><b>JUEVES 23 DE MAYO</b></h3>
<h3><b>Cuarta parte &#8211; 9.00 &#8211; 10.30</b></h3>
<p><span style="font-weight: 400">Pabellón Venezuela</span></p>
<ol>
<li style="font-weight: 400"><span style="font-weight: 400">Memorias de lenguas, normalizaciones y resistencias: la lingüística en la Universidad de Buenos Aires (1946-1955) &#8211; </span><i><span style="font-weight: 400">Victoria Scotto &amp; Lucila Santomero</span></i></li>
<li style="font-weight: 400"><span style="font-weight: 400">Territorialidad y memoria: simbiogénesis lingüística en la literatura mapuche contemporánea &#8211; </span><i><span style="font-weight: 400">Sofía De Mauro &amp; María Fernanda Libro</span></i></li>
<li style="font-weight: 400"><span style="font-weight: 400">Desierto Sonoro: un archivo de ecos y afectos &#8211; </span><i><span style="font-weight: 400">Brenda Natale &amp; Camila Arce Torre</span></i></li>
</ol>
<h3><b>Quinta parte &#8211; 11.00 &#8211; 12.30</b></h3>
<p><span style="font-weight: 400">Pabellón Venezuela</span></p>
<ol>
<li style="font-weight: 400"><span style="font-weight: 400">Palabras entre tumba y divergencia. Experiencias de un taller y un pasquín de libre escritura &#8211; </span><i><span style="font-weight: 400">Taller Tumbergencia</span></i></li>
<li style="font-weight: 400"><span style="font-weight: 400">Gestos Torcidos. Hacia un archivo de frontera en torno a la punición &#8211; </span><i><span style="font-weight: 400">Grazia Paesani &amp; Florencia Ceballos</span></i></li>
<li style="font-weight: 400"><span style="font-weight: 400">Fronteras y territorios. Voces de escritoras de provincia en la revista porteña La Literatura Argentina &#8211; </span><i><span style="font-weight: 400">María Gabriela Boldini</span></i></li>
<li style="font-weight: 400"><span style="font-weight: 400">La antiutopía de Enrique Lihn y la pluralidad democrática &#8211; </span><i><span style="font-weight: 400">Elizabeth Joy Koza Carreira </span></i></li>
</ol>
<h3><b>Sexta parte &#8211; 15.00 &#8211; 16.30</b></h3>
<p><span style="font-weight: 400">Pabellón Venezuela</span></p>
<ol>
<li style="font-weight: 400"><span style="font-weight: 400">El Proyecto ético ficcional de Valter Hugo Mae, y su cristalización en la tetralogía de las minúsculas &#8211; </span><i><span style="font-weight: 400">Analía Bonifay &amp; Maximiliano Suarez</span></i></li>
<li style="font-weight: 400"><span style="font-weight: 400">Lingüística queer y derechos lingüísticos. Performance drag en un canal brasileño de YouTube &#8211; </span><i><span style="font-weight: 400">Alejandro Ballesteros</span></i></li>
<li style="font-weight: 400"><span style="font-weight: 400">Cartografía poética de un despojo &#8211; </span><i><span style="font-weight: 400">Alejandro Arriaga</span></i></li>
<li style="font-weight: 400">Memorias de la cal: trazas líticas<i> &#8211; Marcela Marin &amp; Mirta Antonelli</i></li>
</ol>

<div class="mh-excerpt"><p>Mirian Pino Beatriz Bixio Esta comisión convoca trabajos que articulen canales entre culturas, lenguas y memorias. En esta dirección, se orienta hacia un diálogo que <a class="mh-excerpt-more" href="https://ffyh.unc.edu.ar/derechoslinguisticos/ediciones-anteriores/circulares/comisiones-de-conversacion/las-lenguas-como-textura-de-memorias-insurgentes/" title="4. Las lenguas como textura de memorias insurgentes">[&#8230;]</a></p>
</div>
