{"id":791,"date":"2023-10-21T01:39:00","date_gmt":"2023-10-21T01:39:00","guid":{"rendered":"https:\/\/ffyh.unc.edu.ar\/derechoslinguisticos\/?page_id=791"},"modified":"2024-05-20T13:33:15","modified_gmt":"2024-05-20T13:33:15","slug":"escrito-en-sexo-interpelaciones-e-imaginaciones-corporales","status":"publish","type":"page","link":"https:\/\/ffyh.unc.edu.ar\/derechoslinguisticos\/ediciones-anteriores\/circulares\/comisiones-de-conversacion\/escrito-en-sexo-interpelaciones-e-imaginaciones-corporales\/","title":{"rendered":"5. Escrito en sexo, interpelaciones e imaginaciones corporales"},"content":{"rendered":"<p style=\"text-align: right\">Facundo Saxe, emma song,<br \/>\nColectivos Torceduras y Bifurcaciones y el Deleite de los cuerpos<\/p>\n<p style=\"text-align: left\">Les invitamos a participar en la comision \u201cEscrito en sexo\u201d con interpelaciones que aborden la sexualidad, la diversidad corporal, las politicas afectivas en sus modulaciones, imaginaciones y expresiones que nos abran a la emergencia de nuestros encuentros con lo que somos. Poner las palabras, los sentidos y las narraciones de nuestras urgencias, luchas y desaf\u00edos a circular, a tocar, a rozar, abrazar; la insurgencia que nos empuja a desafiar lo que parece dado.<\/p>\n<p style=\"text-align: left\">Los formatos y las modulaciones en cualquiera de sus variedades ser\u00e1n bienvenidas a participar de la conversaci\u00f3n, les proponemos tres tropos para la cohabitaci\u00f3n del di\u00e1logo que queremos llevar adelante.<\/p>\n<ol>\n<li style=\"text-align: left\"><em>El sexo se muerde la lengua<\/em>. Politicas, representaci\u00f3n e identidades sexo-afectivas.<\/li>\n<li style=\"text-align: left\"><em>El color del sexo<\/em>. Interseccionalidad y fronteras sexuales.<\/li>\n<li style=\"text-align: left\"><em>La desventura de las palabras.<\/em> Teor\u00eda de los afectos, afectos te\u00f3ricos e insurgencias afectivas.<\/li>\n<\/ol>\n<h2 style=\"text-align: center\"><span style=\"color: #ff00ff\">ACCEDER al LIBRO DE RES\u00daMENES<br \/>\n&lt;<a style=\"color: #ff00ff\" href=\"https:\/\/docs.google.com\/document\/d\/1_ac1ck2ZFknrK76YiJSiXaZHf588gupbFoUub6bfgLk\/edit\">click ac\u00e1<\/a>&gt;<\/span><\/h2>\n<h1><span style=\"color: #ff00ff\">PROGRAMA<\/span><\/h1>\n<h3><b>MI\u00c9RCOLES 22 DE MAYO<\/b><\/h3>\n<h3><b>Primera parte &#8211; 15.00 &#8211; 16.30<\/b><\/h3>\n<p><span style=\"font-weight: 400\">Aula Posgrado de Artes &#8211; Pabell\u00f3n Brujas<\/span><\/p>\n<ol>\n<li style=\"font-weight: 400\"><span style=\"font-weight: 400\">Gword y baqueteada: nuevas (\u00bfo viejas?) construcciones de lo gordo en X &#8211; <\/span><i><span style=\"font-weight: 400\">Joaqu\u00edn Fern\u00e1ndez<\/span><\/i><\/li>\n<li style=\"font-weight: 400\"><span style=\"font-weight: 400\">\u00bfQu\u00e9 afectos para qu\u00e9 sexo? Una mirada al corto posporno \u201cIsma\u201d (2023) &#8211; <\/span><i><span style=\"font-weight: 400\">Ana Julia Crosa<\/span><\/i><\/li>\n<li style=\"font-weight: 400\"><span style=\"font-weight: 400\">Abandonar el cuerpo. Maternidades que importan &#8211; <\/span><i><span style=\"font-weight: 400\">Noelia Perrote<\/span><\/i><\/li>\n<\/ol>\n<h3><b>JUEVES 23 DE MAYO<\/b><\/h3>\n<h3><b>Segunda parte &#8211; 9.00 &#8211; 10.30<\/b><\/h3>\n<p><span style=\"font-weight: 400\">Pabell\u00f3n Venezuela<\/span><\/p>\n<ol>\n<li style=\"font-weight: 400\"><span style=\"font-weight: 400\">El afuera de la ley &#8211; <\/span><i><span style=\"font-weight: 400\">Eduardo Mattio<\/span><\/i><\/li>\n<li style=\"font-weight: 400\"><span style=\"font-weight: 400\">La materializaci\u00f3n de los Cuerpos por v\u00eda del Significante &#8211; <\/span><i><span style=\"font-weight: 400\">Mat\u00edas Paz<\/span><\/i><\/li>\n<li style=\"font-weight: 400\"><span style=\"font-weight: 400\">Desafiando la corponormatividad: mi viaje hacia el reconocimiento y la resistencia como mujer gorda, activista e investigadora en primera persona &#8211; <\/span><i><span style=\"font-weight: 400\">Gim\u00e9nez R. Bel\u00e9n<\/span><\/i><\/li>\n<\/ol>\n<h3><b>Tercera parte &#8211; 11.00 &#8211; 12.30<\/b><\/h3>\n<p><span style=\"font-weight: 400\">Pabell\u00f3n Venezuela<\/span><\/p>\n<ol>\n<li style=\"font-weight: 400\"><span style=\"font-weight: 400\">Narrar el deseo: Talleres de literatura er\u00f3tica para repensar la vida desde el placer &#8211; <\/span><i><span style=\"font-weight: 400\">Mar\u00eda Fernanda Depetris &amp; Paulina Panza Guardatti<\/span><\/i><\/li>\n<li style=\"font-weight: 400\"><span style=\"font-weight: 400\">\u00bfC\u00f3mo se construye lx lesbianx? Un ensayo sobre el sexo de La Pepa &#8211; <\/span><i><span style=\"font-weight: 400\">Lu Almada &amp; Pam Ceccoli\u00a0<\/span><\/i><\/li>\n<li style=\"font-weight: 400\"><span style=\"font-weight: 400\">Implosi\u00f3n de lo humano: Un mundo habitable en los futuros monstruosos sobre las ruinas del presente. A prop\u00f3sito del cuento Seis tetas de Camila Sosa Villada &#8211; <\/span><i><span style=\"font-weight: 400\">Malen Azul Calder\u00f3n Fourmont<\/span><\/i><\/li>\n<\/ol>\n","protected":false},"excerpt":{"rendered":"<div class=\"mh-excerpt\"><p>Facundo Saxe, emma song, Colectivos Torceduras y Bifurcaciones y el Deleite de los cuerpos Les invitamos a participar en la comision \u201cEscrito en sexo\u201d con <a class=\"mh-excerpt-more\" href=\"https:\/\/ffyh.unc.edu.ar\/derechoslinguisticos\/ediciones-anteriores\/circulares\/comisiones-de-conversacion\/escrito-en-sexo-interpelaciones-e-imaginaciones-corporales\/\" title=\"5. Escrito en sexo, interpelaciones e imaginaciones corporales\">[&#8230;]<\/a><\/p>\n<\/div>","protected":false},"author":28,"featured_media":0,"parent":769,"menu_order":6,"comment_status":"closed","ping_status":"closed","template":"","meta":{"_acf_changed":false,"footnotes":""},"class_list":["post-791","page","type-page","status-publish","hentry"],"acf":[],"_links":{"self":[{"href":"https:\/\/ffyh.unc.edu.ar\/derechoslinguisticos\/wp-json\/wp\/v2\/pages\/791","targetHints":{"allow":["GET"]}}],"collection":[{"href":"https:\/\/ffyh.unc.edu.ar\/derechoslinguisticos\/wp-json\/wp\/v2\/pages"}],"about":[{"href":"https:\/\/ffyh.unc.edu.ar\/derechoslinguisticos\/wp-json\/wp\/v2\/types\/page"}],"author":[{"embeddable":true,"href":"https:\/\/ffyh.unc.edu.ar\/derechoslinguisticos\/wp-json\/wp\/v2\/users\/28"}],"replies":[{"embeddable":true,"href":"https:\/\/ffyh.unc.edu.ar\/derechoslinguisticos\/wp-json\/wp\/v2\/comments?post=791"}],"version-history":[{"count":6,"href":"https:\/\/ffyh.unc.edu.ar\/derechoslinguisticos\/wp-json\/wp\/v2\/pages\/791\/revisions"}],"predecessor-version":[{"id":1004,"href":"https:\/\/ffyh.unc.edu.ar\/derechoslinguisticos\/wp-json\/wp\/v2\/pages\/791\/revisions\/1004"}],"up":[{"embeddable":true,"href":"https:\/\/ffyh.unc.edu.ar\/derechoslinguisticos\/wp-json\/wp\/v2\/pages\/769"}],"wp:attachment":[{"href":"https:\/\/ffyh.unc.edu.ar\/derechoslinguisticos\/wp-json\/wp\/v2\/media?parent=791"}],"curies":[{"name":"wp","href":"https:\/\/api.w.org\/{rel}","templated":true}]}}

<p style="text-align: right">Facundo Saxe, emma song,<br />
Colectivos Torceduras y Bifurcaciones y el Deleite de los cuerpos</p>
<p style="text-align: left">Les invitamos a participar en la comision “Escrito en sexo” con interpelaciones que aborden la sexualidad, la diversidad corporal, las politicas afectivas en sus modulaciones, imaginaciones y expresiones que nos abran a la emergencia de nuestros encuentros con lo que somos. Poner las palabras, los sentidos y las narraciones de nuestras urgencias, luchas y desafíos a circular, a tocar, a rozar, abrazar; la insurgencia que nos empuja a desafiar lo que parece dado.</p>
<p style="text-align: left">Los formatos y las modulaciones en cualquiera de sus variedades serán bienvenidas a participar de la conversación, les proponemos tres tropos para la cohabitación del diálogo que queremos llevar adelante.</p>
<ol>
<li style="text-align: left"><em>El sexo se muerde la lengua</em>. Politicas, representación e identidades sexo-afectivas.</li>
<li style="text-align: left"><em>El color del sexo</em>. Interseccionalidad y fronteras sexuales.</li>
<li style="text-align: left"><em>La desventura de las palabras.</em> Teoría de los afectos, afectos teóricos e insurgencias afectivas.</li>
</ol>
<h2 style="text-align: center"><span style="color: #ff00ff">ACCEDER al LIBRO DE RESÚMENES<br />
&lt;<a style="color: #ff00ff" href="https://docs.google.com/document/d/1_ac1ck2ZFknrK76YiJSiXaZHf588gupbFoUub6bfgLk/edit">click acá</a>&gt;</span></h2>
<h1><span style="color: #ff00ff">PROGRAMA</span></h1>
<h3><b>MIÉRCOLES 22 DE MAYO</b></h3>
<h3><b>Primera parte &#8211; 15.00 &#8211; 16.30</b></h3>
<p><span style="font-weight: 400">Aula Posgrado de Artes &#8211; Pabellón Brujas</span></p>
<ol>
<li style="font-weight: 400"><span style="font-weight: 400">Gword y baqueteada: nuevas (¿o viejas?) construcciones de lo gordo en X &#8211; </span><i><span style="font-weight: 400">Joaquín Fernández</span></i></li>
<li style="font-weight: 400"><span style="font-weight: 400">¿Qué afectos para qué sexo? Una mirada al corto posporno “Isma” (2023) &#8211; </span><i><span style="font-weight: 400">Ana Julia Crosa</span></i></li>
<li style="font-weight: 400"><span style="font-weight: 400">Abandonar el cuerpo. Maternidades que importan &#8211; </span><i><span style="font-weight: 400">Noelia Perrote</span></i></li>
</ol>
<h3><b>JUEVES 23 DE MAYO</b></h3>
<h3><b>Segunda parte &#8211; 9.00 &#8211; 10.30</b></h3>
<p><span style="font-weight: 400">Pabellón Venezuela</span></p>
<ol>
<li style="font-weight: 400"><span style="font-weight: 400">El afuera de la ley &#8211; </span><i><span style="font-weight: 400">Eduardo Mattio</span></i></li>
<li style="font-weight: 400"><span style="font-weight: 400">La materialización de los Cuerpos por vía del Significante &#8211; </span><i><span style="font-weight: 400">Matías Paz</span></i></li>
<li style="font-weight: 400"><span style="font-weight: 400">Desafiando la corponormatividad: mi viaje hacia el reconocimiento y la resistencia como mujer gorda, activista e investigadora en primera persona &#8211; </span><i><span style="font-weight: 400">Giménez R. Belén</span></i></li>
</ol>
<h3><b>Tercera parte &#8211; 11.00 &#8211; 12.30</b></h3>
<p><span style="font-weight: 400">Pabellón Venezuela</span></p>
<ol>
<li style="font-weight: 400"><span style="font-weight: 400">Narrar el deseo: Talleres de literatura erótica para repensar la vida desde el placer &#8211; </span><i><span style="font-weight: 400">María Fernanda Depetris &amp; Paulina Panza Guardatti</span></i></li>
<li style="font-weight: 400"><span style="font-weight: 400">¿Cómo se construye lx lesbianx? Un ensayo sobre el sexo de La Pepa &#8211; </span><i><span style="font-weight: 400">Lu Almada &amp; Pam Ceccoli </span></i></li>
<li style="font-weight: 400"><span style="font-weight: 400">Implosión de lo humano: Un mundo habitable en los futuros monstruosos sobre las ruinas del presente. A propósito del cuento Seis tetas de Camila Sosa Villada &#8211; </span><i><span style="font-weight: 400">Malen Azul Calderón Fourmont</span></i></li>
</ol>
