{"id":874,"date":"2024-02-14T18:00:41","date_gmt":"2024-02-14T18:00:41","guid":{"rendered":"https:\/\/ffyh.unc.edu.ar\/derechoslinguisticos\/?page_id=874"},"modified":"2026-03-11T21:08:03","modified_gmt":"2026-03-11T21:08:03","slug":"programa","status":"publish","type":"page","link":"https:\/\/ffyh.unc.edu.ar\/derechoslinguisticos\/ediciones-anteriores\/circulares\/programa\/","title":{"rendered":"Programa"},"content":{"rendered":"<h1>PROGRAMA<\/h1>\n<hr \/>\n<h3>CRONOGRAMA Y PROGRAMAS COMPLETOS <span style=\"color: #ff00ff\"><a style=\"color: #ff00ff\" href=\"https:\/\/docs.google.com\/document\/d\/1G3TFSWAR5_GhP9uOMCHrcOpDwQKCxwx8juOHfpZTmU0\/edit\"><strong>AQU\u00cd<\/strong><\/a><\/span><\/h3>\n<h2><b>LUNES 20 DE MAYO<\/b><\/h2>\n<h3><b>10.00 &#8211; 18.00: <\/b><span style=\"font-weight: 400\">Jornadas de revitalizaci\u00f3n ling\u00fc\u00edstica [<span style=\"color: #ff00ff\"><a style=\"color: #ff00ff\" href=\"https:\/\/meet.google.com\/foj-mtep-bij\">virtual: https:\/\/meet.google.com\/foj-mtep-bij<\/a><\/span>]<\/span><\/h3>\n<h3><b>18.00 &#8211; 20.00: <\/b><span style=\"font-weight: 400\">Presentaci\u00f3n del libro <\/span><i><span style=\"font-weight: 400\">Toda poes\u00eda es hostil al anarco capitalismo<\/span><\/i><span style=\"font-weight: 400\">, con participaci\u00f3n del compilador, Julian Axat. Dialogan: Juli\u00e1n Axat, Mirian Pino, Tina Elorriaga y Manuela Corral [Museo de Antropolog\u00edas]<\/span><\/h3>\n<hr \/>\n<h3><\/h3>\n<h2><b>MARTES 21 DE MAYO<\/b><\/h2>\n<h3><b>9.00 &#8211; 09.30: <\/b><span style=\"font-weight: 400\">Apertura a cargo del Comit\u00e9 Organizador y Flavia Dezzutto. Sala A &#8211; Pabell\u00f3n Residencial.\u00a0<\/span><\/h3>\n<h3><b>9.30 &#8211; 10.00: <\/b><span style=\"font-weight: 400\">Ceremonia de apertura a cargo del Instituto de Culturas Abor\u00edgenes. Sala A &#8211; Pabell\u00f3n Residencial.\u00a0<\/span><\/h3>\n<h3><b>10.00 &#8211; 11.30: Panel 1. Procesos de institucionalizaci\u00f3n de lenguas ind\u00edgenas. Algunas experiencias<\/b><span style=\"font-weight: 400\"> &#8211; <\/span><i><span style=\"font-weight: 400\">Lorena Ca\u00f1uqueo, Ger\u00f3nima Mart\u00ednez <\/span><\/i><span style=\"font-weight: 400\">&amp;<\/span><i><span style=\"font-weight: 400\"> Silvia Sosa<\/span><\/i><span style=\"font-weight: 400\">. Coordina: <\/span><i><span style=\"font-weight: 400\">Ana Carolina Hecht<\/span><\/i><span style=\"font-weight: 400\">. Sala A &#8211; Pabell\u00f3n Residencial [con transmisi\u00f3n en vivo por YouTube <span style=\"color: #ff00ff\"><a style=\"color: #ff00ff\" href=\"https:\/\/www.youtube.com\/@comunicacionfilo\">https:\/\/www.youtube.com\/@comunicacionfilo<\/a><\/span>]<\/span><\/h3>\n<h3><b>11.30 &#8211; 12.00:<\/b><span style=\"font-weight: 400\"> Receso<\/span><\/h3>\n<h3><b>12.00 &#8211; 14.00: <\/b><span style=\"font-weight: 400\">Comisiones de conversaci\u00f3n<\/span><\/h3>\n<h4 style=\"padding-left: 40px\"><span style=\"color: #ff00ff\"><a style=\"color: #ff00ff\" href=\"https:\/\/docs.google.com\/document\/d\/1tkSpv5pvTCEdv1c4QgmOu8H0UO-asnul7yaOStmPt4U\/edit#heading=h.5dkusgrtxj2p\"><strong>Interculturalidad (primera parte)<\/strong><\/a><\/span><\/h4>\n<h4 style=\"padding-left: 40px\"><span style=\"color: #ff00ff\"><a style=\"color: #ff00ff\" href=\"https:\/\/docs.google.com\/document\/d\/1hlIUsR4h2GQB15FLZUe4cbOq0CnXEiI9fHftg7Ff9XQ\/edit?usp=drive_web&amp;ouid=113070060726844716872\"><strong>Fabular las lenguas (primera parte)<\/strong><\/a><\/span><\/h4>\n<h4 style=\"padding-left: 40px\"><span style=\"color: #ff00ff\"><a style=\"color: #ff00ff\" href=\"https:\/\/docs.google.com\/document\/d\/1sembVyqX0WyELFc8KT8YRinV1tnmtHjIKKy5AGBB69M\/edit#heading=h.pez8cdubub8a\"><strong>Educaci\u00f3n, pedagog\u00edas y estrategias alternativas (primera parte)<\/strong><\/a><\/span><\/h4>\n<h3><b>14.00 &#8211; 15.00:<\/b><span style=\"font-weight: 400\"> Receso <\/span><\/h3>\n<h3><b>15.00 &#8211; 16.30:<\/b><span style=\"font-weight: 400\"> Comisiones de conversaci\u00f3n<\/span><\/h3>\n<h4 style=\"padding-left: 40px\"><span style=\"color: #ff00ff\"><a style=\"color: #ff00ff\" href=\"https:\/\/docs.google.com\/document\/d\/1NnVi05zrMtwER5FZwBVTznQwIETnSF7GTyqax4v64Ww\/edit\"><b>Las lenguas como textura de memorias insurgentes (primera parte)<\/b><\/a><\/span><\/h4>\n<h4 style=\"padding-left: 40px\"><span style=\"color: #ff00ff\"><a style=\"color: #ff00ff\" href=\"https:\/\/docs.google.com\/document\/d\/1hlIUsR4h2GQB15FLZUe4cbOq0CnXEiI9fHftg7Ff9XQ\/edit?usp=drive_web&amp;ouid=113070060726844716872\"><b>Fabular las lenguas (segunda parte)<\/b><\/a><\/span><\/h4>\n<h4 style=\"padding-left: 40px\"><span style=\"color: #ff00ff\"><a style=\"color: #ff00ff\" href=\"https:\/\/docs.google.com\/document\/d\/1sembVyqX0WyELFc8KT8YRinV1tnmtHjIKKy5AGBB69M\/edit\"><b>Educaci\u00f3n, pedagog\u00edas y estrategias alternativas (segunda parte)<\/b><\/a><\/span><\/h4>\n<h3><b>15.00 &#8211; 16.30<\/b><span style=\"font-weight: 400\">: <\/span><b>Taller. Soltar la mano y la lengua<\/b><span style=\"font-weight: 400\">. Comparte: <\/span><i><span style=\"font-weight: 400\">Mostro<\/span><\/i><span style=\"font-weight: 400\">. Aula 1 &#8211; Pabell\u00f3n Brujas.<\/span><\/h3>\n<h3><b>16.30 &#8211; 17.00:<\/b><span style=\"font-weight: 400\"> Receso<\/span><\/h3>\n<h3><b>17.00 a 18.30:<\/b> <b>Panel 2. Derechos ling\u00fc\u00edsticos, ecolog\u00eda y lenguas ind\u00edgenas.<\/b> <i><span style=\"font-weight: 400\">Elisa Loncon, Marisa Malvestitti y Virginia Unamuno. <\/span><\/i><span style=\"font-weight: 400\">\u00a0Coordina: <\/span><i><span style=\"font-weight: 400\">Simona Mayo.<\/span><\/i><span style=\"font-weight: 400\"> Sala A &#8211; Pabell\u00f3n Residencial [con transmisi\u00f3n en vivo por YouTube: <span style=\"color: #ff00ff\"><a style=\"color: #ff00ff\" href=\"https:\/\/www.youtube.com\/@comunicacionfilo\">https:\/\/www.youtube.com\/@comunicacionfilo<\/a><\/span>].<\/span><\/h3>\n<h3><b>18.00: Festival Insurgente<\/b> <span style=\"font-weight: 400\">(co-producido por el \u00c1rea travesti-trans y En Transe Producciones):<\/span>\u00a0<span style=\"font-weight: 400\">Cuentos mano a mano<\/span><span style=\"font-weight: 400\"> &#8211; Mostro &#8211; Danileja &#8211; Dramamine<\/span> | <span style=\"font-weight: 400\"><strong>Feria Editorial: <\/strong>Antipop &#8211; Fruto de Drag\u00f3n &#8211; Ediciones Cuentos en boca &#8211; Ediciones de la terraza &#8211; Lote 11 Ediciones &#8211; Pimienta rosa &#8211; Buen Gusto &#8211; De todos los mares &#8211; Cielo Invertido Ediciones &#8211; La Sof\u00eda Cartonera <\/span>&#8211; Plaza Seca\u00a0<b><\/b><\/h3>\n<p>&nbsp;<\/p>\n<hr \/>\n<h3><\/h3>\n<h2><b>MI\u00c9RCOLES 22 DE MAYO<\/b><\/h2>\n<h3><b>9.00 &#8211; 10.30<\/b><span style=\"font-weight: 400\">: Comisiones de conversaci\u00f3n<\/span><\/h3>\n<h4 style=\"padding-left: 40px\"><span style=\"color: #ff00ff\"><a style=\"color: #ff00ff\" href=\"https:\/\/docs.google.com\/document\/d\/1hlIUsR4h2GQB15FLZUe4cbOq0CnXEiI9fHftg7Ff9XQ\/edit?usp=drive_web&amp;ouid=113070060726844716872\"><b>Fabular las lenguas (tercera parte)<\/b><\/a><\/span><\/h4>\n<h4 style=\"padding-left: 40px\"><span style=\"color: #ff00ff\"><a style=\"color: #ff00ff\" href=\"https:\/\/docs.google.com\/document\/d\/1R5eGHoahJXYqxDOlZjgvtKAYXeYInFTnA-QEhpHsRno\/edit\"><b>Pol\u00edticas p\u00fablicas, justicia y derechos (primera parte)<\/b><\/a><\/span><\/h4>\n<h4 style=\"padding-left: 40px\"><span style=\"color: #ff00ff\"><a style=\"color: #ff00ff\" href=\"https:\/\/docs.google.com\/document\/d\/1sembVyqX0WyELFc8KT8YRinV1tnmtHjIKKy5AGBB69M\/edit\"><b>Educaci\u00f3n, pedagog\u00edas y estrategias alternativas (tercera parte)<\/b><\/a><\/span><\/h4>\n<h4 style=\"padding-left: 40px\"><span style=\"color: #ff00ff\"><a style=\"color: #ff00ff\" href=\"https:\/\/docs.google.com\/document\/d\/1NnVi05zrMtwER5FZwBVTznQwIETnSF7GTyqax4v64Ww\/edit\"><b>Las lenguas como textura de memorias insurgentes (segunda parte)<\/b><\/a><\/span><\/h4>\n<h3><b>10.30 &#8211; 11.00:<\/b><span style=\"font-weight: 400\"> Receso<\/span><\/h3>\n<h3><b>11.00 &#8211; 12.30:<\/b><span style=\"font-weight: 400\"> Comisiones de conversaci\u00f3n<\/span><\/h3>\n<h4 style=\"padding-left: 40px\"><span style=\"color: #ff00ff\"><a style=\"color: #ff00ff\" href=\"https:\/\/docs.google.com\/document\/d\/1hlIUsR4h2GQB15FLZUe4cbOq0CnXEiI9fHftg7Ff9XQ\/edit?usp=drive_web&amp;ouid=113070060726844716872\"><b>Fabular las lenguas (cuarta parte)<\/b><\/a><\/span><\/h4>\n<h4 style=\"padding-left: 40px\"><span style=\"color: #ff00ff\"><a style=\"color: #ff00ff\" href=\"https:\/\/docs.google.com\/document\/d\/1R5eGHoahJXYqxDOlZjgvtKAYXeYInFTnA-QEhpHsRno\/edit\"><b>Pol\u00edticas p\u00fablicas, justicia y derechos (segunda parte)<\/b><\/a><\/span><\/h4>\n<h4 style=\"padding-left: 40px\"><span style=\"color: #ff00ff\"><a style=\"color: #ff00ff\" href=\"https:\/\/docs.google.com\/document\/d\/1sembVyqX0WyELFc8KT8YRinV1tnmtHjIKKy5AGBB69M\/edit\"><b>Educaci\u00f3n, pedagog\u00edas y estrategias alternativas (cuarta parte)<\/b><\/a><\/span><\/h4>\n<h4 style=\"padding-left: 40px\"><span style=\"color: #ff00ff\"><a style=\"color: #ff00ff\" href=\"https:\/\/docs.google.com\/document\/d\/1tkSpv5pvTCEdv1c4QgmOu8H0UO-asnul7yaOStmPt4U\/edit\"><b>Interculturalidad (segunda parte)<\/b><\/a><\/span><\/h4>\n<h3><b>12.30 &#8211; 14.00:<\/b><span style=\"font-weight: 400\"><strong> Panel 3: Hablantes migrantes, \u00abinclusi\u00f3n\u00bb y derechos<\/strong>. <\/span><i><span style=\"font-weight: 400\">Roberto Bein, Henri Boisrolin y Florencia Sartori<\/span><\/i><span style=\"font-weight: 400\">. Coordina: <\/span><i><span style=\"font-weight: 400\">Corina Courtis<\/span><\/i><span style=\"font-weight: 400\">. Sala A &#8211; Pabell\u00f3n Residencial [con transmisi\u00f3n en vivo por YouTube: <span style=\"color: #ff00ff\"><a style=\"color: #ff00ff\" href=\"https:\/\/www.youtube.com\/@comunicacionfilo\">https:\/\/www.youtube.com\/@comunicacionfilo<\/a><\/span>]\u00a0<\/span><\/h3>\n<h3><b>14.00 &#8211; 15.00:<\/b><span style=\"font-weight: 400\"> Receso<\/span><\/h3>\n<h3><b>15.00 &#8211; 16.30:<\/b><span style=\"font-weight: 400\"> Comisiones de conversaci\u00f3n<\/span><\/h3>\n<h4 style=\"padding-left: 40px\"><span style=\"color: #ff00ff\"><a style=\"color: #ff00ff\" href=\"https:\/\/docs.google.com\/document\/d\/1R5eGHoahJXYqxDOlZjgvtKAYXeYInFTnA-QEhpHsRno\/edit\"><b>Pol\u00edticas p\u00fablicas, justicia y derechos (tercera parte)<\/b><\/a><\/span><\/h4>\n<h4 style=\"padding-left: 40px\"><span style=\"color: #ff00ff\"><a style=\"color: #ff00ff\" href=\"https:\/\/docs.google.com\/document\/d\/13NLJ2c4AgPJwnpr-rcge1MKAVWrbMCywEXqGI94BgMg\/edit\"><strong>Escrito en sexo, interpelaciones e imaginaciones corporales (primera parte)<\/strong><\/a><\/span><\/h4>\n<h4 style=\"padding-left: 40px\"><span style=\"color: #ff00ff\"><a style=\"color: #ff00ff\" href=\"https:\/\/docs.google.com\/document\/d\/1NnVi05zrMtwER5FZwBVTznQwIETnSF7GTyqax4v64Ww\/edit\"><b>Las lenguas como textura de memorias insurgentes (tercera parte)<\/b><\/a><\/span><\/h4>\n<h3><b>16.30 &#8211; 17.00:<\/b><span style=\"font-weight: 400\"> Receso<\/span><\/h3>\n<h3><b>17.00 &#8211; 18.30:<\/b><strong> Panel 4. Int\u00e9rpretes, reglamentaci\u00f3n y justicia<\/strong>. <i><span style=\"font-weight: 400\">Elizabet Gonz\u00e1lez, Roc\u00edo Mart\u00ednez y Georgina Fraser.<\/span><\/i><span style=\"font-weight: 400\"> Coordina: <\/span><i><span style=\"font-weight: 400\">Juan Carlos Druetta<\/span><\/i><span style=\"font-weight: 400\">. Pabell\u00f3n Residencial: Aula A [con transmisi\u00f3n en vivo por YouTube: <span style=\"color: #ff00ff\"><a style=\"color: #ff00ff\" href=\"https:\/\/www.youtube.com\/@comunicacionfilo\">https:\/\/www.youtube.com\/@comunicacionfilo<\/a>]<\/span>\u00a0<\/span><\/h3>\n<h3><b>18.30 &#8211; 20.00: <\/b><span style=\"font-weight: 400\"><strong>Taller Habitar las lenguas<\/strong>. Comparte: Instituto de Culturas Abor\u00edgenes. Aula de Posgrado Artes, Pabell\u00f3n Brujas<\/span><\/h3>\n<h3><b>20.00: <\/b><span style=\"font-weight: 400\">Comida, vino &amp; poes\u00eda &#8211; eSlam de Poes\u00eda C\u00f3rdoba &#8211; Feria Comadres &#8211; Barra del CEFFyH &#8211; Susurradores en lenguas ind\u00edgenas. Hall Pabell\u00f3n Brujas<\/span><\/h3>\n<hr \/>\n<h3><\/h3>\n<h2><b>JUEVES 23 DE MAYO<\/b><\/h2>\n<h3><b>9.00 &#8211; 10.30:<\/b><span style=\"font-weight: 400\"> Comisiones de conversaci\u00f3n<\/span><\/h3>\n<h4 style=\"padding-left: 40px\"><span style=\"color: #ff00ff\"><a style=\"color: #ff00ff\" href=\"https:\/\/docs.google.com\/document\/d\/1hlIUsR4h2GQB15FLZUe4cbOq0CnXEiI9fHftg7Ff9XQ\/edit?usp=drive_web&amp;ouid=113070060726844716872\"><b>Fabular las lenguas (quinta parte)<\/b><\/a><\/span><\/h4>\n<h4 style=\"padding-left: 40px\"><span style=\"color: #ff00ff\"><a style=\"color: #ff00ff\" href=\"https:\/\/docs.google.com\/document\/d\/13NLJ2c4AgPJwnpr-rcge1MKAVWrbMCywEXqGI94BgMg\/edit\"><b>Escrito en sexo, interpelaciones e imaginaciones corporales (segunda parte)<\/b><\/a><\/span><\/h4>\n<h4 style=\"padding-left: 40px\"><span style=\"color: #ff00ff\"><a style=\"color: #ff00ff\" href=\"https:\/\/docs.google.com\/document\/d\/1NnVi05zrMtwER5FZwBVTznQwIETnSF7GTyqax4v64Ww\/edit\"><b>Las lenguas como textura de memorias insurgentes (cuarta parte)<\/b><\/a><\/span><\/h4>\n<h4 style=\"padding-left: 40px\"><span style=\"color: #ff00ff\"><a style=\"color: #ff00ff\" href=\"https:\/\/docs.google.com\/document\/d\/1tkSpv5pvTCEdv1c4QgmOu8H0UO-asnul7yaOStmPt4U\/edit\"><b>Interculturalidad (tercera parte)<\/b><\/a><\/span><\/h4>\n<h3><b>10.30 &#8211; 11.00:<\/b><span style=\"font-weight: 400\"> Receso<\/span><\/h3>\n<h3><b>11.00 &#8211; 12.30:<\/b><span style=\"font-weight: 400\"> Comisiones de conversaci\u00f3n<\/span><\/h3>\n<h4 style=\"padding-left: 40px\"><span style=\"color: #ff00ff\"><a style=\"color: #ff00ff\" href=\"https:\/\/docs.google.com\/document\/d\/1F2-MdyvXAynE93ylz5YJno1gC-YPZB2zaas30RE6L-M\/edit\"><b>Las formas de las lenguas: intervenciones art\u00edsticas y culturas populares<\/b><\/a><\/span><\/h4>\n<h4 style=\"padding-left: 40px\"><span style=\"color: #ff00ff\"><a style=\"color: #ff00ff\" href=\"https:\/\/docs.google.com\/document\/d\/13NLJ2c4AgPJwnpr-rcge1MKAVWrbMCywEXqGI94BgMg\/edit\"><b>Escrito en sexo, interpelaciones e imaginaciones corporales (tercera parte)<\/b><\/a><\/span><\/h4>\n<h4 style=\"padding-left: 40px\"><span style=\"color: #ff00ff\"><a style=\"color: #ff00ff\" href=\"https:\/\/docs.google.com\/document\/d\/1NnVi05zrMtwER5FZwBVTznQwIETnSF7GTyqax4v64Ww\/edit\"><b>Las lenguas como textura de memorias insurgentes (quinta parte)<\/b><\/a><\/span><\/h4>\n<h4 style=\"padding-left: 40px\"><span style=\"color: #ff00ff\"><a style=\"color: #ff00ff\" href=\"https:\/\/docs.google.com\/document\/d\/1tkSpv5pvTCEdv1c4QgmOu8H0UO-asnul7yaOStmPt4U\/edit\"><b>Interculturalidad (cuarta parte)<\/b><\/a><\/span><\/h4>\n<h3><b>12.30 &#8211; 14.00: Panel 5. Variedades ling\u00fc\u00edsticas en contextos escolares. <\/b><i><span style=\"font-weight: 400\">Cecilia Bixio, Mar\u00eda L\u00f3pez Garc\u00eda, Gustavo Gim\u00e9nez. <\/span><\/i><span style=\"font-weight: 400\">Coordina: <\/span><i><span style=\"font-weight: 400\">Beatriz Bixio<\/span><\/i><span style=\"font-weight: 400\">. Auditorio Ch\u00e1vez &#8211; Pabell\u00f3n Venezuela [con transmisi\u00f3n en vivo por YouTube: <span style=\"color: #ff00ff\"><a style=\"color: #ff00ff\" href=\"https:\/\/www.youtube.com\/@comunicacionfilo\">https:\/\/www.youtube.com\/@comunicacionfilo<\/a>]<\/span>\u00a0<\/span><\/h3>\n<h3><b>14.00 &#8211; 15.00:<\/b><span style=\"font-weight: 400\"> Receso<\/span><\/h3>\n<h3><b>14.00 &#8211; 17.00: Taller<\/b><span style=\"font-weight: 400\">: <strong>\u00ab<\/strong><\/span><b>\u00bfPlaceres desorientados? El oficio de una br\u00fajula prosexo\u00bb<\/b><span style=\"font-weight: 400\">. Comparten: <\/span><i><span style=\"font-weight: 400\">val flores y Beto Canseco<\/span><\/i><span style=\"font-weight: 400\">. Auditorio Ch\u00e1vez &#8211; Pabell\u00f3n Venexuela<\/span><\/h3>\n<h3><b>15.00 &#8211; 16.30: <\/b><span style=\"font-weight: 400\">Comisiones de conversaci\u00f3n<\/span><\/h3>\n<h4 style=\"padding-left: 40px\"><span style=\"color: #ff00ff\"><a style=\"color: #ff00ff\" href=\"https:\/\/docs.google.com\/document\/d\/1NnVi05zrMtwER5FZwBVTznQwIETnSF7GTyqax4v64Ww\/edit\"><b>La lengua como textura de memorias insurgentes (sexta parte)<\/b><\/a><\/span><\/h4>\n<h3><b>17.00 &#8211; 18.30: Panel 6. Panhispanismo y derechos ling\u00fc\u00edsticos en Latinoam\u00e9rica.<\/b> <i><span style=\"font-weight: 400\">Daniela Laur\u00eda, Elvira Narvaja de Arnoux y Jos\u00e9 del Valle.<\/span><\/i><span style=\"font-weight: 400\"> Coordina: <\/span><i><span style=\"font-weight: 400\">Juan Ennis<\/span><\/i><span style=\"font-weight: 400\">. Auditorio Ch\u00e1vez &#8211; Pabell\u00f3n Venezuela [con transmisi\u00f3n en vivo por YouTube: <span style=\"color: #ff00ff\"><a style=\"color: #ff00ff\" href=\"https:\/\/www.youtube.com\/@comunicacionfilo\">https:\/\/www.youtube.com\/@comunicacionfilo<\/a><\/span>]\u00a0<\/span><\/h3>\n<hr \/>\n<h3><\/h3>\n<h2><b>VIERNES 24 DE MAYO<\/b><\/h2>\n<h3><b>11.00: Conversatorio La comunicaci\u00f3n, un territorio en disputa para los pueblos ind\u00edgenas. <\/b><i><span style=\"font-weight: 400\">Omar Rinc\u00f3n <\/span><\/i><span style=\"font-weight: 400\">(Colombia) y <\/span><i><span style=\"font-weight: 400\">Magdalena Doyle<\/span><\/i><span style=\"font-weight: 400\"> (Maestr\u00eda en comunicaci\u00f3n y cultura &#8211; CEA). Auditorio Hugo Ch\u00e1vez &#8211; Pabell\u00f3n Venezuela<\/span><\/h3>\n","protected":false},"excerpt":{"rendered":"<div class=\"mh-excerpt\"><p>PROGRAMA CRONOGRAMA Y PROGRAMAS COMPLETOS AQU\u00cd LUNES 20 DE MAYO 10.00 &#8211; 18.00: Jornadas de revitalizaci\u00f3n ling\u00fc\u00edstica [virtual: https:\/\/meet.google.com\/foj-mtep-bij] 18.00 &#8211; 20.00: Presentaci\u00f3n del libro <a class=\"mh-excerpt-more\" href=\"https:\/\/ffyh.unc.edu.ar\/derechoslinguisticos\/ediciones-anteriores\/circulares\/programa\/\" title=\"Programa\">[&#8230;]<\/a><\/p>\n<\/div>","protected":false},"author":28,"featured_media":0,"parent":767,"menu_order":1,"comment_status":"closed","ping_status":"closed","template":"","meta":{"_acf_changed":false,"footnotes":""},"class_list":["post-874","page","type-page","status-publish","hentry"],"acf":[],"_links":{"self":[{"href":"https:\/\/ffyh.unc.edu.ar\/derechoslinguisticos\/wp-json\/wp\/v2\/pages\/874","targetHints":{"allow":["GET"]}}],"collection":[{"href":"https:\/\/ffyh.unc.edu.ar\/derechoslinguisticos\/wp-json\/wp\/v2\/pages"}],"about":[{"href":"https:\/\/ffyh.unc.edu.ar\/derechoslinguisticos\/wp-json\/wp\/v2\/types\/page"}],"author":[{"embeddable":true,"href":"https:\/\/ffyh.unc.edu.ar\/derechoslinguisticos\/wp-json\/wp\/v2\/users\/28"}],"replies":[{"embeddable":true,"href":"https:\/\/ffyh.unc.edu.ar\/derechoslinguisticos\/wp-json\/wp\/v2\/comments?post=874"}],"version-history":[{"count":46,"href":"https:\/\/ffyh.unc.edu.ar\/derechoslinguisticos\/wp-json\/wp\/v2\/pages\/874\/revisions"}],"predecessor-version":[{"id":1026,"href":"https:\/\/ffyh.unc.edu.ar\/derechoslinguisticos\/wp-json\/wp\/v2\/pages\/874\/revisions\/1026"}],"up":[{"embeddable":true,"href":"https:\/\/ffyh.unc.edu.ar\/derechoslinguisticos\/wp-json\/wp\/v2\/pages\/767"}],"wp:attachment":[{"href":"https:\/\/ffyh.unc.edu.ar\/derechoslinguisticos\/wp-json\/wp\/v2\/media?parent=874"}],"curies":[{"name":"wp","href":"https:\/\/api.w.org\/{rel}","templated":true}]}}