{"id":1107,"date":"2023-05-09T17:08:55","date_gmt":"2023-05-09T17:08:55","guid":{"rendered":"https:\/\/ffyh.unc.edu.ar\/escritores-de-cordoba\/?page_id=1107"},"modified":"2023-05-10T15:17:56","modified_gmt":"2023-05-10T15:17:56","slug":"guia-por-nuestra-literatura","status":"publish","type":"page","link":"https:\/\/ffyh.unc.edu.ar\/escritores-de-cordoba\/guia-por-nuestra-literatura\/","title":{"rendered":"GUIA POR NUESTRA LITERATURA"},"content":{"rendered":"<h3><strong>Breve bibliograf\u00eda General de y sobre la Literatura de la provincia de C\u00f3rdoba<\/strong><\/h3>\n<p><a href=\"https:\/\/ffyh.unc.edu.ar\/escritores-de-cordoba\/guia-por-nuestra-literatura\/bibliografia-general-sobre-la-produccion-literaria-local\/\">Bibliograf\u00eda general sobre la producci\u00f3n literaria local<\/a><\/p>\n<p><a href=\"https:\/\/ffyh.unc.edu.ar\/escritores-de-cordoba\/guia-por-nuestra-literatura\/catalogos-y-relevamientos\/\">Cat\u00e1logos y relevamientos<\/a><\/p>\n<p><a href=\"https:\/\/ffyh.unc.edu.ar\/escritores-de-cordoba\/guia-por-nuestra-literatura\/consideraciones-teoricas-sobre-la-region-la-region-literaria-y-cordoba-como-region\/\">Consideraciones te\u00f3ricas sobre la Regi\u00f3n, la regi\u00f3n literaria y C\u00f3rdoba como regi\u00f3n.<\/a><\/p>\n<p><a href=\"https:\/\/ffyh.unc.edu.ar\/escritores-de-cordoba\/guia-por-nuestra-literatura\/lengua-y-habla\/\">Lengua y Habla<\/a><\/p>\n<p><a href=\"https:\/\/ffyh.unc.edu.ar\/escritores-de-cordoba\/guia-por-nuestra-literatura\/teatro\/\">Teatro<\/a><\/p>\n<p><a href=\"https:\/\/ffyh.unc.edu.ar\/escritores-de-cordoba\/guia-por-nuestra-literatura\/paginas-web-con-referencias-literarias\/\">P\u00e1ginas web con referencias literarias<\/a><\/p>\n<p><a href=\"https:\/\/ffyh.unc.edu.ar\/escritores-de-cordoba\/guia-por-nuestra-literatura\/historia-y-geografia-de-la-provincia\/\">Historia y geograf\u00eda de la provincia<\/a><\/p>\n","protected":false},"excerpt":{"rendered":"<p>Breve bibliograf\u00eda General de y sobre la Literatura de la provincia de C\u00f3rdoba Bibliograf\u00eda general sobre la producci\u00f3n literaria local<\/p>\n","protected":false},"author":7,"featured_media":0,"parent":0,"menu_order":0,"comment_status":"closed","ping_status":"closed","template":"","meta":{"_acf_changed":false,"saved_in_kubio":false,"colormag_page_container_layout":"default_layout","colormag_page_sidebar_layout":"default_layout","footnotes":""},"class_list":["post-1107","page","type-page","status-publish","hentry"],"acf":[],"kubio_ai_page_context":{"short_desc":"","purpose":"general"},"_links":{"self":[{"href":"https:\/\/ffyh.unc.edu.ar\/escritores-de-cordoba\/wp-json\/wp\/v2\/pages\/1107","targetHints":{"allow":["GET"]}}],"collection":[{"href":"https:\/\/ffyh.unc.edu.ar\/escritores-de-cordoba\/wp-json\/wp\/v2\/pages"}],"about":[{"href":"https:\/\/ffyh.unc.edu.ar\/escritores-de-cordoba\/wp-json\/wp\/v2\/types\/page"}],"author":[{"embeddable":true,"href":"https:\/\/ffyh.unc.edu.ar\/escritores-de-cordoba\/wp-json\/wp\/v2\/users\/7"}],"replies":[{"embeddable":true,"href":"https:\/\/ffyh.unc.edu.ar\/escritores-de-cordoba\/wp-json\/wp\/v2\/comments?post=1107"}],"version-history":[{"count":3,"href":"https:\/\/ffyh.unc.edu.ar\/escritores-de-cordoba\/wp-json\/wp\/v2\/pages\/1107\/revisions"}],"predecessor-version":[{"id":1132,"href":"https:\/\/ffyh.unc.edu.ar\/escritores-de-cordoba\/wp-json\/wp\/v2\/pages\/1107\/revisions\/1132"}],"wp:attachment":[{"href":"https:\/\/ffyh.unc.edu.ar\/escritores-de-cordoba\/wp-json\/wp\/v2\/media?parent=1107"}],"curies":[{"name":"wp","href":"https:\/\/api.w.org\/{rel}","templated":true}]}}