{"id":1115,"date":"2023-05-10T15:13:01","date_gmt":"2023-05-10T15:13:01","guid":{"rendered":"https:\/\/ffyh.unc.edu.ar\/escritores-de-cordoba\/?page_id=1115"},"modified":"2023-05-10T18:20:46","modified_gmt":"2023-05-10T18:20:46","slug":"teatro","status":"publish","type":"page","link":"https:\/\/ffyh.unc.edu.ar\/escritores-de-cordoba\/guia-por-nuestra-literatura\/teatro\/","title":{"rendered":"Teatro"},"content":{"rendered":"<p>Bischoff, Efra\u00edn (coord.): <em>Tres siglos de teatro en C\u00f3rdoba : 1600-1900<\/em><\/p>\n<p>C\u00f3rdoba : Direcci\u00f3n General de Publicidad, 1961<\/p>\n<p>&nbsp;<\/p>\n<p>Bress\u00e1n, Lindor, Musitano, Adriana, Fobbio, Laura, y otros: Protagonistas del nuevo teatro cordob\u00e9s Entrevistas<\/p>\n<p>C\u00f3rdoba, Argentina : Facultad Filosof\u00eda y Humanidades, Universidad Nacional de C\u00f3rdoba, 2017.<\/p>\n<p><a href=\"https:\/\/catalogo.biblio.unc.edu.ar\/Record\/artes.29880\">https:\/\/catalogo.biblio.unc.edu.ar\/Record\/artes.29880<\/a><\/p>\n<p>&nbsp;<\/p>\n<p>Brizuela, Mabel y Yukelson, Ana: Polifon\u00eda. Voces del teatro independiente de C\u00f3rdoba. C\u00f3rdoba, Editorial de la Facultad de Artes, 2023.<\/p>\n<p>&nbsp;<\/p>\n<p>BRIZUELA, Mabel.\u00a0<em>Vida de Teatro. Historia del Teatro Real. 80 a\u00f1os<\/em>.\u00a0 C\u00f3rdoba,<br \/>\nDirecci\u00f3n de Cultura de la Provincia, 2007.<\/p>\n<p>&nbsp;<\/p>\n<p>BRIZUELA, Mabel.\u00a0<em>Una comedia en cinco actos. 50 aniversario Comedia Cordobesa<\/em>. C\u00f3rdoba,\u00a0Teatro Real, Secretar\u00eda de Cultura, 2010.<\/p>\n<p>&nbsp;<\/p>\n<p>FREGA, Graciela, Mabel BRIZUELA, Ana. G. YUKELSON y Mar\u00eda J. VILLA.\u00a0<em>El Teatro de C\u00f3rdoba (1900-1930). Documentaci\u00f3n y Cr\u00edtica<\/em>, C\u00f3rdoba: GETCOR, 2004.<\/p>\n<p>&nbsp;<\/p>\n<p>FREGA, Graciela, Ana YUKELSON y Mabel BRIZUELA (Compiladoras).\u00a0<em>Antolog\u00eda de dramaturgos de C\u00f3rdoba y La Rioja<\/em>\u00a0(Serie Regionales). Buenos Aires, Argentores, 2009.<\/p>\n<p>&nbsp;<\/p>\n<p>Moll, V\u00edctor; Pinus, Jorge y Flores, M\u00f3nica: Las lunas del teatro : los hacedores del teatro independiente cordob\u00e9s, 1950-1990<\/p>\n<p>C\u00f3rdoba, Argentina : Ediciones del Boulevard, 1996<\/p>\n<p><a href=\"http:\/\/artes.biblio.unc.edu.ar\/\/cgi-bin\/koha\/opac-detail.pl?biblionumber=4496\">http:\/\/artes.biblio.unc.edu.ar\/\/cgi-bin\/koha\/opac-detail.pl?biblionumber=4496<\/a><\/p>\n<p>&nbsp;<\/p>\n<p>Musitano, Adriana; Zaga, Nora, Bress\u00e1n, Lindor y otros: <em>El nuevo teatro cordob\u00e9s: Teatro Estable de la Universidad Nacional de C\u00f3rdoba (TEUC) Libre Teatro Libre (LTL) La Chispa. 1969-1975<\/em><\/p>\n<p><a href=\"https:\/\/rdu.unc.edu.ar\/handle\/11086\/6100\">https:\/\/rdu.unc.edu.ar\/handle\/11086\/6100<\/a><\/p>\n<p>&nbsp;<\/p>\n<p>Musitano, Adriana; Bartolom\u00e9, Victoria; Berardo, Esteban y otros: <em>El Departamento de Teatro, un escenario moderno. <\/em>C\u00f3rdoba, Argentina : Facultad Filosof\u00eda y Humanidades, Universidad Nacional de C\u00f3rdoba, 2017<\/p>\n<p><a href=\"http:\/\/artes.biblio.unc.edu.ar\/cgi-bin\/koha\/opac-detail.pl?biblionumber=29798\">http:\/\/artes.biblio.unc.edu.ar\/\/cgi-bin\/koha\/opac-detail.pl?biblionumber=29798<\/a><\/p>\n","protected":false},"excerpt":{"rendered":"<p>Bischoff, Efra\u00edn (coord.): Tres siglos de teatro en C\u00f3rdoba : 1600-1900 C\u00f3rdoba : Direcci\u00f3n General de Publicidad, 1961 &nbsp; Bress\u00e1n,<\/p>\n","protected":false},"author":2,"featured_media":0,"parent":1107,"menu_order":0,"comment_status":"closed","ping_status":"closed","template":"","meta":{"_acf_changed":false,"colormag_page_container_layout":"default_layout","colormag_page_sidebar_layout":"default_layout","footnotes":""},"class_list":["post-1115","page","type-page","status-publish","hentry"],"acf":[],"_links":{"self":[{"href":"https:\/\/ffyh.unc.edu.ar\/escritores-de-cordoba\/wp-json\/wp\/v2\/pages\/1115","targetHints":{"allow":["GET"]}}],"collection":[{"href":"https:\/\/ffyh.unc.edu.ar\/escritores-de-cordoba\/wp-json\/wp\/v2\/pages"}],"about":[{"href":"https:\/\/ffyh.unc.edu.ar\/escritores-de-cordoba\/wp-json\/wp\/v2\/types\/page"}],"author":[{"embeddable":true,"href":"https:\/\/ffyh.unc.edu.ar\/escritores-de-cordoba\/wp-json\/wp\/v2\/users\/2"}],"replies":[{"embeddable":true,"href":"https:\/\/ffyh.unc.edu.ar\/escritores-de-cordoba\/wp-json\/wp\/v2\/comments?post=1115"}],"version-history":[{"count":2,"href":"https:\/\/ffyh.unc.edu.ar\/escritores-de-cordoba\/wp-json\/wp\/v2\/pages\/1115\/revisions"}],"predecessor-version":[{"id":1142,"href":"https:\/\/ffyh.unc.edu.ar\/escritores-de-cordoba\/wp-json\/wp\/v2\/pages\/1115\/revisions\/1142"}],"up":[{"embeddable":true,"href":"https:\/\/ffyh.unc.edu.ar\/escritores-de-cordoba\/wp-json\/wp\/v2\/pages\/1107"}],"wp:attachment":[{"href":"https:\/\/ffyh.unc.edu.ar\/escritores-de-cordoba\/wp-json\/wp\/v2\/media?parent=1115"}],"curies":[{"name":"wp","href":"https:\/\/api.w.org\/{rel}","templated":true}]}}