{"id":1117,"date":"2023-05-10T15:14:59","date_gmt":"2023-05-10T15:14:59","guid":{"rendered":"https:\/\/ffyh.unc.edu.ar\/escritores-de-cordoba\/?page_id=1117"},"modified":"2023-05-10T18:22:40","modified_gmt":"2023-05-10T18:22:40","slug":"historia-y-geografia-de-la-provincia","status":"publish","type":"page","link":"https:\/\/ffyh.unc.edu.ar\/escritores-de-cordoba\/guia-por-nuestra-literatura\/historia-y-geografia-de-la-provincia\/","title":{"rendered":"Historia y geograf\u00eda de la provincia"},"content":{"rendered":"<p>Aparicio, Ethel. Garz\u00f3n, Rafael, M., Minnitti, Alberto, y otros: <em>C\u00f3rdoba viva en sus lugares caracter\u00edsticos y monumentos hist\u00f3ricos. <\/em><\/p>\n<p>C\u00f3rdoba: Ediciones del Copista, 2006.<\/p>\n<p><a href=\"http:\/\/odo.biblio.unc.edu.ar\/\/cgi-bin\/koha\/opac-detail.pl?biblionumber=4154\">http:\/\/odo.biblio.unc.edu.ar\/\/cgi-bin\/koha\/opac-detail.pl?biblionumber=4154<\/a><\/p>\n<p>&nbsp;<\/p>\n<p>Bischoff, Efra\u00edn: <em>Historia de C\u00f3rdoba<\/em>.<\/p>\n<p>Buenos Aires, Plus Ultra, 1979.<\/p>\n<p><a href=\"http:\/\/monserrat.biblio.unc.edu.ar\/\/cgi-bin\/koha\/opac-detail.pl?biblionumber=1349\">http:\/\/monserrat.biblio.unc.edu.ar\/\/cgi-bin\/koha\/opac-detail.pl?biblionumber=1349<\/a><\/p>\n<p>&nbsp;<\/p>\n<p>Cicerchia, Ricardo: <em>Historia de la vida privada en la Argentina. Vol. III C\u00f3rdoba. Un Coraz\u00f3n mediterr\u00e1neo para la naci\u00f3n (1850-1970).<\/em><\/p>\n<p>Bs As., Troquel, 1998.<\/p>\n<p><a href=\"https:\/\/catalogo.biblio.unc.edu.ar\/Search\/Results?lookfor=cicerchia%2C+ricardo&amp;type=Author&amp;limit=20&amp;sort=relevance\">https:\/\/catalogo.biblio.unc.edu.ar\/Search\/Results?lookfor=cicerchia%2C+ricardo&amp;type=Author&amp;limit=20&amp;sort=relevance<\/a><\/p>\n<p>&nbsp;<\/p>\n<p>Garz\u00f3n, Ignacio: Cr\u00f3nica de C\u00f3rdoba<\/p>\n<p>C\u00f3rdoba, Alfonso Aveta, 1998. Vol II<\/p>\n<p>url: <a href=\"https:\/\/archive.org\/details\/crnicadecrdoba01garzgoog\/page\/n7\/mode\/2up\">https:\/\/archive.org\/details\/crnicadecrdoba01garzgoog\/page\/n7\/mode\/2up<\/a><\/p>\n<p>&nbsp;<\/p>\n<p>Lobos, H\u00e9ctor: <em>Historia de C\u00f3rdoba<\/em>.<\/p>\n<p>C\u00f3rdoba, El copista, 2009. Vol.I, II, III y IV<\/p>\n<p><a href=\"https:\/\/catalogo.biblio.unc.edu.ar\/Search\/Results?lookfor=lobos%2C+hector+ram%C3%B3n&amp;type=Author&amp;limit=20&amp;sort=relevance\">https:\/\/catalogo.biblio.unc.edu.ar\/Search\/Results?lookfor=lobos%2C+hector+ram%C3%B3n&amp;type=Author&amp;limit=20&amp;sort=relevance<\/a><\/p>\n<p>&nbsp;<\/p>\n<p>Mercado, Ra\u00fal Daniel: <em>Geograf\u00eda de C\u00f3rdoba: manual integral de nuestra provincia<\/em>.<\/p>\n<p>Bs As., D\u00eda a d\u00eda, 2008<\/p>\n<p><a href=\"http:\/\/belgrano.biblio.unc.edu.ar\/\/cgi-bin\/koha\/opac-detail.pl?biblionumber=9980\">http:\/\/belgrano.biblio.unc.edu.ar\/\/cgi-bin\/koha\/opac-detail.pl?biblionumber=9980<\/a><\/p>\n<p>&nbsp;<\/p>\n<p>Peralta, Carolina: <em>Geograf\u00eda urbana de C\u00f3rdoba<\/em>.<\/p>\n<p>C\u00f3rdoba, UNC, 2012<\/p>\n<p><a href=\"http:\/\/ffyh.biblio.unc.edu.ar\/cgi-bin\/koha\/opac-detail.pl?biblionumber=81558\">http:\/\/ffyh.biblio.unc.edu.ar\/\/cgi-bin\/koha\/opac-detail.pl?biblionumber=81558<\/a><\/p>\n<p>&nbsp;<\/p>\n<p>R\u00edo, Manuel y Ach\u00e1val, Luis: Geograf\u00eda de la Provincia de C\u00f3rdoba<\/p>\n<p>Buenos Aires, Compa\u00f1\u00eda Sudamericana de Billetes de Banco, 1904.<\/p>\n<p><a href=\"https:\/\/efncentro.biblio.unc.edu.ar\/\/cgi-bin\/koha\/opac-detail.pl?biblionumber=12397\">https:\/\/efncentro.biblio.unc.edu.ar\/\/cgi-bin\/koha\/opac-detail.pl?biblionumber=12397<\/a><\/p>\n<p><a href=\"https:\/\/cea.biblio.unc.edu.ar\/cgi-bin\/koha\/opac-detail.pl?biblionumber=83\">https:\/\/cea.biblio.unc.edu.ar\/\/cgi-bin\/koha\/opac-detail.pl?biblionumber=83<\/a><\/p>\n<p><a href=\"https:\/\/catalogo.biblio.unc.edu.ar\/Record\/ffyh.44303\">https:\/\/catalogo.biblio.unc.edu.ar\/Record\/ffyh.44303<\/a><\/p>\n<p>Url: <a href=\"https:\/\/books.google.com.ar\/books?id=5F-LtwEACAAJ&amp;printsec=frontcover&amp;hl=es&amp;source=gbs_ge_summary_r&amp;cad=0#v=onepage&amp;q&amp;f=false\">https:\/\/books.google.com.ar\/books?id=5F-LtwEACAAJ&amp;printsec=frontcover&amp;hl=es&amp;source=gbs_ge_summary_r&amp;cad=0#v=onepage&amp;q&amp;f=false<\/a><\/p>\n<p>&nbsp;<\/p>\n<p>R\u00edo, Manuel: C\u00f3rdoba. Su fisonom\u00eda, su misi\u00f3n. Escritos y discursos.<\/p>\n<p>C\u00f3rdoba, Universidad Nacional de C\u00f3rdoba, Direcci\u00f3n General de Publicaciones, 1967<\/p>\n<p><a href=\"https:\/\/catalogo.biblio.unc.edu.ar\/Record\/exactas.11354\">https:\/\/catalogo.biblio.unc.edu.ar\/Record\/exactas.11354<\/a><\/p>\n<p>&nbsp;<\/p>\n<p>Terzaga, Alfredo: <em>Geograf\u00eda de C\u00f3rdoba. Rese\u00f1a f\u00edsica y humana<\/em>.<\/p>\n<p>C\u00f3rdoba, Assandri, 1963.<\/p>\n<p><a href=\"https:\/\/catalogo.biblio.unc.edu.ar\/Search\/Results?lookfor=geografia+de+cordoba+rese%C3%B1a&amp;type=Title&amp;limit=20&amp;sort=relevance\">https:\/\/catalogo.biblio.unc.edu.ar\/Search\/Results?lookfor=geografia+de+cordoba+rese%C3%B1a&amp;type=Title&amp;limit=20&amp;sort=relevance<\/a><\/p>\n<p>&nbsp;<\/p>\n<p>V\u00e1zquez, Juan\u00a0 (director) Miatello, Roberto; Roqu\u00e9, Marcelo y otros:<\/p>\n<p><em>Geograf\u00eda f\u00edsica de la provincia de C\u00f3rdoba<\/em>.<\/p>\n<p>C\u00f3rdoba : Boldt, 1979<\/p>\n<p><a href=\"http:\/\/ffyh.biblio.unc.edu.ar\/\/cgi-bin\/koha\/opac-detail.pl?biblionumber=17176\">http:\/\/ffyh.biblio.unc.edu.ar\/\/cgi-bin\/koha\/opac-detail.pl?biblionumber=17176<\/a><\/p>\n","protected":false},"excerpt":{"rendered":"<p>Aparicio, Ethel. Garz\u00f3n, Rafael, M., Minnitti, Alberto, y otros: C\u00f3rdoba viva en sus lugares caracter\u00edsticos y monumentos hist\u00f3ricos. C\u00f3rdoba: Ediciones<\/p>\n","protected":false},"author":2,"featured_media":0,"parent":1107,"menu_order":0,"comment_status":"closed","ping_status":"closed","template":"","meta":{"_acf_changed":false,"colormag_page_container_layout":"default_layout","colormag_page_sidebar_layout":"default_layout","footnotes":""},"class_list":["post-1117","page","type-page","status-publish","hentry"],"acf":[],"_links":{"self":[{"href":"https:\/\/ffyh.unc.edu.ar\/escritores-de-cordoba\/wp-json\/wp\/v2\/pages\/1117","targetHints":{"allow":["GET"]}}],"collection":[{"href":"https:\/\/ffyh.unc.edu.ar\/escritores-de-cordoba\/wp-json\/wp\/v2\/pages"}],"about":[{"href":"https:\/\/ffyh.unc.edu.ar\/escritores-de-cordoba\/wp-json\/wp\/v2\/types\/page"}],"author":[{"embeddable":true,"href":"https:\/\/ffyh.unc.edu.ar\/escritores-de-cordoba\/wp-json\/wp\/v2\/users\/2"}],"replies":[{"embeddable":true,"href":"https:\/\/ffyh.unc.edu.ar\/escritores-de-cordoba\/wp-json\/wp\/v2\/comments?post=1117"}],"version-history":[{"count":3,"href":"https:\/\/ffyh.unc.edu.ar\/escritores-de-cordoba\/wp-json\/wp\/v2\/pages\/1117\/revisions"}],"predecessor-version":[{"id":1144,"href":"https:\/\/ffyh.unc.edu.ar\/escritores-de-cordoba\/wp-json\/wp\/v2\/pages\/1117\/revisions\/1144"}],"up":[{"embeddable":true,"href":"https:\/\/ffyh.unc.edu.ar\/escritores-de-cordoba\/wp-json\/wp\/v2\/pages\/1107"}],"wp:attachment":[{"href":"https:\/\/ffyh.unc.edu.ar\/escritores-de-cordoba\/wp-json\/wp\/v2\/media?parent=1117"}],"curies":[{"name":"wp","href":"https:\/\/api.w.org\/{rel}","templated":true}]}}