{"id":135,"date":"2021-10-12T14:15:24","date_gmt":"2021-10-12T14:15:24","guid":{"rendered":"https:\/\/ffyh.unc.edu.ar\/escritores-de-cordoba\/?page_id=135"},"modified":"2025-01-03T21:00:49","modified_gmt":"2025-01-03T21:00:49","slug":"aran-artemio","status":"publish","type":"page","link":"https:\/\/ffyh.unc.edu.ar\/escritores-de-cordoba\/guia-de-autores-cordobeses\/a\/aran-artemio\/","title":{"rendered":"Ar\u00e1n, Artemio"},"content":{"rendered":"<p>Naci\u00f3 en San Pedro, provincia de Buenos Aires el 11 de noviembre de 1898 y falleci\u00f3 en 1985 en la ciudad de Santiago del Estero. De formaci\u00f3n autodidacta. Hijo de un catal\u00e1n ilustrado que conoc\u00eda Paris y admiraba a Cervantes, se destac\u00f3 como poeta, escritor y pintor. Contando con doce a\u00f1os de edad, public\u00f3 uno de sus primeros art\u00edculos de car\u00e1cter pol\u00e9mico en el diario \u201cEl Constitucional\u201d, de Coronda, en Santa Fe. Afiliado al Partido socialista, fue candidato a gobernador de C\u00f3rdoba. Por su prolongada residencia en la ciudad de Bell Ville, C\u00f3rdoba, es considerado hijo adoptivo de la misma.<\/p>\n<p>En pintura, cultiv\u00f3 el paisaje. Realiz\u00f3 una vasta actividad de conferencista sobre temas de arte y de literatura. Expuso sus obras individualmente en el Club Social de Rafaela, Galer\u00eda Paolantonio de San Francisco, C\u00edrculo de Periodistas de Mendoza, Sal\u00f3n \u201cLa Pe\u00f1a\u201d del Bell Ville, la Biblioteca \u201cAlmafuerte\u201d de Las Varillas y la Galer\u00eda \u201cArgentina\u201d de Buenos Aires en diversas ocasiones. Particip\u00f3 en salones provinciales y municipales como el \u201cOto\u00f1o\u201d de Rosario, \u201cPrimavera\u201d de Mendoza, el Municipal de San Francisco y el de Villa Mar\u00eda, C\u00f3rdoba, entre otros, en distintas fechas. Obtuvo, entre otros, el Segundo Premio en el Sal\u00f3n de Villa Mar\u00eda en 1952.<\/p>\n<h3>Publicaciones<\/h3>\n<ul>\n<li><em>\u00a1Pampa!,<\/em> 1937;<\/li>\n<li><em>Querencia,<\/em> 1944;<\/li>\n<li><em><a href=\"http:\/\/bmayor.biblio.unc.edu.ar\/\/cgi-bin\/koha\/opac-detail.pl?biblionumber=28124\">Trashoguero<\/a>,<\/em> 1977;<\/li>\n<li><em>Mi pueblito: cuentos<\/em>, 1983.<\/li>\n<\/ul>\n<p><img loading=\"lazy\" decoding=\"async\" class=\"alignnone size-medium wp-image-2070\" src=\"http:\/\/ffyh.unc.edu.ar\/escritores-de-cordoba\/wp-content\/uploads\/sites\/43\/2025\/01\/artemio-aran-querencia-212x300.jpg\" alt=\"\" width=\"212\" height=\"300\" srcset=\"https:\/\/ffyh.unc.edu.ar\/escritores-de-cordoba\/wp-content\/uploads\/sites\/43\/2025\/01\/artemio-aran-querencia-212x300.jpg 212w, https:\/\/ffyh.unc.edu.ar\/escritores-de-cordoba\/wp-content\/uploads\/sites\/43\/2025\/01\/artemio-aran-querencia-724x1024.jpg 724w, https:\/\/ffyh.unc.edu.ar\/escritores-de-cordoba\/wp-content\/uploads\/sites\/43\/2025\/01\/artemio-aran-querencia-768x1086.jpg 768w, https:\/\/ffyh.unc.edu.ar\/escritores-de-cordoba\/wp-content\/uploads\/sites\/43\/2025\/01\/artemio-aran-querencia-1086x1536.jpg 1086w, https:\/\/ffyh.unc.edu.ar\/escritores-de-cordoba\/wp-content\/uploads\/sites\/43\/2025\/01\/artemio-aran-querencia.jpg 1131w\" sizes=\"auto, (max-width: 212px) 100vw, 212px\" \/> <img loading=\"lazy\" decoding=\"async\" class=\"alignnone size-medium wp-image-2071\" src=\"http:\/\/ffyh.unc.edu.ar\/escritores-de-cordoba\/wp-content\/uploads\/sites\/43\/2025\/01\/artemio-aran-trashoguero-212x300.jpg\" alt=\"\" width=\"212\" height=\"300\" srcset=\"https:\/\/ffyh.unc.edu.ar\/escritores-de-cordoba\/wp-content\/uploads\/sites\/43\/2025\/01\/artemio-aran-trashoguero-212x300.jpg 212w, https:\/\/ffyh.unc.edu.ar\/escritores-de-cordoba\/wp-content\/uploads\/sites\/43\/2025\/01\/artemio-aran-trashoguero-724x1024.jpg 724w, https:\/\/ffyh.unc.edu.ar\/escritores-de-cordoba\/wp-content\/uploads\/sites\/43\/2025\/01\/artemio-aran-trashoguero-768x1086.jpg 768w, https:\/\/ffyh.unc.edu.ar\/escritores-de-cordoba\/wp-content\/uploads\/sites\/43\/2025\/01\/artemio-aran-trashoguero-1086x1536.jpg 1086w, https:\/\/ffyh.unc.edu.ar\/escritores-de-cordoba\/wp-content\/uploads\/sites\/43\/2025\/01\/artemio-aran-trashoguero.jpg 1131w\" sizes=\"auto, (max-width: 212px) 100vw, 212px\" \/><\/p>\n<h3>Bibliograf\u00eda<\/h3>\n<ul>\n<li>Lo Celso, \u00c1ngel:\u00a0<a href=\"https:\/\/catalogo.biblio.unc.edu.ar\/Search\/Results?lookfor=Lo+Celso%2C+Angel%3A+Cincuenta+A%C3%B1os+de+Arte+Pl%C3%A1stico+en+C%C3%B3rdoba&amp;type=AllFields&amp;filter%5B%5D=format%3A%22Book%22&amp;limit=20&amp;sort=relevance\"><em>Cincuenta A\u00f1os de Arte Pl\u00e1stico en C\u00f3rdoba<\/em><\/a>. C\u00f3rdoba, Ediciones del Banco de la Provincia de C\u00f3rdoba 1973<\/li>\n<li>Osorio, Griselda: <a href=\"http:\/\/artes.biblio.unc.edu.ar\/\/cgi-bin\/koha\/opac-detail.pl?biblionumber=6644\"><em>\u201cArtemio Ar\u00e1n\u201d.<\/em><\/a> C\u00f3rdoba, 1979.<\/li>\n<li>Ar\u00e1n de Meriles, Pampa: \u201c<a href=\"http:\/\/artes.biblio.unc.edu.ar\/\/cgi-bin\/koha\/opac-detail.pl?biblionumber=6644\">Artemio Ar\u00e1n, escritor<\/a>\u201d. En \u201c<em>Gu\u00eda de C\u00f3rdoba Cultural<\/em>\u201d C\u00f3rdoba, Subsecretar\u00eda de Cultura de la Municipalidad de C\u00f3rdoba, diciembre de 1982, nro. 17, p\u00e1ginas 115-20<\/li>\n<\/ul>\n<p style=\"text-align: right\"><a href=\"https:\/\/ffyh.unc.edu.ar\/escritores-de-cordoba\/guia-de-autores-cordobeses\/a\/\">volver<\/a><\/p>\n","protected":false},"excerpt":{"rendered":"<p>Naci\u00f3 en San Pedro, provincia de Buenos Aires el 11 de noviembre de 1898 y falleci\u00f3 en 1985 en la<\/p>\n","protected":false},"author":2,"featured_media":0,"parent":16,"menu_order":0,"comment_status":"closed","ping_status":"closed","template":"","meta":{"_acf_changed":false,"colormag_page_container_layout":"default_layout","colormag_page_sidebar_layout":"default_layout","footnotes":""},"class_list":["post-135","page","type-page","status-publish","hentry"],"acf":[],"_links":{"self":[{"href":"https:\/\/ffyh.unc.edu.ar\/escritores-de-cordoba\/wp-json\/wp\/v2\/pages\/135","targetHints":{"allow":["GET"]}}],"collection":[{"href":"https:\/\/ffyh.unc.edu.ar\/escritores-de-cordoba\/wp-json\/wp\/v2\/pages"}],"about":[{"href":"https:\/\/ffyh.unc.edu.ar\/escritores-de-cordoba\/wp-json\/wp\/v2\/types\/page"}],"author":[{"embeddable":true,"href":"https:\/\/ffyh.unc.edu.ar\/escritores-de-cordoba\/wp-json\/wp\/v2\/users\/2"}],"replies":[{"embeddable":true,"href":"https:\/\/ffyh.unc.edu.ar\/escritores-de-cordoba\/wp-json\/wp\/v2\/comments?post=135"}],"version-history":[{"count":7,"href":"https:\/\/ffyh.unc.edu.ar\/escritores-de-cordoba\/wp-json\/wp\/v2\/pages\/135\/revisions"}],"predecessor-version":[{"id":2072,"href":"https:\/\/ffyh.unc.edu.ar\/escritores-de-cordoba\/wp-json\/wp\/v2\/pages\/135\/revisions\/2072"}],"up":[{"embeddable":true,"href":"https:\/\/ffyh.unc.edu.ar\/escritores-de-cordoba\/wp-json\/wp\/v2\/pages\/16"}],"wp:attachment":[{"href":"https:\/\/ffyh.unc.edu.ar\/escritores-de-cordoba\/wp-json\/wp\/v2\/media?parent=135"}],"curies":[{"name":"wp","href":"https:\/\/api.w.org\/{rel}","templated":true}]}}