{"id":149,"date":"2021-10-12T14:22:01","date_gmt":"2021-10-12T14:22:01","guid":{"rendered":"https:\/\/ffyh.unc.edu.ar\/escritores-de-cordoba\/?page_id=149"},"modified":"2025-01-23T12:09:13","modified_gmt":"2025-01-23T12:09:13","slug":"astrada-maria-nelida","status":"publish","type":"page","link":"https:\/\/ffyh.unc.edu.ar\/escritores-de-cordoba\/guia-de-autores-cordobeses\/a\/astrada-maria-nelida\/","title":{"rendered":"Astrada, Mar\u00eda N\u00e9lida"},"content":{"rendered":"<p class=\"western\" lang=\"es-ES\">Naci\u00f3 en Corral de Bustos (Dpto. Marcos Ju\u00e1rez). Hizo estudios b\u00e1sicos en Rosario, y superiores en C\u00f3rdoba, donde egres\u00f3 con el t\u00edtulo de Licenciada en Lengua y Cultura Italiana. Fue miembro activo de la SADE Filial C\u00f3rdoba. Particip\u00f3 en actividades de promoci\u00f3n de la literatura de C\u00f3rdoba en distintas provincias argentinas hasta mediados del 70. Fund\u00f3 y dirigi\u00f3 la revista \u201cLa gaviota azul\u201d. Coordin\u00f3 talleres literarios. Su obra fue reconocida con premios a nivel local. Hizo colaboraciones en los diarios locales \u201cLa Voz del Interior\u201d, \u201cLos principios\u201d y \u201cC\u00f3rdoba\u201d, adem\u00e1s, en \u201cEl Pueblo\u201d, de R\u00edo Cuarto, y \u201cDemocracia\u201d, de Villa Dolores y en revistas literarias de C\u00f3rdoba, Alta Gracia, Buenos Aires e Italia. Sus poemas integran antolog\u00edas y trabajos de la provincia y del pa\u00eds.<\/p>\n<h3 class=\"western\">Publicaciones<\/h3>\n<ul>\n<li class=\"western\"><i><a href=\"https:\/\/catalogo.biblio.unc.edu.ar\/Search\/Results?lookfor=Astrada%2C+Mar%C3%ADa+N%C3%A9lida+Cantos+para+mi+ciudad&amp;type=AllFields&amp;filter%5B%5D=format%3A%22Book%22\">Cantos para mi ciudad<\/a>,<\/i> 1973;<\/li>\n<li class=\"western\"><i><a href=\"http:\/\/ffyh.biblio.unc.edu.ar\/\/cgi-bin\/koha\/opac-detail.pl?biblionumber=60666\">Viejos poemas<\/a>,<\/i> 1976.<\/li>\n<\/ul>\n<p><img loading=\"lazy\" decoding=\"async\" class=\"alignnone size-medium wp-image-2905\" src=\"http:\/\/ffyh.unc.edu.ar\/escritores-de-cordoba\/wp-content\/uploads\/sites\/43\/2025\/01\/astrada-mn-1-e1737634147458-201x300.jpg\" alt=\"\" width=\"201\" height=\"300\" srcset=\"https:\/\/ffyh.unc.edu.ar\/escritores-de-cordoba\/wp-content\/uploads\/sites\/43\/2025\/01\/astrada-mn-1-e1737634147458-201x300.jpg 201w, https:\/\/ffyh.unc.edu.ar\/escritores-de-cordoba\/wp-content\/uploads\/sites\/43\/2025\/01\/astrada-mn-1-e1737634147458.jpg 641w\" sizes=\"auto, (max-width: 201px) 100vw, 201px\" \/><\/p>\n<p style=\"text-align: right\"><a href=\"https:\/\/ffyh.unc.edu.ar\/escritores-de-cordoba\/guia-de-autores-cordobeses\/a\/\">volver<\/a><\/p>\n","protected":false},"excerpt":{"rendered":"<p>Naci\u00f3 en Corral de Bustos (Dpto. Marcos Ju\u00e1rez). Hizo estudios b\u00e1sicos en Rosario, y superiores en C\u00f3rdoba, donde egres\u00f3 con<\/p>\n","protected":false},"author":2,"featured_media":0,"parent":16,"menu_order":0,"comment_status":"closed","ping_status":"closed","template":"","meta":{"_acf_changed":false,"colormag_page_container_layout":"default_layout","colormag_page_sidebar_layout":"default_layout","footnotes":""},"class_list":["post-149","page","type-page","status-publish","hentry"],"acf":[],"_links":{"self":[{"href":"https:\/\/ffyh.unc.edu.ar\/escritores-de-cordoba\/wp-json\/wp\/v2\/pages\/149","targetHints":{"allow":["GET"]}}],"collection":[{"href":"https:\/\/ffyh.unc.edu.ar\/escritores-de-cordoba\/wp-json\/wp\/v2\/pages"}],"about":[{"href":"https:\/\/ffyh.unc.edu.ar\/escritores-de-cordoba\/wp-json\/wp\/v2\/types\/page"}],"author":[{"embeddable":true,"href":"https:\/\/ffyh.unc.edu.ar\/escritores-de-cordoba\/wp-json\/wp\/v2\/users\/2"}],"replies":[{"embeddable":true,"href":"https:\/\/ffyh.unc.edu.ar\/escritores-de-cordoba\/wp-json\/wp\/v2\/comments?post=149"}],"version-history":[{"count":3,"href":"https:\/\/ffyh.unc.edu.ar\/escritores-de-cordoba\/wp-json\/wp\/v2\/pages\/149\/revisions"}],"predecessor-version":[{"id":2906,"href":"https:\/\/ffyh.unc.edu.ar\/escritores-de-cordoba\/wp-json\/wp\/v2\/pages\/149\/revisions\/2906"}],"up":[{"embeddable":true,"href":"https:\/\/ffyh.unc.edu.ar\/escritores-de-cordoba\/wp-json\/wp\/v2\/pages\/16"}],"wp:attachment":[{"href":"https:\/\/ffyh.unc.edu.ar\/escritores-de-cordoba\/wp-json\/wp\/v2\/media?parent=149"}],"curies":[{"name":"wp","href":"https:\/\/api.w.org\/{rel}","templated":true}]}}