{"id":13,"date":"2012-03-01T20:17:31","date_gmt":"2012-03-01T20:17:31","guid":{"rendered":"http:\/\/www.ffyh.unc.edu.ar\/extension1\/?page_id=13"},"modified":"2019-12-06T15:07:54","modified_gmt":"2019-12-06T15:07:54","slug":"intervencion-acompanamiento-territorial","status":"publish","type":"page","link":"https:\/\/ffyh.unc.edu.ar\/extension\/intervencion-acompanamiento-territorial\/","title":{"rendered":"Intervenci\u00f3n y acompa\u00f1amiento territorial"},"content":{"rendered":"<h1><strong>Funciones<\/strong><\/h1>\n<p>El <strong>\u00c1rea de Intervenci\u00f3n y Acompa\u00f1amiento Territorial<\/strong>\u00a0realiza el\u00a0acompa\u00f1amiento t\u00e9cnico-pol\u00edtico y la gesti\u00f3n institucional de distintos procesos que integran la construcci\u00f3n de un problema de intervenci\u00f3n en un espacio territorial determinado. Estos procesos suponen la construcci\u00f3n te\u00f3rica, t\u00e9cnica y pol\u00edtica de diferentes demandas sociales sobre las cuales intervendr\u00e1n los proyectos y programas de extensi\u00f3n de la Facultad.<\/p>\n<p>El \u00c1rea organiza espacios de formaci\u00f3n orientados al dise\u00f1o, formulaci\u00f3n y planeaci\u00f3n de proyectos y programas de extensi\u00f3n, as\u00ed como procesos de intervenci\u00f3n extensionista. Acompa\u00f1a en el dise\u00f1o, formulaci\u00f3n y seguimiento de propuestas de intervenci\u00f3n territorial, gestiona y promociona intervenciones territoriales en \u00e1reas de vacancia y acompa\u00f1a en la gesti\u00f3n de acuerdos y convenios de colaboraci\u00f3n interinstitucional.<\/p>\n<h2><strong>Contacto<\/strong><\/h2>\n<p>Pabell\u00f3n Brujas \u2013 Ciudad Universitaria<br \/>\n(5000) \u2013 C\u00f3rdoba \u2013 Argentina<br \/>\nTel. (54 \u2013 351) 5353610 50300\/50035<br \/>\nCorreo electr\u00f3nico: programasext@ffyh.unc.edu.ar<\/p>\n","protected":false},"excerpt":{"rendered":"<p>Funciones El \u00c1rea de Intervenci\u00f3n y Acompa\u00f1amiento Territorial\u00a0realiza el\u00a0acompa\u00f1amiento t\u00e9cnico-pol\u00edtico y la gesti\u00f3n institucional de distintos procesos que integran la<\/p>\n","protected":false},"author":2,"featured_media":0,"parent":0,"menu_order":4,"comment_status":"open","ping_status":"closed","template":"","meta":{"_acf_changed":false,"colormag_page_container_layout":"default_layout","colormag_page_sidebar_layout":"default_layout","footnotes":""},"class_list":["post-13","page","type-page","status-publish","hentry"],"acf":[],"yoast_head":"<!-- This site is optimized with the Yoast SEO plugin v27.1.1 - https:\/\/yoast.com\/product\/yoast-seo-wordpress\/ -->\n<title>Intervenci\u00f3n y acompa\u00f1amiento territorial - Secretar\u00eda de Extensi\u00f3n<\/title>\n<meta name=\"robots\" content=\"index, follow, max-snippet:-1, max-image-preview:large, max-video-preview:-1\" \/>\n<link rel=\"canonical\" href=\"https:\/\/ffyh.unc.edu.ar\/extension\/intervencion-acompanamiento-territorial\/\" \/>\n<meta property=\"og:locale\" content=\"es_ES\" \/>\n<meta property=\"og:type\" content=\"article\" \/>\n<meta property=\"og:title\" content=\"Intervenci\u00f3n y acompa\u00f1amiento territorial - Secretar\u00eda de Extensi\u00f3n\" \/>\n<meta property=\"og:description\" content=\"Funciones El \u00c1rea de Intervenci\u00f3n y Acompa\u00f1amiento Territorial\u00a0realiza el\u00a0acompa\u00f1amiento t\u00e9cnico-pol\u00edtico y la gesti\u00f3n institucional de distintos procesos que integran la\" \/>\n<meta property=\"og:url\" content=\"https:\/\/ffyh.unc.edu.ar\/extension\/intervencion-acompanamiento-territorial\/\" \/>\n<meta property=\"og:site_name\" content=\"Secretar\u00eda de Extensi\u00f3n\" \/>\n<meta property=\"article:publisher\" content=\"https:\/\/www.facebook.com\/extensionffyh\" \/>\n<meta property=\"article:modified_time\" content=\"2019-12-06T15:07:54+00:00\" \/>\n<meta name=\"twitter:card\" content=\"summary_large_image\" \/>\n<meta name=\"twitter:label1\" content=\"Tiempo de lectura\" \/>\n\t<meta name=\"twitter:data1\" content=\"1 minuto\" \/>\n<script type=\"application\/ld+json\" class=\"yoast-schema-graph\">{\"@context\":\"https:\/\/schema.org\",\"@graph\":[{\"@type\":\"WebPage\",\"@id\":\"https:\/\/ffyh.unc.edu.ar\/extension\/intervencion-acompanamiento-territorial\/\",\"url\":\"https:\/\/ffyh.unc.edu.ar\/extension\/intervencion-acompanamiento-territorial\/\",\"name\":\"Intervenci\u00f3n y acompa\u00f1amiento territorial - Secretar\u00eda de Extensi\u00f3n\",\"isPartOf\":{\"@id\":\"https:\/\/ffyh.unc.edu.ar\/extension\/#website\"},\"datePublished\":\"2012-03-01T20:17:31+00:00\",\"dateModified\":\"2019-12-06T15:07:54+00:00\",\"breadcrumb\":{\"@id\":\"https:\/\/ffyh.unc.edu.ar\/extension\/intervencion-acompanamiento-territorial\/#breadcrumb\"},\"inLanguage\":\"es\",\"potentialAction\":[{\"@type\":\"ReadAction\",\"target\":[\"https:\/\/ffyh.unc.edu.ar\/extension\/intervencion-acompanamiento-territorial\/\"]}]},{\"@type\":\"BreadcrumbList\",\"@id\":\"https:\/\/ffyh.unc.edu.ar\/extension\/intervencion-acompanamiento-territorial\/#breadcrumb\",\"itemListElement\":[{\"@type\":\"ListItem\",\"position\":1,\"name\":\"Portada\",\"item\":\"https:\/\/ffyh.unc.edu.ar\/extension\/\"},{\"@type\":\"ListItem\",\"position\":2,\"name\":\"Intervenci\u00f3n y acompa\u00f1amiento territorial\"}]},{\"@type\":\"WebSite\",\"@id\":\"https:\/\/ffyh.unc.edu.ar\/extension\/#website\",\"url\":\"https:\/\/ffyh.unc.edu.ar\/extension\/\",\"name\":\"Secretar\u00eda de Extensi\u00f3n\",\"description\":\"Facultad de Filosof\u00eda y Humanidades - Universidad Nacional de C\u00f3rdoba\",\"publisher\":{\"@id\":\"https:\/\/ffyh.unc.edu.ar\/extension\/#organization\"},\"potentialAction\":[{\"@type\":\"SearchAction\",\"target\":{\"@type\":\"EntryPoint\",\"urlTemplate\":\"https:\/\/ffyh.unc.edu.ar\/extension\/?s={search_term_string}\"},\"query-input\":{\"@type\":\"PropertyValueSpecification\",\"valueRequired\":true,\"valueName\":\"search_term_string\"}}],\"inLanguage\":\"es\"},{\"@type\":\"Organization\",\"@id\":\"https:\/\/ffyh.unc.edu.ar\/extension\/#organization\",\"name\":\"Secretar\u00eda de Extensi\u00f3n - Facultad de Filosof\u00eda y Humanidades - Universidad Nacional de C\u00f3rdoba\",\"url\":\"https:\/\/ffyh.unc.edu.ar\/extension\/\",\"logo\":{\"@type\":\"ImageObject\",\"inLanguage\":\"es\",\"@id\":\"https:\/\/ffyh.unc.edu.ar\/extension\/#\/schema\/logo\/image\/\",\"url\":\"https:\/\/ffyh.unc.edu.ar\/extension\/wp-content\/uploads\/sites\/2\/2018\/08\/logo-extension-chico.jpg\",\"contentUrl\":\"https:\/\/ffyh.unc.edu.ar\/extension\/wp-content\/uploads\/sites\/2\/2018\/08\/logo-extension-chico.jpg\",\"width\":314,\"height\":119,\"caption\":\"Secretar\u00eda de Extensi\u00f3n - Facultad de Filosof\u00eda y Humanidades - Universidad Nacional de C\u00f3rdoba\"},\"image\":{\"@id\":\"https:\/\/ffyh.unc.edu.ar\/extension\/#\/schema\/logo\/image\/\"},\"sameAs\":[\"https:\/\/www.facebook.com\/extensionffyh\",\"https:\/\/www.instagram.com\/extensionffyh\/\",\"https:\/\/www.youtube.com\/channel\/UCTgN4nvMQE7ktBcgujEI-EA\"]}]}<\/script>\n<!-- \/ Yoast SEO plugin. -->","yoast_head_json":{"title":"Intervenci\u00f3n y acompa\u00f1amiento territorial - Secretar\u00eda de Extensi\u00f3n","robots":{"index":"index","follow":"follow","max-snippet":"max-snippet:-1","max-image-preview":"max-image-preview:large","max-video-preview":"max-video-preview:-1"},"canonical":"https:\/\/ffyh.unc.edu.ar\/extension\/intervencion-acompanamiento-territorial\/","og_locale":"es_ES","og_type":"article","og_title":"Intervenci\u00f3n y acompa\u00f1amiento territorial - Secretar\u00eda de Extensi\u00f3n","og_description":"Funciones El \u00c1rea de Intervenci\u00f3n y Acompa\u00f1amiento Territorial\u00a0realiza el\u00a0acompa\u00f1amiento t\u00e9cnico-pol\u00edtico y la gesti\u00f3n institucional de distintos procesos que integran la","og_url":"https:\/\/ffyh.unc.edu.ar\/extension\/intervencion-acompanamiento-territorial\/","og_site_name":"Secretar\u00eda de Extensi\u00f3n","article_publisher":"https:\/\/www.facebook.com\/extensionffyh","article_modified_time":"2019-12-06T15:07:54+00:00","twitter_card":"summary_large_image","twitter_misc":{"Tiempo de lectura":"1 minuto"},"schema":{"@context":"https:\/\/schema.org","@graph":[{"@type":"WebPage","@id":"https:\/\/ffyh.unc.edu.ar\/extension\/intervencion-acompanamiento-territorial\/","url":"https:\/\/ffyh.unc.edu.ar\/extension\/intervencion-acompanamiento-territorial\/","name":"Intervenci\u00f3n y acompa\u00f1amiento territorial - Secretar\u00eda de Extensi\u00f3n","isPartOf":{"@id":"https:\/\/ffyh.unc.edu.ar\/extension\/#website"},"datePublished":"2012-03-01T20:17:31+00:00","dateModified":"2019-12-06T15:07:54+00:00","breadcrumb":{"@id":"https:\/\/ffyh.unc.edu.ar\/extension\/intervencion-acompanamiento-territorial\/#breadcrumb"},"inLanguage":"es","potentialAction":[{"@type":"ReadAction","target":["https:\/\/ffyh.unc.edu.ar\/extension\/intervencion-acompanamiento-territorial\/"]}]},{"@type":"BreadcrumbList","@id":"https:\/\/ffyh.unc.edu.ar\/extension\/intervencion-acompanamiento-territorial\/#breadcrumb","itemListElement":[{"@type":"ListItem","position":1,"name":"Portada","item":"https:\/\/ffyh.unc.edu.ar\/extension\/"},{"@type":"ListItem","position":2,"name":"Intervenci\u00f3n y acompa\u00f1amiento territorial"}]},{"@type":"WebSite","@id":"https:\/\/ffyh.unc.edu.ar\/extension\/#website","url":"https:\/\/ffyh.unc.edu.ar\/extension\/","name":"Secretar\u00eda de Extensi\u00f3n","description":"Facultad de Filosof\u00eda y Humanidades - Universidad Nacional de C\u00f3rdoba","publisher":{"@id":"https:\/\/ffyh.unc.edu.ar\/extension\/#organization"},"potentialAction":[{"@type":"SearchAction","target":{"@type":"EntryPoint","urlTemplate":"https:\/\/ffyh.unc.edu.ar\/extension\/?s={search_term_string}"},"query-input":{"@type":"PropertyValueSpecification","valueRequired":true,"valueName":"search_term_string"}}],"inLanguage":"es"},{"@type":"Organization","@id":"https:\/\/ffyh.unc.edu.ar\/extension\/#organization","name":"Secretar\u00eda de Extensi\u00f3n - Facultad de Filosof\u00eda y Humanidades - Universidad Nacional de C\u00f3rdoba","url":"https:\/\/ffyh.unc.edu.ar\/extension\/","logo":{"@type":"ImageObject","inLanguage":"es","@id":"https:\/\/ffyh.unc.edu.ar\/extension\/#\/schema\/logo\/image\/","url":"https:\/\/ffyh.unc.edu.ar\/extension\/wp-content\/uploads\/sites\/2\/2018\/08\/logo-extension-chico.jpg","contentUrl":"https:\/\/ffyh.unc.edu.ar\/extension\/wp-content\/uploads\/sites\/2\/2018\/08\/logo-extension-chico.jpg","width":314,"height":119,"caption":"Secretar\u00eda de Extensi\u00f3n - Facultad de Filosof\u00eda y Humanidades - Universidad Nacional de C\u00f3rdoba"},"image":{"@id":"https:\/\/ffyh.unc.edu.ar\/extension\/#\/schema\/logo\/image\/"},"sameAs":["https:\/\/www.facebook.com\/extensionffyh","https:\/\/www.instagram.com\/extensionffyh\/","https:\/\/www.youtube.com\/channel\/UCTgN4nvMQE7ktBcgujEI-EA"]}]}},"_links":{"self":[{"href":"https:\/\/ffyh.unc.edu.ar\/extension\/wp-json\/wp\/v2\/pages\/13","targetHints":{"allow":["GET"]}}],"collection":[{"href":"https:\/\/ffyh.unc.edu.ar\/extension\/wp-json\/wp\/v2\/pages"}],"about":[{"href":"https:\/\/ffyh.unc.edu.ar\/extension\/wp-json\/wp\/v2\/types\/page"}],"author":[{"embeddable":true,"href":"https:\/\/ffyh.unc.edu.ar\/extension\/wp-json\/wp\/v2\/users\/2"}],"replies":[{"embeddable":true,"href":"https:\/\/ffyh.unc.edu.ar\/extension\/wp-json\/wp\/v2\/comments?post=13"}],"version-history":[{"count":5,"href":"https:\/\/ffyh.unc.edu.ar\/extension\/wp-json\/wp\/v2\/pages\/13\/revisions"}],"predecessor-version":[{"id":4598,"href":"https:\/\/ffyh.unc.edu.ar\/extension\/wp-json\/wp\/v2\/pages\/13\/revisions\/4598"}],"wp:attachment":[{"href":"https:\/\/ffyh.unc.edu.ar\/extension\/wp-json\/wp\/v2\/media?parent=13"}],"curies":[{"name":"wp","href":"https:\/\/api.w.org\/{rel}","templated":true}]}}