{"id":4734,"date":"2020-05-01T04:43:17","date_gmt":"2020-05-01T04:43:17","guid":{"rendered":"http:\/\/ffyh.unc.edu.ar\/extension\/?page_id=4734"},"modified":"2025-04-01T16:19:20","modified_gmt":"2025-04-01T16:19:20","slug":"revista-ee-estudios-de-extension-en-humanidades-2","status":"publish","type":"page","link":"https:\/\/ffyh.unc.edu.ar\/extension\/revista-ee-estudios-de-extension-en-humanidades-2\/","title":{"rendered":"Revista E+E: estudios de extensi\u00f3n en humanidades"},"content":{"rendered":"<div class=\"entry-content clearfix\">\n<p><img loading=\"lazy\" decoding=\"async\" class=\"alignnone wp-image-7840 \" src=\"http:\/\/ffyh.unc.edu.ar\/extension\/wp-content\/uploads\/sites\/2\/2025\/03\/Mesa-de-trabajo-4.jpg\" alt=\"\" width=\"955\" height=\"293\" \/><\/p>\n<p>La revista E+E: estudios de extensi\u00f3n en humanidades es una publicaci\u00f3n semestral continua (junio y diciembre) de la Secretar\u00eda de Extensi\u00f3n de la Facultad de Filosof\u00eda y Humanidades de la Universidad Nacional de C\u00f3rdoba, Argentina.<\/p>\n<p>Esta publicaci\u00f3n abre un espacio editorial para la conceptualizaci\u00f3n pol\u00edtica y acad\u00e9mica de la extensi\u00f3n en humanidades en el marco de la universidad p\u00fablica. Se asumen como ejes el di\u00e1logo de saberes y la integralidad de funciones universitarias en tanto se consideran orientadores de la tarea extensionista<\/p>\n<p>Los art\u00edculos est\u00e1n sometidos a una doble revisi\u00f3n. El Comit\u00e9 Editorial eval\u00faa la pertinencia del env\u00edo al tema de la convocatoria y, una vez aprobada, los art\u00edculos son sometidos a arbitraje externo por el sistema \u201cdoble ciego\u201d (<em>double-blind peer review<\/em>), que permite garantizar el anonimato entre autorxs y evaluadorxs. A los fines de mantener la confidencialidad de ambas partes, el Comit\u00e9 Editorial de E+E mediar\u00e1 en estas instancias.<\/p>\n<p>Los art\u00edculos publicados en\u00a0<strong>E+E: estudios de extensi\u00f3n en humanidades<\/strong> se encuentran disponibles en el <a href=\"https:\/\/revistas.unc.edu.ar\/index.php\/EEH\/\">Repositorio de Revistas Cient\u00edficas de la UNC<\/a>.<\/p>\n<p><a href=\"https:\/\/revistas.unc.edu.ar\/index.php\/EEH\/\"><img loading=\"lazy\" decoding=\"async\" class=\"wp-image-7876 alignleft\" src=\"http:\/\/ffyh.unc.edu.ar\/extension\/wp-content\/uploads\/sites\/2\/2025\/03\/Mesa-de-trabajo-1-copia.png\" alt=\"\" width=\"500\" height=\"331\" \/><\/a><\/p>\n<p><strong>Enfoque y alcances<\/strong><\/p>\n<p>La revista E+E: estudios de extensi\u00f3n en humanidades es una publicaci\u00f3n de la Secretar\u00eda de Extensi\u00f3n de la Facultad de Filosof\u00eda y Humanidades de la UNC que abre un espacio editorial para la conceptualizaci\u00f3n pol\u00edtica y acad\u00e9mica de la extensi\u00f3n en humanidades en el marco de la universidad p\u00fablica. Se asumen como ejes el di\u00e1logo de saberes y la integralidad de funciones universitarias en tanto los consideramos orientadores de la tarea extensionista, E+E tiene por objetivos (a) interpelar los aprendizajes producidos por diversxs actorxs sociales extrauniversitarixs y lxs profesorxs, egresadxs, nodocentes y estudiantes universitarixs, (b) analizar el sentido pol\u00edtico de la presencia universitaria en los diferentes espacios que recorre la extensi\u00f3n, (c) realizar aportes cr\u00edticos que consoliden la incorporaci\u00f3n de la experiencia de extensi\u00f3n en la formaci\u00f3n de grado y posgrado, (d) fortalecer la pr\u00e1ctica de la escritura reflexiva en el \u00e1rea de extensi\u00f3n, (e) aportar elementos para la formaci\u00f3n de docentes, egresadxs, nodocentes y estudiantes en el desarrollo de las pr\u00e1cticas extensionistas, (f) visibilizar y poner en di\u00e1logo enunciados, pr\u00e1cticas, enfoques y maneras de pensar el contacto con diversxs actorxs sociales desde nuestro lugar como universitarixs.<\/p>\n<p>El contenido es licenciado bajo\u00a0<a href=\"https:\/\/creativecommons.org\/licenses\/by-nc-sa\/4.0\/deed.es\">Licencia CreativeCommons Atribuci\u00f3n-NoComercial-CompartirIgual 4.0 Internacional<\/a>.\u00a0<strong>\u00a0<\/strong><\/p>\n<p>ISSN\u00a01853-8088 (versi\u00f3n en l\u00ednea)<\/p>\n<p><strong>A\u00f1o de Inicio<\/strong>: 2008<br \/>\n<strong>Periodicidad<\/strong>:\u00a0Semestral continua<br \/>\n<strong>Idioma<\/strong>:\u00a0Espa\u00f1ol, portugu\u00e9s, ingl\u00e9s<\/p>\n<p><strong>La revista E+E: Estudios de Extensi\u00f3n en Humanidades pertenece a la<\/strong>\u00a0<strong><a href=\"https:\/\/grupomontevideo.org\/ndca\/redreu\/?page_id=280\">Red de Editores de Revistas de Extensi\u00f3n Universitaria (REDREU)<\/a>.<\/strong><\/p>\n<p>Esta Red es un espacio regional nacido en la Comisi\u00f3n Permanente de Extensi\u00f3n Universitaria de la Asociaci\u00f3n de Universidades Grupo Montevideo\u00a0(AUGM), que busca involucrar a todas aquellas revistas de este segmento editorial que deseen sumarse a una propuesta de trabajo colaborativo.<\/p>\n<p>REDREU se\u00a0propone visibilizar y poner en valor la diversidad de publicaciones peri\u00f3dicas universitarias existentes\u00a0en extensi\u00f3n universitaria; as\u00ed como\u00a0consolidar los equipos editoriales\u00a0a trav\u00e9s de instancias de capacitaci\u00f3n sobre las distintas aristas que hacen al proceso editorial, a fin de fortalecer las capacidades t\u00e9cnicas y de gesti\u00f3n.<\/p>\n<p>Tambi\u00e9n forman parte de sus objetivos\u00a0construir estrategias de cooperaci\u00f3n\u00a0de las revistas a partir de identificar problem\u00e1ticas comunes y promover Encuentros de Equipos Editoriales de Revistas de Extensi\u00f3n Universitaria en el \u00e1mbito de los Congresos bianuales de AUGM.<\/p>\n<blockquote><p>Acced\u00e9 a todas las noticias sobre la Revista desde el siguiente enlace: <a href=\"https:\/\/ffyh.unc.edu.ar\/extension\/category\/revista-ee\/\">https:\/\/ffyh.unc.edu.ar\/extension\/category\/revista-ee\/<\/a><\/p><\/blockquote>\n<\/div>\n<div class=\"entry-content clearfix\"><\/div>\n","protected":false},"excerpt":{"rendered":"<p>La revista E+E: estudios de extensi\u00f3n en humanidades es una publicaci\u00f3n semestral continua (junio y diciembre) de la Secretar\u00eda de<\/p>\n","protected":false},"author":3,"featured_media":0,"parent":0,"menu_order":0,"comment_status":"closed","ping_status":"closed","template":"","meta":{"_acf_changed":false,"colormag_page_container_layout":"default_layout","colormag_page_sidebar_layout":"default_layout","footnotes":""},"class_list":["post-4734","page","type-page","status-publish","hentry"],"acf":[],"yoast_head":"<!-- This site is optimized with the Yoast SEO plugin v27.1.1 - https:\/\/yoast.com\/product\/yoast-seo-wordpress\/ -->\n<title>Revista E+E: estudios de extensi\u00f3n en humanidades - Secretar\u00eda de Extensi\u00f3n<\/title>\n<meta name=\"robots\" content=\"index, follow, max-snippet:-1, max-image-preview:large, max-video-preview:-1\" \/>\n<link rel=\"canonical\" href=\"https:\/\/ffyh.unc.edu.ar\/extension\/revista-ee-estudios-de-extension-en-humanidades-2\/\" \/>\n<meta property=\"og:locale\" content=\"es_ES\" \/>\n<meta property=\"og:type\" content=\"article\" \/>\n<meta property=\"og:title\" content=\"Revista E+E: estudios de extensi\u00f3n en humanidades - Secretar\u00eda de Extensi\u00f3n\" \/>\n<meta property=\"og:description\" content=\"La revista E+E: estudios de extensi\u00f3n en humanidades es una publicaci\u00f3n semestral continua (junio y diciembre) de la Secretar\u00eda de\" \/>\n<meta property=\"og:url\" content=\"https:\/\/ffyh.unc.edu.ar\/extension\/revista-ee-estudios-de-extension-en-humanidades-2\/\" \/>\n<meta property=\"og:site_name\" content=\"Secretar\u00eda de Extensi\u00f3n\" \/>\n<meta property=\"article:publisher\" content=\"https:\/\/www.facebook.com\/extensionffyh\" \/>\n<meta property=\"article:modified_time\" content=\"2025-04-01T16:19:20+00:00\" \/>\n<meta property=\"og:image\" content=\"https:\/\/ffyh.unc.edu.ar\/extension\/wp-content\/uploads\/sites\/2\/2025\/03\/Mesa-de-trabajo-4.jpg\" \/>\n\t<meta property=\"og:image:width\" content=\"626\" \/>\n\t<meta property=\"og:image:height\" content=\"184\" \/>\n\t<meta property=\"og:image:type\" content=\"image\/jpeg\" \/>\n<meta name=\"twitter:card\" content=\"summary_large_image\" \/>\n<meta name=\"twitter:label1\" content=\"Tiempo de lectura\" \/>\n\t<meta name=\"twitter:data1\" content=\"2 minutos\" \/>\n<script type=\"application\/ld+json\" class=\"yoast-schema-graph\">{\"@context\":\"https:\/\/schema.org\",\"@graph\":[{\"@type\":\"WebPage\",\"@id\":\"https:\/\/ffyh.unc.edu.ar\/extension\/revista-ee-estudios-de-extension-en-humanidades-2\/\",\"url\":\"https:\/\/ffyh.unc.edu.ar\/extension\/revista-ee-estudios-de-extension-en-humanidades-2\/\",\"name\":\"Revista E+E: estudios de extensi\u00f3n en humanidades - Secretar\u00eda de Extensi\u00f3n\",\"isPartOf\":{\"@id\":\"https:\/\/ffyh.unc.edu.ar\/extension\/#website\"},\"primaryImageOfPage\":{\"@id\":\"https:\/\/ffyh.unc.edu.ar\/extension\/revista-ee-estudios-de-extension-en-humanidades-2\/#primaryimage\"},\"image\":{\"@id\":\"https:\/\/ffyh.unc.edu.ar\/extension\/revista-ee-estudios-de-extension-en-humanidades-2\/#primaryimage\"},\"thumbnailUrl\":\"http:\/\/ffyh.unc.edu.ar\/extension\/wp-content\/uploads\/sites\/2\/2025\/03\/Mesa-de-trabajo-4.jpg\",\"datePublished\":\"2020-05-01T04:43:17+00:00\",\"dateModified\":\"2025-04-01T16:19:20+00:00\",\"breadcrumb\":{\"@id\":\"https:\/\/ffyh.unc.edu.ar\/extension\/revista-ee-estudios-de-extension-en-humanidades-2\/#breadcrumb\"},\"inLanguage\":\"es\",\"potentialAction\":[{\"@type\":\"ReadAction\",\"target\":[\"https:\/\/ffyh.unc.edu.ar\/extension\/revista-ee-estudios-de-extension-en-humanidades-2\/\"]}]},{\"@type\":\"ImageObject\",\"inLanguage\":\"es\",\"@id\":\"https:\/\/ffyh.unc.edu.ar\/extension\/revista-ee-estudios-de-extension-en-humanidades-2\/#primaryimage\",\"url\":\"https:\/\/ffyh.unc.edu.ar\/extension\/wp-content\/uploads\/sites\/2\/2025\/03\/Mesa-de-trabajo-4.jpg\",\"contentUrl\":\"https:\/\/ffyh.unc.edu.ar\/extension\/wp-content\/uploads\/sites\/2\/2025\/03\/Mesa-de-trabajo-4.jpg\",\"width\":626,\"height\":184},{\"@type\":\"BreadcrumbList\",\"@id\":\"https:\/\/ffyh.unc.edu.ar\/extension\/revista-ee-estudios-de-extension-en-humanidades-2\/#breadcrumb\",\"itemListElement\":[{\"@type\":\"ListItem\",\"position\":1,\"name\":\"Portada\",\"item\":\"https:\/\/ffyh.unc.edu.ar\/extension\/\"},{\"@type\":\"ListItem\",\"position\":2,\"name\":\"Revista E+E: estudios de extensi\u00f3n en humanidades\"}]},{\"@type\":\"WebSite\",\"@id\":\"https:\/\/ffyh.unc.edu.ar\/extension\/#website\",\"url\":\"https:\/\/ffyh.unc.edu.ar\/extension\/\",\"name\":\"Secretar\u00eda de Extensi\u00f3n\",\"description\":\"Facultad de Filosof\u00eda y Humanidades - Universidad Nacional de C\u00f3rdoba\",\"publisher\":{\"@id\":\"https:\/\/ffyh.unc.edu.ar\/extension\/#organization\"},\"potentialAction\":[{\"@type\":\"SearchAction\",\"target\":{\"@type\":\"EntryPoint\",\"urlTemplate\":\"https:\/\/ffyh.unc.edu.ar\/extension\/?s={search_term_string}\"},\"query-input\":{\"@type\":\"PropertyValueSpecification\",\"valueRequired\":true,\"valueName\":\"search_term_string\"}}],\"inLanguage\":\"es\"},{\"@type\":\"Organization\",\"@id\":\"https:\/\/ffyh.unc.edu.ar\/extension\/#organization\",\"name\":\"Secretar\u00eda de Extensi\u00f3n - Facultad de Filosof\u00eda y Humanidades - Universidad Nacional de C\u00f3rdoba\",\"url\":\"https:\/\/ffyh.unc.edu.ar\/extension\/\",\"logo\":{\"@type\":\"ImageObject\",\"inLanguage\":\"es\",\"@id\":\"https:\/\/ffyh.unc.edu.ar\/extension\/#\/schema\/logo\/image\/\",\"url\":\"https:\/\/ffyh.unc.edu.ar\/extension\/wp-content\/uploads\/sites\/2\/2018\/08\/logo-extension-chico.jpg\",\"contentUrl\":\"https:\/\/ffyh.unc.edu.ar\/extension\/wp-content\/uploads\/sites\/2\/2018\/08\/logo-extension-chico.jpg\",\"width\":314,\"height\":119,\"caption\":\"Secretar\u00eda de Extensi\u00f3n - Facultad de Filosof\u00eda y Humanidades - Universidad Nacional de C\u00f3rdoba\"},\"image\":{\"@id\":\"https:\/\/ffyh.unc.edu.ar\/extension\/#\/schema\/logo\/image\/\"},\"sameAs\":[\"https:\/\/www.facebook.com\/extensionffyh\",\"https:\/\/www.instagram.com\/extensionffyh\/\",\"https:\/\/www.youtube.com\/channel\/UCTgN4nvMQE7ktBcgujEI-EA\"]}]}<\/script>\n<!-- \/ Yoast SEO plugin. -->","yoast_head_json":{"title":"Revista E+E: estudios de extensi\u00f3n en humanidades - Secretar\u00eda de Extensi\u00f3n","robots":{"index":"index","follow":"follow","max-snippet":"max-snippet:-1","max-image-preview":"max-image-preview:large","max-video-preview":"max-video-preview:-1"},"canonical":"https:\/\/ffyh.unc.edu.ar\/extension\/revista-ee-estudios-de-extension-en-humanidades-2\/","og_locale":"es_ES","og_type":"article","og_title":"Revista E+E: estudios de extensi\u00f3n en humanidades - Secretar\u00eda de Extensi\u00f3n","og_description":"La revista E+E: estudios de extensi\u00f3n en humanidades es una publicaci\u00f3n semestral continua (junio y diciembre) de la Secretar\u00eda de","og_url":"https:\/\/ffyh.unc.edu.ar\/extension\/revista-ee-estudios-de-extension-en-humanidades-2\/","og_site_name":"Secretar\u00eda de Extensi\u00f3n","article_publisher":"https:\/\/www.facebook.com\/extensionffyh","article_modified_time":"2025-04-01T16:19:20+00:00","og_image":[{"width":626,"height":184,"url":"https:\/\/ffyh.unc.edu.ar\/extension\/wp-content\/uploads\/sites\/2\/2025\/03\/Mesa-de-trabajo-4.jpg","type":"image\/jpeg"}],"twitter_card":"summary_large_image","twitter_misc":{"Tiempo de lectura":"2 minutos"},"schema":{"@context":"https:\/\/schema.org","@graph":[{"@type":"WebPage","@id":"https:\/\/ffyh.unc.edu.ar\/extension\/revista-ee-estudios-de-extension-en-humanidades-2\/","url":"https:\/\/ffyh.unc.edu.ar\/extension\/revista-ee-estudios-de-extension-en-humanidades-2\/","name":"Revista E+E: estudios de extensi\u00f3n en humanidades - Secretar\u00eda de Extensi\u00f3n","isPartOf":{"@id":"https:\/\/ffyh.unc.edu.ar\/extension\/#website"},"primaryImageOfPage":{"@id":"https:\/\/ffyh.unc.edu.ar\/extension\/revista-ee-estudios-de-extension-en-humanidades-2\/#primaryimage"},"image":{"@id":"https:\/\/ffyh.unc.edu.ar\/extension\/revista-ee-estudios-de-extension-en-humanidades-2\/#primaryimage"},"thumbnailUrl":"http:\/\/ffyh.unc.edu.ar\/extension\/wp-content\/uploads\/sites\/2\/2025\/03\/Mesa-de-trabajo-4.jpg","datePublished":"2020-05-01T04:43:17+00:00","dateModified":"2025-04-01T16:19:20+00:00","breadcrumb":{"@id":"https:\/\/ffyh.unc.edu.ar\/extension\/revista-ee-estudios-de-extension-en-humanidades-2\/#breadcrumb"},"inLanguage":"es","potentialAction":[{"@type":"ReadAction","target":["https:\/\/ffyh.unc.edu.ar\/extension\/revista-ee-estudios-de-extension-en-humanidades-2\/"]}]},{"@type":"ImageObject","inLanguage":"es","@id":"https:\/\/ffyh.unc.edu.ar\/extension\/revista-ee-estudios-de-extension-en-humanidades-2\/#primaryimage","url":"https:\/\/ffyh.unc.edu.ar\/extension\/wp-content\/uploads\/sites\/2\/2025\/03\/Mesa-de-trabajo-4.jpg","contentUrl":"https:\/\/ffyh.unc.edu.ar\/extension\/wp-content\/uploads\/sites\/2\/2025\/03\/Mesa-de-trabajo-4.jpg","width":626,"height":184},{"@type":"BreadcrumbList","@id":"https:\/\/ffyh.unc.edu.ar\/extension\/revista-ee-estudios-de-extension-en-humanidades-2\/#breadcrumb","itemListElement":[{"@type":"ListItem","position":1,"name":"Portada","item":"https:\/\/ffyh.unc.edu.ar\/extension\/"},{"@type":"ListItem","position":2,"name":"Revista E+E: estudios de extensi\u00f3n en humanidades"}]},{"@type":"WebSite","@id":"https:\/\/ffyh.unc.edu.ar\/extension\/#website","url":"https:\/\/ffyh.unc.edu.ar\/extension\/","name":"Secretar\u00eda de Extensi\u00f3n","description":"Facultad de Filosof\u00eda y Humanidades - Universidad Nacional de C\u00f3rdoba","publisher":{"@id":"https:\/\/ffyh.unc.edu.ar\/extension\/#organization"},"potentialAction":[{"@type":"SearchAction","target":{"@type":"EntryPoint","urlTemplate":"https:\/\/ffyh.unc.edu.ar\/extension\/?s={search_term_string}"},"query-input":{"@type":"PropertyValueSpecification","valueRequired":true,"valueName":"search_term_string"}}],"inLanguage":"es"},{"@type":"Organization","@id":"https:\/\/ffyh.unc.edu.ar\/extension\/#organization","name":"Secretar\u00eda de Extensi\u00f3n - Facultad de Filosof\u00eda y Humanidades - Universidad Nacional de C\u00f3rdoba","url":"https:\/\/ffyh.unc.edu.ar\/extension\/","logo":{"@type":"ImageObject","inLanguage":"es","@id":"https:\/\/ffyh.unc.edu.ar\/extension\/#\/schema\/logo\/image\/","url":"https:\/\/ffyh.unc.edu.ar\/extension\/wp-content\/uploads\/sites\/2\/2018\/08\/logo-extension-chico.jpg","contentUrl":"https:\/\/ffyh.unc.edu.ar\/extension\/wp-content\/uploads\/sites\/2\/2018\/08\/logo-extension-chico.jpg","width":314,"height":119,"caption":"Secretar\u00eda de Extensi\u00f3n - Facultad de Filosof\u00eda y Humanidades - Universidad Nacional de C\u00f3rdoba"},"image":{"@id":"https:\/\/ffyh.unc.edu.ar\/extension\/#\/schema\/logo\/image\/"},"sameAs":["https:\/\/www.facebook.com\/extensionffyh","https:\/\/www.instagram.com\/extensionffyh\/","https:\/\/www.youtube.com\/channel\/UCTgN4nvMQE7ktBcgujEI-EA"]}]}},"_links":{"self":[{"href":"https:\/\/ffyh.unc.edu.ar\/extension\/wp-json\/wp\/v2\/pages\/4734","targetHints":{"allow":["GET"]}}],"collection":[{"href":"https:\/\/ffyh.unc.edu.ar\/extension\/wp-json\/wp\/v2\/pages"}],"about":[{"href":"https:\/\/ffyh.unc.edu.ar\/extension\/wp-json\/wp\/v2\/types\/page"}],"author":[{"embeddable":true,"href":"https:\/\/ffyh.unc.edu.ar\/extension\/wp-json\/wp\/v2\/users\/3"}],"replies":[{"embeddable":true,"href":"https:\/\/ffyh.unc.edu.ar\/extension\/wp-json\/wp\/v2\/comments?post=4734"}],"version-history":[{"count":52,"href":"https:\/\/ffyh.unc.edu.ar\/extension\/wp-json\/wp\/v2\/pages\/4734\/revisions"}],"predecessor-version":[{"id":7909,"href":"https:\/\/ffyh.unc.edu.ar\/extension\/wp-json\/wp\/v2\/pages\/4734\/revisions\/7909"}],"wp:attachment":[{"href":"https:\/\/ffyh.unc.edu.ar\/extension\/wp-json\/wp\/v2\/media?parent=4734"}],"curies":[{"name":"wp","href":"https:\/\/api.w.org\/{rel}","templated":true}]}}