{"id":53,"date":"2012-03-07T16:41:17","date_gmt":"2012-03-07T16:41:17","guid":{"rendered":"http:\/\/www.ffyh.unc.edu.ar\/extension1\/?page_id=53"},"modified":"2019-12-06T15:12:52","modified_gmt":"2019-12-06T15:12:52","slug":"programa-de-voluntariado-universitario","status":"publish","type":"page","link":"https:\/\/ffyh.unc.edu.ar\/extension\/intervencion-acompanamiento-territorial\/programa-de-voluntariado-universitario\/","title":{"rendered":"Programa de Voluntariado Universitario"},"content":{"rendered":"<p align=\"left\"><strong>\u00bfQue es el Programa de Voluntariado Universitario?<br \/>\n<\/strong>Es un Programa, creado en el a\u00f1o 2006, dependiente de la Secretaria de Pol\u00edticas Universitarias del Ministerio de Educaci\u00f3n que financia proyectos extensionistas con el objetivo de \u201cProfundizar la vinculaci\u00f3n de las Universidades P\u00fablicas e Institutos Universitarios Nacionales con la comunidad en que se insertan, a trav\u00e9s de propuestas orientadas a mejorar la calidad de vida de su poblaci\u00f3n. Incentivar el compromiso de les estudiantes de nivel superior universitario con la realidad social, promoviendo su participaci\u00f3n solidaria, orientada al desarrollo de sus comunidades\u201d.<\/p>\n<p align=\"left\"><strong>\u00bfQuienes pueden participar del Programa?<br \/>\n<\/strong>Los proyectos deben ser dise\u00f1ados e implementados por equipos integrados por:<\/p>\n<ul>\n<li>\n<p align=\"JUSTIFY\">Estudiantes regulares de Universidades Nacionales, Provinciales e Institutos Universitarios Nacionales. Cada proyecto debe contar con un m\u00ednimo de diez (10) estudiantes universitaries, pudiendo pertenecer a una o m\u00e1s facultades o carreras.<\/p>\n<\/li>\n<li>\n<p align=\"JUSTIFY\">Docentes e investigadores de materias afines a las carreras que prosiguen les estudiantes. Les docentes e investigadores que participen pueden pertenecer a una o m\u00e1s c\u00e1tedras o equipos de investigaci\u00f3n o institutos de las Universidades.<\/p>\n<\/li>\n<\/ul>\n<p align=\"JUSTIFY\">Entre les docentes o investigadores que participan deber\u00e1 designarse une responsable del proyecto que debe ser docente titular, adjunte, asociade o jefe de trabajos pr\u00e1cticos.<\/p>\n<p align=\"JUSTIFY\"><strong>\u00bfCu\u00e1ndo se deben presentar los proyectos de extensi\u00f3n?<br \/>\n<\/strong>Anualmente se abren las convocatorias, tanto espec\u00edficas como generales, para la presentaci\u00f3n de Proyectos. Las convocatorias se realizan generalmente entre los meses de marzo y mayo, y los meses de septiembre y octubre de cada a\u00f1o y duran un mes aproximadamente.<\/p>\n<p align=\"JUSTIFY\"><strong>\u00bfQu\u00e9 requisitos debe reunir el proyecto?<br \/>\n<\/strong>Los proyectos podr\u00e1n ser nuevos o en curso y deber\u00e1n: &#8211; tener un claro perfil extensionista; &#8211; responder a los ejes tem\u00e1ticos propuestos por la convocatoria vigente; &#8211; contar con el compromiso manifiesto de terceres interesades en su implementaci\u00f3n; &#8211; tender al desarrollo local y fortalecimiento comunitario.<\/p>\n<p align=\"JUSTIFY\"><strong>\u00bfQu\u00e9 duraci\u00f3n deben tener los proyectos?<br \/>\n<\/strong>Los proyectos pueden contemplar un plazo de ejecuci\u00f3n de seis (6) meses a un (1) a\u00f1o.<\/p>\n<p align=\"JUSTIFY\"><strong>\u00bfQui\u00e9nes eval\u00faan los proyectos?<br \/>\n<\/strong>Los proyectos son evaluados por un consejo asesor integrado por especialistas y docentes extensionistas de todas las universidades del pa\u00eds.<\/p>\n<p align=\"JUSTIFY\"><strong>\u00bfDonde puedo realizar consultas?<br \/>\n<\/strong><strong>L<\/strong>a Secretar\u00eda de Extensi\u00f3n de la Facultad de Filosof\u00eda y Humanidades cuenta con un \u00e1mbito de asesoramiento y consulta: el <strong>\u00c1rea<\/strong>\u00a0<strong>Intervenci\u00f3n y acompa\u00f1amiento territorial<\/strong>. Para mayores informes escribir a\u00a0<span style=\"text-decoration: underline\"><a href=\"mailto:programasext@ffyh.unc.edu.ar\">programasext@ffyh.unc.edu.ar<\/a><\/span>\u00a0o llamar al 5353610 int. 50035.<\/p>\n<p align=\"JUSTIFY\">Adem\u00e1s de encontrar toda la informaci\u00f3n necesaria, tambi\u00e9n podes realizar consultas directamente con el Programa:<br \/>\n&#8211; 011 41291398 \/ 41291000 int. 1201 \/ 1202<br \/>\n&#8211;\u00a0<span style=\"text-decoration: underline\"><a href=\"http:\/\/www.me.gov.ar\/voluntariado\" target=\"_blank\" rel=\"noopener noreferrer\">www.me.gov.ar\/voluntariado<br \/>\n&#8211;\u00a0<\/a><\/span><span style=\"text-decoration: underline\"><a href=\"mailto:voluntariado@me.gov.ar\">voluntariado@me.gov.ar<\/a><\/span><\/p>\n","protected":false},"excerpt":{"rendered":"<p>\u00bfQue es el Programa de Voluntariado Universitario? Es un Programa, creado en el a\u00f1o 2006, dependiente de la Secretaria de<\/p>\n","protected":false},"author":2,"featured_media":0,"parent":13,"menu_order":0,"comment_status":"open","ping_status":"closed","template":"","meta":{"_acf_changed":false,"colormag_page_container_layout":"default_layout","colormag_page_sidebar_layout":"default_layout","footnotes":""},"class_list":["post-53","page","type-page","status-publish","hentry"],"acf":[],"yoast_head":"<!-- This site is optimized with the Yoast SEO plugin v27.1.1 - https:\/\/yoast.com\/product\/yoast-seo-wordpress\/ -->\n<title>Programa de Voluntariado Universitario - Secretar\u00eda de Extensi\u00f3n<\/title>\n<meta name=\"robots\" content=\"index, follow, max-snippet:-1, max-image-preview:large, max-video-preview:-1\" \/>\n<link rel=\"canonical\" href=\"https:\/\/ffyh.unc.edu.ar\/extension\/intervencion-acompanamiento-territorial\/programa-de-voluntariado-universitario\/\" \/>\n<meta property=\"og:locale\" content=\"es_ES\" \/>\n<meta property=\"og:type\" content=\"article\" \/>\n<meta property=\"og:title\" content=\"Programa de Voluntariado Universitario - Secretar\u00eda de Extensi\u00f3n\" \/>\n<meta property=\"og:description\" content=\"\u00bfQue es el Programa de Voluntariado Universitario? Es un Programa, creado en el a\u00f1o 2006, dependiente de la Secretaria de\" \/>\n<meta property=\"og:url\" content=\"https:\/\/ffyh.unc.edu.ar\/extension\/intervencion-acompanamiento-territorial\/programa-de-voluntariado-universitario\/\" \/>\n<meta property=\"og:site_name\" content=\"Secretar\u00eda de Extensi\u00f3n\" \/>\n<meta property=\"article:publisher\" content=\"https:\/\/www.facebook.com\/extensionffyh\" \/>\n<meta property=\"article:modified_time\" content=\"2019-12-06T15:12:52+00:00\" \/>\n<meta name=\"twitter:card\" content=\"summary_large_image\" \/>\n<meta name=\"twitter:label1\" content=\"Tiempo de lectura\" \/>\n\t<meta name=\"twitter:data1\" content=\"2 minutos\" \/>\n<script type=\"application\/ld+json\" class=\"yoast-schema-graph\">{\"@context\":\"https:\/\/schema.org\",\"@graph\":[{\"@type\":\"WebPage\",\"@id\":\"https:\/\/ffyh.unc.edu.ar\/extension\/intervencion-acompanamiento-territorial\/programa-de-voluntariado-universitario\/\",\"url\":\"https:\/\/ffyh.unc.edu.ar\/extension\/intervencion-acompanamiento-territorial\/programa-de-voluntariado-universitario\/\",\"name\":\"Programa de Voluntariado Universitario - Secretar\u00eda de Extensi\u00f3n\",\"isPartOf\":{\"@id\":\"https:\/\/ffyh.unc.edu.ar\/extension\/#website\"},\"datePublished\":\"2012-03-07T16:41:17+00:00\",\"dateModified\":\"2019-12-06T15:12:52+00:00\",\"breadcrumb\":{\"@id\":\"https:\/\/ffyh.unc.edu.ar\/extension\/intervencion-acompanamiento-territorial\/programa-de-voluntariado-universitario\/#breadcrumb\"},\"inLanguage\":\"es\",\"potentialAction\":[{\"@type\":\"ReadAction\",\"target\":[\"https:\/\/ffyh.unc.edu.ar\/extension\/intervencion-acompanamiento-territorial\/programa-de-voluntariado-universitario\/\"]}]},{\"@type\":\"BreadcrumbList\",\"@id\":\"https:\/\/ffyh.unc.edu.ar\/extension\/intervencion-acompanamiento-territorial\/programa-de-voluntariado-universitario\/#breadcrumb\",\"itemListElement\":[{\"@type\":\"ListItem\",\"position\":1,\"name\":\"Portada\",\"item\":\"https:\/\/ffyh.unc.edu.ar\/extension\/\"},{\"@type\":\"ListItem\",\"position\":2,\"name\":\"Intervenci\u00f3n y acompa\u00f1amiento territorial\",\"item\":\"https:\/\/ffyh.unc.edu.ar\/extension\/intervencion-acompanamiento-territorial\/\"},{\"@type\":\"ListItem\",\"position\":3,\"name\":\"Programa de Voluntariado Universitario\"}]},{\"@type\":\"WebSite\",\"@id\":\"https:\/\/ffyh.unc.edu.ar\/extension\/#website\",\"url\":\"https:\/\/ffyh.unc.edu.ar\/extension\/\",\"name\":\"Secretar\u00eda de Extensi\u00f3n\",\"description\":\"Facultad de Filosof\u00eda y Humanidades - Universidad Nacional de C\u00f3rdoba\",\"publisher\":{\"@id\":\"https:\/\/ffyh.unc.edu.ar\/extension\/#organization\"},\"potentialAction\":[{\"@type\":\"SearchAction\",\"target\":{\"@type\":\"EntryPoint\",\"urlTemplate\":\"https:\/\/ffyh.unc.edu.ar\/extension\/?s={search_term_string}\"},\"query-input\":{\"@type\":\"PropertyValueSpecification\",\"valueRequired\":true,\"valueName\":\"search_term_string\"}}],\"inLanguage\":\"es\"},{\"@type\":\"Organization\",\"@id\":\"https:\/\/ffyh.unc.edu.ar\/extension\/#organization\",\"name\":\"Secretar\u00eda de Extensi\u00f3n - Facultad de Filosof\u00eda y Humanidades - Universidad Nacional de C\u00f3rdoba\",\"url\":\"https:\/\/ffyh.unc.edu.ar\/extension\/\",\"logo\":{\"@type\":\"ImageObject\",\"inLanguage\":\"es\",\"@id\":\"https:\/\/ffyh.unc.edu.ar\/extension\/#\/schema\/logo\/image\/\",\"url\":\"https:\/\/ffyh.unc.edu.ar\/extension\/wp-content\/uploads\/sites\/2\/2018\/08\/logo-extension-chico.jpg\",\"contentUrl\":\"https:\/\/ffyh.unc.edu.ar\/extension\/wp-content\/uploads\/sites\/2\/2018\/08\/logo-extension-chico.jpg\",\"width\":314,\"height\":119,\"caption\":\"Secretar\u00eda de Extensi\u00f3n - Facultad de Filosof\u00eda y Humanidades - Universidad Nacional de C\u00f3rdoba\"},\"image\":{\"@id\":\"https:\/\/ffyh.unc.edu.ar\/extension\/#\/schema\/logo\/image\/\"},\"sameAs\":[\"https:\/\/www.facebook.com\/extensionffyh\",\"https:\/\/www.instagram.com\/extensionffyh\/\",\"https:\/\/www.youtube.com\/channel\/UCTgN4nvMQE7ktBcgujEI-EA\"]}]}<\/script>\n<!-- \/ Yoast SEO plugin. -->","yoast_head_json":{"title":"Programa de Voluntariado Universitario - Secretar\u00eda de Extensi\u00f3n","robots":{"index":"index","follow":"follow","max-snippet":"max-snippet:-1","max-image-preview":"max-image-preview:large","max-video-preview":"max-video-preview:-1"},"canonical":"https:\/\/ffyh.unc.edu.ar\/extension\/intervencion-acompanamiento-territorial\/programa-de-voluntariado-universitario\/","og_locale":"es_ES","og_type":"article","og_title":"Programa de Voluntariado Universitario - Secretar\u00eda de Extensi\u00f3n","og_description":"\u00bfQue es el Programa de Voluntariado Universitario? Es un Programa, creado en el a\u00f1o 2006, dependiente de la Secretaria de","og_url":"https:\/\/ffyh.unc.edu.ar\/extension\/intervencion-acompanamiento-territorial\/programa-de-voluntariado-universitario\/","og_site_name":"Secretar\u00eda de Extensi\u00f3n","article_publisher":"https:\/\/www.facebook.com\/extensionffyh","article_modified_time":"2019-12-06T15:12:52+00:00","twitter_card":"summary_large_image","twitter_misc":{"Tiempo de lectura":"2 minutos"},"schema":{"@context":"https:\/\/schema.org","@graph":[{"@type":"WebPage","@id":"https:\/\/ffyh.unc.edu.ar\/extension\/intervencion-acompanamiento-territorial\/programa-de-voluntariado-universitario\/","url":"https:\/\/ffyh.unc.edu.ar\/extension\/intervencion-acompanamiento-territorial\/programa-de-voluntariado-universitario\/","name":"Programa de Voluntariado Universitario - Secretar\u00eda de Extensi\u00f3n","isPartOf":{"@id":"https:\/\/ffyh.unc.edu.ar\/extension\/#website"},"datePublished":"2012-03-07T16:41:17+00:00","dateModified":"2019-12-06T15:12:52+00:00","breadcrumb":{"@id":"https:\/\/ffyh.unc.edu.ar\/extension\/intervencion-acompanamiento-territorial\/programa-de-voluntariado-universitario\/#breadcrumb"},"inLanguage":"es","potentialAction":[{"@type":"ReadAction","target":["https:\/\/ffyh.unc.edu.ar\/extension\/intervencion-acompanamiento-territorial\/programa-de-voluntariado-universitario\/"]}]},{"@type":"BreadcrumbList","@id":"https:\/\/ffyh.unc.edu.ar\/extension\/intervencion-acompanamiento-territorial\/programa-de-voluntariado-universitario\/#breadcrumb","itemListElement":[{"@type":"ListItem","position":1,"name":"Portada","item":"https:\/\/ffyh.unc.edu.ar\/extension\/"},{"@type":"ListItem","position":2,"name":"Intervenci\u00f3n y acompa\u00f1amiento territorial","item":"https:\/\/ffyh.unc.edu.ar\/extension\/intervencion-acompanamiento-territorial\/"},{"@type":"ListItem","position":3,"name":"Programa de Voluntariado Universitario"}]},{"@type":"WebSite","@id":"https:\/\/ffyh.unc.edu.ar\/extension\/#website","url":"https:\/\/ffyh.unc.edu.ar\/extension\/","name":"Secretar\u00eda de Extensi\u00f3n","description":"Facultad de Filosof\u00eda y Humanidades - Universidad Nacional de C\u00f3rdoba","publisher":{"@id":"https:\/\/ffyh.unc.edu.ar\/extension\/#organization"},"potentialAction":[{"@type":"SearchAction","target":{"@type":"EntryPoint","urlTemplate":"https:\/\/ffyh.unc.edu.ar\/extension\/?s={search_term_string}"},"query-input":{"@type":"PropertyValueSpecification","valueRequired":true,"valueName":"search_term_string"}}],"inLanguage":"es"},{"@type":"Organization","@id":"https:\/\/ffyh.unc.edu.ar\/extension\/#organization","name":"Secretar\u00eda de Extensi\u00f3n - Facultad de Filosof\u00eda y Humanidades - Universidad Nacional de C\u00f3rdoba","url":"https:\/\/ffyh.unc.edu.ar\/extension\/","logo":{"@type":"ImageObject","inLanguage":"es","@id":"https:\/\/ffyh.unc.edu.ar\/extension\/#\/schema\/logo\/image\/","url":"https:\/\/ffyh.unc.edu.ar\/extension\/wp-content\/uploads\/sites\/2\/2018\/08\/logo-extension-chico.jpg","contentUrl":"https:\/\/ffyh.unc.edu.ar\/extension\/wp-content\/uploads\/sites\/2\/2018\/08\/logo-extension-chico.jpg","width":314,"height":119,"caption":"Secretar\u00eda de Extensi\u00f3n - Facultad de Filosof\u00eda y Humanidades - Universidad Nacional de C\u00f3rdoba"},"image":{"@id":"https:\/\/ffyh.unc.edu.ar\/extension\/#\/schema\/logo\/image\/"},"sameAs":["https:\/\/www.facebook.com\/extensionffyh","https:\/\/www.instagram.com\/extensionffyh\/","https:\/\/www.youtube.com\/channel\/UCTgN4nvMQE7ktBcgujEI-EA"]}]}},"_links":{"self":[{"href":"https:\/\/ffyh.unc.edu.ar\/extension\/wp-json\/wp\/v2\/pages\/53","targetHints":{"allow":["GET"]}}],"collection":[{"href":"https:\/\/ffyh.unc.edu.ar\/extension\/wp-json\/wp\/v2\/pages"}],"about":[{"href":"https:\/\/ffyh.unc.edu.ar\/extension\/wp-json\/wp\/v2\/types\/page"}],"author":[{"embeddable":true,"href":"https:\/\/ffyh.unc.edu.ar\/extension\/wp-json\/wp\/v2\/users\/2"}],"replies":[{"embeddable":true,"href":"https:\/\/ffyh.unc.edu.ar\/extension\/wp-json\/wp\/v2\/comments?post=53"}],"version-history":[{"count":4,"href":"https:\/\/ffyh.unc.edu.ar\/extension\/wp-json\/wp\/v2\/pages\/53\/revisions"}],"predecessor-version":[{"id":4602,"href":"https:\/\/ffyh.unc.edu.ar\/extension\/wp-json\/wp\/v2\/pages\/53\/revisions\/4602"}],"up":[{"embeddable":true,"href":"https:\/\/ffyh.unc.edu.ar\/extension\/wp-json\/wp\/v2\/pages\/13"}],"wp:attachment":[{"href":"https:\/\/ffyh.unc.edu.ar\/extension\/wp-json\/wp\/v2\/media?parent=53"}],"curies":[{"name":"wp","href":"https:\/\/api.w.org\/{rel}","templated":true}]}}