{"id":7713,"date":"2025-03-06T15:56:31","date_gmt":"2025-03-06T15:56:31","guid":{"rendered":"https:\/\/ffyh.unc.edu.ar\/extension\/?page_id=7713"},"modified":"2025-08-04T15:58:50","modified_gmt":"2025-08-04T15:58:50","slug":"equipo-de-trabajo","status":"publish","type":"page","link":"https:\/\/ffyh.unc.edu.ar\/extension\/institucional\/equipo-de-trabajo\/","title":{"rendered":"Equipo de trabajo"},"content":{"rendered":"<h1>Autoridades<\/h1>\n<h6><strong>Secretaria de Extensi\u00f3n:<\/strong> Liliana V. Pereyra<\/h6>\n<h6><strong>Subsecretaria de Extensi\u00f3n: C<\/strong>arla Pedrazzani<\/h6>\n<h1>Equipo de trabajo<\/h1>\n<h6><strong>\u00c1rea de Intervenci\u00f3n y Acompa\u00f1amiento Territorial:<\/strong> Carlos Szulkin<\/h6>\n<h6><strong>\u00c1rea de Formaci\u00f3n Continua:<\/strong> Camila Chiavassa y Francisco Timmermann<\/h6>\n<h6><strong>\u00c1rea de Vinculaci\u00f3n con la Ense\u00f1anza y la Investigaci\u00f3n:\u00a0<\/strong>Camila Chiavassa y Francisco Timmermann<\/h6>\n<h6><strong>\u00c1rea de Comunicaci\u00f3n y Publicaciones:<\/strong> Mar\u00eda Bella<\/h6>\n<hr \/>\n<h1><strong>\u00bfQu\u00e9 funciones lleva a cabo cada \u00e1rea?<\/strong><\/h1>\n<ul>\n<li><b>\u00c1rea de Intervenci\u00f3n y Acompa\u00f1amiento Territorial: <\/b>Son funciones del \u00c1rea de Intervenci\u00f3n y Acompa\u00f1amiento Territorial el acompa\u00f1amiento t\u00e9cnico-pol\u00edtico y la gesti\u00f3n institucional de distintos procesos que integran la construcci\u00f3n de un problema de intervenci\u00f3n en un espacio territorial determinado. Estos procesos suponen la construcci\u00f3n te\u00f3rica, t\u00e9cnica y pol\u00edtica de diferentes demandas sociales sobre las cuales intervendr\u00e1n los proyectos y programas de extensi\u00f3n de la Facultad.<\/li>\n<li><strong>\u00c1rea de Formaci\u00f3n Continua: <\/strong>Son funciones del \u00c1rea de Formaci\u00f3n Continua el dise\u00f1o, desarrollo y\/o gesti\u00f3n de acciones educativas tendientes a la actualizaci\u00f3n, la especializaci\u00f3n, la reflexi\u00f3n, y\/o la resignificaci\u00f3n de saberes y pr\u00e1cticas que llevan adelante tanto sujetos en contextos profesionales cuyas propuestas se vinculan con el resto de la comunidad, como movimientos u organizaciones sociales relacionadas con los campos disciplinares que competen a nuestra Facultad.<\/li>\n<li><strong>\u00c1rea de Vinculaci\u00f3n con la Ense\u00f1anza y la Investigaci\u00f3n: <\/strong>Son funciones del \u00c1rea de Vinculaci\u00f3n con la Ense\u00f1anza e Investigaci\u00f3n la promoci\u00f3n y gesti\u00f3n de propuestas que se desarrollen en el marco de la FFyH, en articulaci\u00f3n con otras dependencias universitarias y otros actores de la comunidad con los que se tenga un trabajo co-gestionado, con el fin de profundizar la integralidad de funciones.<\/li>\n<li><b>\u00c1rea de Comunicaci\u00f3n y Publicaciones: <\/b>Son funciones del \u00c1rea de Comunicaci\u00f3n y Publicaciones la difusi\u00f3n de la extensi\u00f3n, con el fin de fortalecer dentro y fuera de la instituci\u00f3n el reconocimiento de las actividades y pr\u00e1cticas extensionistas realizadas por la Facultad, y potenciar la reflexi\u00f3n y an\u00e1lisis de esta funci\u00f3n universitaria.<\/li>\n<\/ul>\n","protected":false},"excerpt":{"rendered":"<p>Autoridades Secretaria de Extensi\u00f3n: Liliana V. Pereyra Subsecretaria de Extensi\u00f3n: Carla Pedrazzani Equipo de trabajo \u00c1rea de Intervenci\u00f3n y Acompa\u00f1amiento<\/p>\n","protected":false},"author":3,"featured_media":0,"parent":66,"menu_order":1,"comment_status":"closed","ping_status":"closed","template":"","meta":{"_acf_changed":false,"saved_in_kubio":false,"colormag_page_container_layout":"default_layout","colormag_page_sidebar_layout":"default_layout","footnotes":""},"class_list":["post-7713","page","type-page","status-publish","hentry"],"acf":[],"kubio_ai_page_context":{"short_desc":"","purpose":"general"},"yoast_head":"<!-- This site is optimized with the Yoast SEO plugin v27.1.1 - https:\/\/yoast.com\/product\/yoast-seo-wordpress\/ -->\n<title>Equipo de trabajo - Secretar\u00eda de Extensi\u00f3n<\/title>\n<meta name=\"robots\" content=\"index, follow, max-snippet:-1, max-image-preview:large, max-video-preview:-1\" \/>\n<link rel=\"canonical\" href=\"https:\/\/ffyh.unc.edu.ar\/extension\/institucional\/equipo-de-trabajo\/\" \/>\n<meta property=\"og:locale\" content=\"es_ES\" \/>\n<meta property=\"og:type\" content=\"article\" \/>\n<meta property=\"og:title\" content=\"Equipo de trabajo - Secretar\u00eda de Extensi\u00f3n\" \/>\n<meta property=\"og:description\" content=\"Autoridades Secretaria de Extensi\u00f3n: Liliana V. Pereyra Subsecretaria de Extensi\u00f3n: Carla Pedrazzani Equipo de trabajo \u00c1rea de Intervenci\u00f3n y Acompa\u00f1amiento\" \/>\n<meta property=\"og:url\" content=\"https:\/\/ffyh.unc.edu.ar\/extension\/institucional\/equipo-de-trabajo\/\" \/>\n<meta property=\"og:site_name\" content=\"Secretar\u00eda de Extensi\u00f3n\" \/>\n<meta property=\"article:publisher\" content=\"https:\/\/www.facebook.com\/extensionffyh\" \/>\n<meta property=\"article:modified_time\" content=\"2025-08-04T15:58:50+00:00\" \/>\n<meta name=\"twitter:card\" content=\"summary_large_image\" \/>\n<meta name=\"twitter:label1\" content=\"Tiempo de lectura\" \/>\n\t<meta name=\"twitter:data1\" content=\"2 minutos\" \/>\n<script type=\"application\/ld+json\" class=\"yoast-schema-graph\">{\"@context\":\"https:\/\/schema.org\",\"@graph\":[{\"@type\":\"WebPage\",\"@id\":\"https:\/\/ffyh.unc.edu.ar\/extension\/institucional\/equipo-de-trabajo\/\",\"url\":\"https:\/\/ffyh.unc.edu.ar\/extension\/institucional\/equipo-de-trabajo\/\",\"name\":\"Equipo de trabajo - Secretar\u00eda de Extensi\u00f3n\",\"isPartOf\":{\"@id\":\"https:\/\/ffyh.unc.edu.ar\/extension\/#website\"},\"datePublished\":\"2025-03-06T15:56:31+00:00\",\"dateModified\":\"2025-08-04T15:58:50+00:00\",\"breadcrumb\":{\"@id\":\"https:\/\/ffyh.unc.edu.ar\/extension\/institucional\/equipo-de-trabajo\/#breadcrumb\"},\"inLanguage\":\"es\",\"potentialAction\":[{\"@type\":\"ReadAction\",\"target\":[\"https:\/\/ffyh.unc.edu.ar\/extension\/institucional\/equipo-de-trabajo\/\"]}]},{\"@type\":\"BreadcrumbList\",\"@id\":\"https:\/\/ffyh.unc.edu.ar\/extension\/institucional\/equipo-de-trabajo\/#breadcrumb\",\"itemListElement\":[{\"@type\":\"ListItem\",\"position\":1,\"name\":\"Portada\",\"item\":\"https:\/\/ffyh.unc.edu.ar\/extension\/\"},{\"@type\":\"ListItem\",\"position\":2,\"name\":\"Institucional\",\"item\":\"https:\/\/ffyh.unc.edu.ar\/extension\/institucional\/\"},{\"@type\":\"ListItem\",\"position\":3,\"name\":\"Equipo de trabajo\"}]},{\"@type\":\"WebSite\",\"@id\":\"https:\/\/ffyh.unc.edu.ar\/extension\/#website\",\"url\":\"https:\/\/ffyh.unc.edu.ar\/extension\/\",\"name\":\"Secretar\u00eda de Extensi\u00f3n\",\"description\":\"Facultad de Filosof\u00eda y Humanidades - Universidad Nacional de C\u00f3rdoba\",\"publisher\":{\"@id\":\"https:\/\/ffyh.unc.edu.ar\/extension\/#organization\"},\"potentialAction\":[{\"@type\":\"SearchAction\",\"target\":{\"@type\":\"EntryPoint\",\"urlTemplate\":\"https:\/\/ffyh.unc.edu.ar\/extension\/?s={search_term_string}\"},\"query-input\":{\"@type\":\"PropertyValueSpecification\",\"valueRequired\":true,\"valueName\":\"search_term_string\"}}],\"inLanguage\":\"es\"},{\"@type\":\"Organization\",\"@id\":\"https:\/\/ffyh.unc.edu.ar\/extension\/#organization\",\"name\":\"Secretar\u00eda de Extensi\u00f3n - Facultad de Filosof\u00eda y Humanidades - Universidad Nacional de C\u00f3rdoba\",\"url\":\"https:\/\/ffyh.unc.edu.ar\/extension\/\",\"logo\":{\"@type\":\"ImageObject\",\"inLanguage\":\"es\",\"@id\":\"https:\/\/ffyh.unc.edu.ar\/extension\/#\/schema\/logo\/image\/\",\"url\":\"https:\/\/ffyh.unc.edu.ar\/extension\/wp-content\/uploads\/sites\/2\/2018\/08\/logo-extension-chico.jpg\",\"contentUrl\":\"https:\/\/ffyh.unc.edu.ar\/extension\/wp-content\/uploads\/sites\/2\/2018\/08\/logo-extension-chico.jpg\",\"width\":314,\"height\":119,\"caption\":\"Secretar\u00eda de Extensi\u00f3n - Facultad de Filosof\u00eda y Humanidades - Universidad Nacional de C\u00f3rdoba\"},\"image\":{\"@id\":\"https:\/\/ffyh.unc.edu.ar\/extension\/#\/schema\/logo\/image\/\"},\"sameAs\":[\"https:\/\/www.facebook.com\/extensionffyh\",\"https:\/\/www.instagram.com\/extensionffyh\/\",\"https:\/\/www.youtube.com\/channel\/UCTgN4nvMQE7ktBcgujEI-EA\"]}]}<\/script>\n<!-- \/ Yoast SEO plugin. -->","yoast_head_json":{"title":"Equipo de trabajo - Secretar\u00eda de Extensi\u00f3n","robots":{"index":"index","follow":"follow","max-snippet":"max-snippet:-1","max-image-preview":"max-image-preview:large","max-video-preview":"max-video-preview:-1"},"canonical":"https:\/\/ffyh.unc.edu.ar\/extension\/institucional\/equipo-de-trabajo\/","og_locale":"es_ES","og_type":"article","og_title":"Equipo de trabajo - Secretar\u00eda de Extensi\u00f3n","og_description":"Autoridades Secretaria de Extensi\u00f3n: Liliana V. Pereyra Subsecretaria de Extensi\u00f3n: Carla Pedrazzani Equipo de trabajo \u00c1rea de Intervenci\u00f3n y Acompa\u00f1amiento","og_url":"https:\/\/ffyh.unc.edu.ar\/extension\/institucional\/equipo-de-trabajo\/","og_site_name":"Secretar\u00eda de Extensi\u00f3n","article_publisher":"https:\/\/www.facebook.com\/extensionffyh","article_modified_time":"2025-08-04T15:58:50+00:00","twitter_card":"summary_large_image","twitter_misc":{"Tiempo de lectura":"2 minutos"},"schema":{"@context":"https:\/\/schema.org","@graph":[{"@type":"WebPage","@id":"https:\/\/ffyh.unc.edu.ar\/extension\/institucional\/equipo-de-trabajo\/","url":"https:\/\/ffyh.unc.edu.ar\/extension\/institucional\/equipo-de-trabajo\/","name":"Equipo de trabajo - Secretar\u00eda de Extensi\u00f3n","isPartOf":{"@id":"https:\/\/ffyh.unc.edu.ar\/extension\/#website"},"datePublished":"2025-03-06T15:56:31+00:00","dateModified":"2025-08-04T15:58:50+00:00","breadcrumb":{"@id":"https:\/\/ffyh.unc.edu.ar\/extension\/institucional\/equipo-de-trabajo\/#breadcrumb"},"inLanguage":"es","potentialAction":[{"@type":"ReadAction","target":["https:\/\/ffyh.unc.edu.ar\/extension\/institucional\/equipo-de-trabajo\/"]}]},{"@type":"BreadcrumbList","@id":"https:\/\/ffyh.unc.edu.ar\/extension\/institucional\/equipo-de-trabajo\/#breadcrumb","itemListElement":[{"@type":"ListItem","position":1,"name":"Portada","item":"https:\/\/ffyh.unc.edu.ar\/extension\/"},{"@type":"ListItem","position":2,"name":"Institucional","item":"https:\/\/ffyh.unc.edu.ar\/extension\/institucional\/"},{"@type":"ListItem","position":3,"name":"Equipo de trabajo"}]},{"@type":"WebSite","@id":"https:\/\/ffyh.unc.edu.ar\/extension\/#website","url":"https:\/\/ffyh.unc.edu.ar\/extension\/","name":"Secretar\u00eda de Extensi\u00f3n","description":"Facultad de Filosof\u00eda y Humanidades - Universidad Nacional de C\u00f3rdoba","publisher":{"@id":"https:\/\/ffyh.unc.edu.ar\/extension\/#organization"},"potentialAction":[{"@type":"SearchAction","target":{"@type":"EntryPoint","urlTemplate":"https:\/\/ffyh.unc.edu.ar\/extension\/?s={search_term_string}"},"query-input":{"@type":"PropertyValueSpecification","valueRequired":true,"valueName":"search_term_string"}}],"inLanguage":"es"},{"@type":"Organization","@id":"https:\/\/ffyh.unc.edu.ar\/extension\/#organization","name":"Secretar\u00eda de Extensi\u00f3n - Facultad de Filosof\u00eda y Humanidades - Universidad Nacional de C\u00f3rdoba","url":"https:\/\/ffyh.unc.edu.ar\/extension\/","logo":{"@type":"ImageObject","inLanguage":"es","@id":"https:\/\/ffyh.unc.edu.ar\/extension\/#\/schema\/logo\/image\/","url":"https:\/\/ffyh.unc.edu.ar\/extension\/wp-content\/uploads\/sites\/2\/2018\/08\/logo-extension-chico.jpg","contentUrl":"https:\/\/ffyh.unc.edu.ar\/extension\/wp-content\/uploads\/sites\/2\/2018\/08\/logo-extension-chico.jpg","width":314,"height":119,"caption":"Secretar\u00eda de Extensi\u00f3n - Facultad de Filosof\u00eda y Humanidades - Universidad Nacional de C\u00f3rdoba"},"image":{"@id":"https:\/\/ffyh.unc.edu.ar\/extension\/#\/schema\/logo\/image\/"},"sameAs":["https:\/\/www.facebook.com\/extensionffyh","https:\/\/www.instagram.com\/extensionffyh\/","https:\/\/www.youtube.com\/channel\/UCTgN4nvMQE7ktBcgujEI-EA"]}]}},"_links":{"self":[{"href":"https:\/\/ffyh.unc.edu.ar\/extension\/wp-json\/wp\/v2\/pages\/7713","targetHints":{"allow":["GET"]}}],"collection":[{"href":"https:\/\/ffyh.unc.edu.ar\/extension\/wp-json\/wp\/v2\/pages"}],"about":[{"href":"https:\/\/ffyh.unc.edu.ar\/extension\/wp-json\/wp\/v2\/types\/page"}],"author":[{"embeddable":true,"href":"https:\/\/ffyh.unc.edu.ar\/extension\/wp-json\/wp\/v2\/users\/3"}],"replies":[{"embeddable":true,"href":"https:\/\/ffyh.unc.edu.ar\/extension\/wp-json\/wp\/v2\/comments?post=7713"}],"version-history":[{"count":12,"href":"https:\/\/ffyh.unc.edu.ar\/extension\/wp-json\/wp\/v2\/pages\/7713\/revisions"}],"predecessor-version":[{"id":8775,"href":"https:\/\/ffyh.unc.edu.ar\/extension\/wp-json\/wp\/v2\/pages\/7713\/revisions\/8775"}],"up":[{"embeddable":true,"href":"https:\/\/ffyh.unc.edu.ar\/extension\/wp-json\/wp\/v2\/pages\/66"}],"wp:attachment":[{"href":"https:\/\/ffyh.unc.edu.ar\/extension\/wp-json\/wp\/v2\/media?parent=7713"}],"curies":[{"name":"wp","href":"https:\/\/api.w.org\/{rel}","templated":true}]}}