{"id":8115,"date":"2025-05-06T16:04:50","date_gmt":"2025-05-06T16:04:50","guid":{"rendered":"https:\/\/ffyh.unc.edu.ar\/extension\/?page_id=8115"},"modified":"2025-05-07T12:15:42","modified_gmt":"2025-05-07T12:15:42","slug":"que-es","status":"publish","type":"page","link":"https:\/\/ffyh.unc.edu.ar\/extension\/que-es\/","title":{"rendered":"\u00bfQu\u00e9 es?"},"content":{"rendered":"<h5>Curricularizaci\u00f3n de la Extensi\u00f3n<\/h5>\n<p>En los \u00faltimos tiempos se produjeron intensos debates en torno a la Extensi\u00f3n Universitaria como funci\u00f3n sustantiva de la universidad, que problematizaron el propio proceso de producci\u00f3n de conocimiento y su sentido en el contexto de la formaci\u00f3n de profesionales.<\/p>\n<p>Dentro de esos debates, la necesidad de ofrecer una formaci\u00f3n integral para quienes estudian en las universidades de nuestro pa\u00eds cobr\u00f3 significativo consenso y gran relevancia. Sin embargo, la Extensi\u00f3n Universitaria sigue siendo relativamente marginal en el su reconocimiento como instancia curricular.<\/p>\n<p>En este sentido, la formaci\u00f3n de ciudadanos universitarios comprometidos con el desarrollo de pr\u00e1cticas que tiendan a mejorar la calidad de vida de nuestra poblaci\u00f3n, pone de manifiesto la necesaria incorporaci\u00f3n de la extensi\u00f3n en el curriculum. Este proceso de incorporaci\u00f3n de la funci\u00f3n extensionista a los espacios curriculares de las carreras es lo que se denomina <strong>\u00abCurricularizaci\u00f3n de la Extensi\u00f3n\u00bb<\/strong>.<\/p>\n<p>El objeto que persigue la Curricularizaci\u00f3n de la Extensi\u00f3n es el de visibilizar las experiencias y reconocer los saberes formados en instancias extensionistas, lo que implica la revisi\u00f3n de la pr\u00e1ctica docente y su incorporaci\u00f3n a un proceso de formaci\u00f3n comprehensivo, amplio y diverso.<\/p>\n<p><img loading=\"lazy\" decoding=\"async\" class=\"alignnone wp-image-7605 size-full\" src=\"http:\/\/ffyh.unc.edu.ar\/extension\/wp-content\/uploads\/sites\/2\/2025\/02\/portadaweb-2.jpg\" alt=\"\" width=\"800\" height=\"445\" srcset=\"https:\/\/ffyh.unc.edu.ar\/extension\/wp-content\/uploads\/sites\/2\/2025\/02\/portadaweb-2.jpg 800w, https:\/\/ffyh.unc.edu.ar\/extension\/wp-content\/uploads\/sites\/2\/2025\/02\/portadaweb-2-300x167.jpg 300w, https:\/\/ffyh.unc.edu.ar\/extension\/wp-content\/uploads\/sites\/2\/2025\/02\/portadaweb-2-768x427.jpg 768w\" sizes=\"(max-width: 800px) 100vw, 800px\" \/><\/p>\n<h5>Reglamento de Pr\u00e1cticas de Curricularizac\u00ed\u00f3n de la Extensi\u00f3n<\/h5>\n<p>Los procesos de curricularizaci\u00f3n de la extensi\u00f3n se encuentran en agenda entre las pol\u00edticas extensionistas y acad\u00e9micas de las universidades de Argentina y la regi\u00f3n. En nuestra Facultad, las Pr\u00e1cticas Sociocomunitarias -como modo de curricularizaci\u00f3n de la extensi\u00f3n-, fueron reglamentadas ya en el a\u00f1o 2013. Doce a\u00f1os m\u00e1s tarde, a partir de esa larga trayectoria, podemos observar un crecimiento sostenido de pr\u00e1cticas que hicieron necesaria la diversificaci\u00f3n de formatos posibles para la curricularizaci\u00f3n. Al mismo tiempo, esa diversidad de formatos hizo necesaria una modificaci\u00f3n de la reglamentaci\u00f3n vigente para que esta pudiera alojar otros formatos de practicas extensionistas.<\/p>\n<div class=\"cm-entry-summary\">\n<p>Desde el a\u00f1o 2022 se comenz\u00f3 a discutir colectivamente la nueva reglamentaci\u00f3n en un proceso que recuper\u00f3 la voz de diversos agentes sociales con quienes trabajamos en estos a\u00f1os y de la comunidad acad\u00e9mica de la Facultad a trav\u00e9s de diversas acciones desarrolladas por el Consejo Asesor de Extensi\u00f3n en todas las Escuelas y Departamentos, en el Museo de Antropolog\u00eda y en el Centro de Investigaciones de la FFyH.<\/p>\n<p>Fruto de esa extenso trabajo es que hoy contamos con un nuevo reglamento de Pr\u00e1cticas de Curricularizaci\u00f3n de la Extensi\u00f3n para todas las carreras en el \u00e1mbito de la Facultad de Filosof\u00eda y Humanidades.<\/p>\n<h4><img loading=\"lazy\" decoding=\"async\" class=\"alignnone wp-image-7595 size-full\" src=\"http:\/\/ffyh.unc.edu.ar\/extension\/wp-content\/uploads\/sites\/2\/2025\/02\/web2.jpg\" alt=\"\" width=\"978\" height=\"557\" srcset=\"https:\/\/ffyh.unc.edu.ar\/extension\/wp-content\/uploads\/sites\/2\/2025\/02\/web2.jpg 978w, https:\/\/ffyh.unc.edu.ar\/extension\/wp-content\/uploads\/sites\/2\/2025\/02\/web2-300x171.jpg 300w, https:\/\/ffyh.unc.edu.ar\/extension\/wp-content\/uploads\/sites\/2\/2025\/02\/web2-768x437.jpg 768w\" sizes=\"(max-width: 978px) 100vw, 978px\" \/>\u00bfQu\u00e9 son las Pr\u00e1cticas de Curricularizaci\u00f3n de la Extensi\u00f3n?<\/h4>\n<\/div>\n<p>Las <strong>Pr\u00e1cticas de Curricularizaci\u00f3n de la Extensi\u00f3n (PCE)<\/strong> son experiencias pedag\u00f3gicas que implican una aproximaci\u00f3n al trabajo territorial extensionista y se inscriben en los espacios curriculares de las materias. Estas pr\u00e1cticas tratan problem\u00e1ticas sociales desde los contenidos que se abordan en las carreras de nuestra facultad sin afectar los planes de estudio.<\/p>\n<p>Estas experiencias pedag\u00f3gicas se orientan a la integraci\u00f3n de funciones (docencia, extensi\u00f3n e investigaci\u00f3n) y problematizan la divisi\u00f3n entre teor\u00eda y pr\u00e1ctica, aproximando a les estudiantes a las problem\u00e1ticas de su contexto y su tiempo, problem\u00e1ticas en las que incidir\u00e1n como profesionales de las humanidades. Es decir, las PCE se plantean como instancias formativas interdisciplinarias que abordan aspectos de la pr\u00e1ctica extensionista y se orientan al trabajo conjunto con otres actores sociales.<\/p>\n<p><img loading=\"lazy\" decoding=\"async\" class=\"alignnone wp-image-7601 size-full\" src=\"http:\/\/ffyh.unc.edu.ar\/extension\/wp-content\/uploads\/sites\/2\/2025\/02\/web3.jpg\" alt=\"\" width=\"978\" height=\"557\" srcset=\"https:\/\/ffyh.unc.edu.ar\/extension\/wp-content\/uploads\/sites\/2\/2025\/02\/web3.jpg 978w, https:\/\/ffyh.unc.edu.ar\/extension\/wp-content\/uploads\/sites\/2\/2025\/02\/web3-300x171.jpg 300w, https:\/\/ffyh.unc.edu.ar\/extension\/wp-content\/uploads\/sites\/2\/2025\/02\/web3-768x437.jpg 768w\" sizes=\"(max-width: 978px) 100vw, 978px\" \/><strong>\u00bfCu\u00e1les son los tipos de Pr\u00e1cticas de Curricularizaci\u00f3n de la Extensi\u00f3n?<\/strong><\/p>\n<p>Un aspecto a destacar del nuevo reglamento es que se incluyen nuevos formatos: a las Pr\u00e1cticas Sociocomunitarias se suman las Actividades Curriculares Extensionistas, las Pr\u00e1cticas integrales y\u00a0 y los Espacios Curriculares de la Secretar\u00eda de Extensi\u00f3n.<\/p>\n<p>Estos nuevos formatos tienen como horizonte la integralidad de funciones, es decir, la interrelaci\u00f3n y el di\u00e1logo permanente entre las funciones universitarias y tambi\u00e9n la articulaci\u00f3n entre actores sociales y universitarios.<\/p>\n<p>Estos cuatro formatos son:<\/p>\n<ul>\n<li><strong>Pr\u00e1cticas integrales (PI)<\/strong><\/li>\n<li><strong>Pr\u00e1cticas Sociocomunitarias (PSC)<\/strong><\/li>\n<li><strong>Espacios Curriculares de la Secretar\u00eda de Extensi\u00f3n (ECSE)<\/strong><\/li>\n<li><strong>Actividad Curricular Extensionista (ACE)<\/strong><\/li>\n<\/ul>\n<blockquote><p>En el reglamento pod\u00e9s profundizar todos los conceptos que recuperamos en esta breve rese\u00f1a. Te invitamos a consultar esta normativa haciendo <a href=\"http:\/\/ffyh.unc.edu.ar\/extension\/wp-content\/uploads\/sites\/2\/2024\/12\/ReglamentoDeCurricularizacion_2024.pdf\">clic aqu\u00ed<\/a>.<\/p><\/blockquote>\n","protected":false},"excerpt":{"rendered":"<p>Curricularizaci\u00f3n de la Extensi\u00f3n En los \u00faltimos tiempos se produjeron intensos debates en torno a la Extensi\u00f3n Universitaria como funci\u00f3n<\/p>\n","protected":false},"author":3,"featured_media":0,"parent":0,"menu_order":0,"comment_status":"closed","ping_status":"closed","template":"","meta":{"_acf_changed":false,"saved_in_kubio":false,"colormag_page_container_layout":"default_layout","colormag_page_sidebar_layout":"default_layout","footnotes":""},"class_list":["post-8115","page","type-page","status-publish","hentry"],"acf":[],"kubio_ai_page_context":{"short_desc":"","purpose":"general"},"yoast_head":"<!-- This site is optimized with the Yoast SEO plugin v27.1.1 - https:\/\/yoast.com\/product\/yoast-seo-wordpress\/ -->\n<title>\u00bfQu\u00e9 es? - Secretar\u00eda de Extensi\u00f3n<\/title>\n<meta name=\"robots\" content=\"index, follow, max-snippet:-1, max-image-preview:large, max-video-preview:-1\" \/>\n<link rel=\"canonical\" href=\"https:\/\/ffyh.unc.edu.ar\/extension\/que-es\/\" \/>\n<meta property=\"og:locale\" content=\"es_ES\" \/>\n<meta property=\"og:type\" content=\"article\" \/>\n<meta property=\"og:title\" content=\"\u00bfQu\u00e9 es? - Secretar\u00eda de Extensi\u00f3n\" \/>\n<meta property=\"og:description\" content=\"Curricularizaci\u00f3n de la Extensi\u00f3n En los \u00faltimos tiempos se produjeron intensos debates en torno a la Extensi\u00f3n Universitaria como funci\u00f3n\" \/>\n<meta property=\"og:url\" content=\"https:\/\/ffyh.unc.edu.ar\/extension\/que-es\/\" \/>\n<meta property=\"og:site_name\" content=\"Secretar\u00eda de Extensi\u00f3n\" \/>\n<meta property=\"article:publisher\" content=\"https:\/\/www.facebook.com\/extensionffyh\" \/>\n<meta property=\"article:modified_time\" content=\"2025-05-07T12:15:42+00:00\" \/>\n<meta property=\"og:image\" content=\"https:\/\/ffyh.unc.edu.ar\/extension\/wp-content\/uploads\/sites\/2\/2025\/02\/portadaweb-2.jpg\" \/>\n\t<meta property=\"og:image:width\" content=\"800\" \/>\n\t<meta property=\"og:image:height\" content=\"445\" \/>\n\t<meta property=\"og:image:type\" content=\"image\/jpeg\" \/>\n<meta name=\"twitter:card\" content=\"summary_large_image\" \/>\n<meta name=\"twitter:label1\" content=\"Tiempo de lectura\" \/>\n\t<meta name=\"twitter:data1\" content=\"4 minutos\" \/>\n<script type=\"application\/ld+json\" class=\"yoast-schema-graph\">{\"@context\":\"https:\/\/schema.org\",\"@graph\":[{\"@type\":\"WebPage\",\"@id\":\"https:\/\/ffyh.unc.edu.ar\/extension\/que-es\/\",\"url\":\"https:\/\/ffyh.unc.edu.ar\/extension\/que-es\/\",\"name\":\"\u00bfQu\u00e9 es? - Secretar\u00eda de Extensi\u00f3n\",\"isPartOf\":{\"@id\":\"https:\/\/ffyh.unc.edu.ar\/extension\/#website\"},\"primaryImageOfPage\":{\"@id\":\"https:\/\/ffyh.unc.edu.ar\/extension\/que-es\/#primaryimage\"},\"image\":{\"@id\":\"https:\/\/ffyh.unc.edu.ar\/extension\/que-es\/#primaryimage\"},\"thumbnailUrl\":\"http:\/\/ffyh.unc.edu.ar\/extension\/wp-content\/uploads\/sites\/2\/2025\/02\/portadaweb-2.jpg\",\"datePublished\":\"2025-05-06T16:04:50+00:00\",\"dateModified\":\"2025-05-07T12:15:42+00:00\",\"breadcrumb\":{\"@id\":\"https:\/\/ffyh.unc.edu.ar\/extension\/que-es\/#breadcrumb\"},\"inLanguage\":\"es\",\"potentialAction\":[{\"@type\":\"ReadAction\",\"target\":[\"https:\/\/ffyh.unc.edu.ar\/extension\/que-es\/\"]}]},{\"@type\":\"ImageObject\",\"inLanguage\":\"es\",\"@id\":\"https:\/\/ffyh.unc.edu.ar\/extension\/que-es\/#primaryimage\",\"url\":\"https:\/\/ffyh.unc.edu.ar\/extension\/wp-content\/uploads\/sites\/2\/2025\/02\/portadaweb-2.jpg\",\"contentUrl\":\"https:\/\/ffyh.unc.edu.ar\/extension\/wp-content\/uploads\/sites\/2\/2025\/02\/portadaweb-2.jpg\",\"width\":800,\"height\":445},{\"@type\":\"BreadcrumbList\",\"@id\":\"https:\/\/ffyh.unc.edu.ar\/extension\/que-es\/#breadcrumb\",\"itemListElement\":[{\"@type\":\"ListItem\",\"position\":1,\"name\":\"Portada\",\"item\":\"https:\/\/ffyh.unc.edu.ar\/extension\/\"},{\"@type\":\"ListItem\",\"position\":2,\"name\":\"\u00bfQu\u00e9 es?\"}]},{\"@type\":\"WebSite\",\"@id\":\"https:\/\/ffyh.unc.edu.ar\/extension\/#website\",\"url\":\"https:\/\/ffyh.unc.edu.ar\/extension\/\",\"name\":\"Secretar\u00eda de Extensi\u00f3n\",\"description\":\"Facultad de Filosof\u00eda y Humanidades - Universidad Nacional de C\u00f3rdoba\",\"publisher\":{\"@id\":\"https:\/\/ffyh.unc.edu.ar\/extension\/#organization\"},\"potentialAction\":[{\"@type\":\"SearchAction\",\"target\":{\"@type\":\"EntryPoint\",\"urlTemplate\":\"https:\/\/ffyh.unc.edu.ar\/extension\/?s={search_term_string}\"},\"query-input\":{\"@type\":\"PropertyValueSpecification\",\"valueRequired\":true,\"valueName\":\"search_term_string\"}}],\"inLanguage\":\"es\"},{\"@type\":\"Organization\",\"@id\":\"https:\/\/ffyh.unc.edu.ar\/extension\/#organization\",\"name\":\"Secretar\u00eda de Extensi\u00f3n - Facultad de Filosof\u00eda y Humanidades - Universidad Nacional de C\u00f3rdoba\",\"url\":\"https:\/\/ffyh.unc.edu.ar\/extension\/\",\"logo\":{\"@type\":\"ImageObject\",\"inLanguage\":\"es\",\"@id\":\"https:\/\/ffyh.unc.edu.ar\/extension\/#\/schema\/logo\/image\/\",\"url\":\"https:\/\/ffyh.unc.edu.ar\/extension\/wp-content\/uploads\/sites\/2\/2018\/08\/logo-extension-chico.jpg\",\"contentUrl\":\"https:\/\/ffyh.unc.edu.ar\/extension\/wp-content\/uploads\/sites\/2\/2018\/08\/logo-extension-chico.jpg\",\"width\":314,\"height\":119,\"caption\":\"Secretar\u00eda de Extensi\u00f3n - Facultad de Filosof\u00eda y Humanidades - Universidad Nacional de C\u00f3rdoba\"},\"image\":{\"@id\":\"https:\/\/ffyh.unc.edu.ar\/extension\/#\/schema\/logo\/image\/\"},\"sameAs\":[\"https:\/\/www.facebook.com\/extensionffyh\",\"https:\/\/www.instagram.com\/extensionffyh\/\",\"https:\/\/www.youtube.com\/channel\/UCTgN4nvMQE7ktBcgujEI-EA\"]}]}<\/script>\n<!-- \/ Yoast SEO plugin. -->","yoast_head_json":{"title":"\u00bfQu\u00e9 es? - Secretar\u00eda de Extensi\u00f3n","robots":{"index":"index","follow":"follow","max-snippet":"max-snippet:-1","max-image-preview":"max-image-preview:large","max-video-preview":"max-video-preview:-1"},"canonical":"https:\/\/ffyh.unc.edu.ar\/extension\/que-es\/","og_locale":"es_ES","og_type":"article","og_title":"\u00bfQu\u00e9 es? - Secretar\u00eda de Extensi\u00f3n","og_description":"Curricularizaci\u00f3n de la Extensi\u00f3n En los \u00faltimos tiempos se produjeron intensos debates en torno a la Extensi\u00f3n Universitaria como funci\u00f3n","og_url":"https:\/\/ffyh.unc.edu.ar\/extension\/que-es\/","og_site_name":"Secretar\u00eda de Extensi\u00f3n","article_publisher":"https:\/\/www.facebook.com\/extensionffyh","article_modified_time":"2025-05-07T12:15:42+00:00","og_image":[{"width":800,"height":445,"url":"https:\/\/ffyh.unc.edu.ar\/extension\/wp-content\/uploads\/sites\/2\/2025\/02\/portadaweb-2.jpg","type":"image\/jpeg"}],"twitter_card":"summary_large_image","twitter_misc":{"Tiempo de lectura":"4 minutos"},"schema":{"@context":"https:\/\/schema.org","@graph":[{"@type":"WebPage","@id":"https:\/\/ffyh.unc.edu.ar\/extension\/que-es\/","url":"https:\/\/ffyh.unc.edu.ar\/extension\/que-es\/","name":"\u00bfQu\u00e9 es? - Secretar\u00eda de Extensi\u00f3n","isPartOf":{"@id":"https:\/\/ffyh.unc.edu.ar\/extension\/#website"},"primaryImageOfPage":{"@id":"https:\/\/ffyh.unc.edu.ar\/extension\/que-es\/#primaryimage"},"image":{"@id":"https:\/\/ffyh.unc.edu.ar\/extension\/que-es\/#primaryimage"},"thumbnailUrl":"http:\/\/ffyh.unc.edu.ar\/extension\/wp-content\/uploads\/sites\/2\/2025\/02\/portadaweb-2.jpg","datePublished":"2025-05-06T16:04:50+00:00","dateModified":"2025-05-07T12:15:42+00:00","breadcrumb":{"@id":"https:\/\/ffyh.unc.edu.ar\/extension\/que-es\/#breadcrumb"},"inLanguage":"es","potentialAction":[{"@type":"ReadAction","target":["https:\/\/ffyh.unc.edu.ar\/extension\/que-es\/"]}]},{"@type":"ImageObject","inLanguage":"es","@id":"https:\/\/ffyh.unc.edu.ar\/extension\/que-es\/#primaryimage","url":"https:\/\/ffyh.unc.edu.ar\/extension\/wp-content\/uploads\/sites\/2\/2025\/02\/portadaweb-2.jpg","contentUrl":"https:\/\/ffyh.unc.edu.ar\/extension\/wp-content\/uploads\/sites\/2\/2025\/02\/portadaweb-2.jpg","width":800,"height":445},{"@type":"BreadcrumbList","@id":"https:\/\/ffyh.unc.edu.ar\/extension\/que-es\/#breadcrumb","itemListElement":[{"@type":"ListItem","position":1,"name":"Portada","item":"https:\/\/ffyh.unc.edu.ar\/extension\/"},{"@type":"ListItem","position":2,"name":"\u00bfQu\u00e9 es?"}]},{"@type":"WebSite","@id":"https:\/\/ffyh.unc.edu.ar\/extension\/#website","url":"https:\/\/ffyh.unc.edu.ar\/extension\/","name":"Secretar\u00eda de Extensi\u00f3n","description":"Facultad de Filosof\u00eda y Humanidades - Universidad Nacional de C\u00f3rdoba","publisher":{"@id":"https:\/\/ffyh.unc.edu.ar\/extension\/#organization"},"potentialAction":[{"@type":"SearchAction","target":{"@type":"EntryPoint","urlTemplate":"https:\/\/ffyh.unc.edu.ar\/extension\/?s={search_term_string}"},"query-input":{"@type":"PropertyValueSpecification","valueRequired":true,"valueName":"search_term_string"}}],"inLanguage":"es"},{"@type":"Organization","@id":"https:\/\/ffyh.unc.edu.ar\/extension\/#organization","name":"Secretar\u00eda de Extensi\u00f3n - Facultad de Filosof\u00eda y Humanidades - Universidad Nacional de C\u00f3rdoba","url":"https:\/\/ffyh.unc.edu.ar\/extension\/","logo":{"@type":"ImageObject","inLanguage":"es","@id":"https:\/\/ffyh.unc.edu.ar\/extension\/#\/schema\/logo\/image\/","url":"https:\/\/ffyh.unc.edu.ar\/extension\/wp-content\/uploads\/sites\/2\/2018\/08\/logo-extension-chico.jpg","contentUrl":"https:\/\/ffyh.unc.edu.ar\/extension\/wp-content\/uploads\/sites\/2\/2018\/08\/logo-extension-chico.jpg","width":314,"height":119,"caption":"Secretar\u00eda de Extensi\u00f3n - Facultad de Filosof\u00eda y Humanidades - Universidad Nacional de C\u00f3rdoba"},"image":{"@id":"https:\/\/ffyh.unc.edu.ar\/extension\/#\/schema\/logo\/image\/"},"sameAs":["https:\/\/www.facebook.com\/extensionffyh","https:\/\/www.instagram.com\/extensionffyh\/","https:\/\/www.youtube.com\/channel\/UCTgN4nvMQE7ktBcgujEI-EA"]}]}},"_links":{"self":[{"href":"https:\/\/ffyh.unc.edu.ar\/extension\/wp-json\/wp\/v2\/pages\/8115","targetHints":{"allow":["GET"]}}],"collection":[{"href":"https:\/\/ffyh.unc.edu.ar\/extension\/wp-json\/wp\/v2\/pages"}],"about":[{"href":"https:\/\/ffyh.unc.edu.ar\/extension\/wp-json\/wp\/v2\/types\/page"}],"author":[{"embeddable":true,"href":"https:\/\/ffyh.unc.edu.ar\/extension\/wp-json\/wp\/v2\/users\/3"}],"replies":[{"embeddable":true,"href":"https:\/\/ffyh.unc.edu.ar\/extension\/wp-json\/wp\/v2\/comments?post=8115"}],"version-history":[{"count":11,"href":"https:\/\/ffyh.unc.edu.ar\/extension\/wp-json\/wp\/v2\/pages\/8115\/revisions"}],"predecessor-version":[{"id":8156,"href":"https:\/\/ffyh.unc.edu.ar\/extension\/wp-json\/wp\/v2\/pages\/8115\/revisions\/8156"}],"wp:attachment":[{"href":"https:\/\/ffyh.unc.edu.ar\/extension\/wp-json\/wp\/v2\/media?parent=8115"}],"curies":[{"name":"wp","href":"https:\/\/api.w.org\/{rel}","templated":true}]}}