{"id":956,"date":"2013-10-31T14:21:49","date_gmt":"2013-10-31T14:21:49","guid":{"rendered":"http:\/\/www.ffyh.unc.edu.ar\/extension\/?page_id=956"},"modified":"2023-09-19T15:44:46","modified_gmt":"2023-09-19T15:44:46","slug":"vinculacion-ensenanza-investigacion","status":"publish","type":"page","link":"https:\/\/ffyh.unc.edu.ar\/extension\/vinculacion-ensenanza-investigacion\/","title":{"rendered":"Vinculaci\u00f3n con la ense\u00f1anza y la investigaci\u00f3n"},"content":{"rendered":"<h1><strong>Funciones<\/strong><\/h1>\n<p>Son funciones del <strong>\u00c1rea de Vinculaci\u00f3n con la Ense\u00f1anza e Investigaci\u00f3n<\/strong> la promoci\u00f3n y gesti\u00f3n de propuestas que se desarrollen en el marco de la FFyH, en articulaci\u00f3n con otras dependencias universitarias y otres actores de la comunidad con los que se tenga un trabajo co-gestionado, con el fin de profundizar la integralidad de funciones.<\/p>\n<p>El \u00c1rea promociona y acompa\u00f1a las pr\u00e1cticas sociocomunitarias, gestiona y acompa\u00f1a proyectos de investigaci\u00f3n en tem\u00e1ticas extensionistas, gestiona y acompa\u00f1a tareas vinculadas a la\u00a0curricularizaci\u00f3n de la extensi\u00f3n universitaria en carreras de grado y fortalece y construye v\u00ednculos entre estudiantes y docentes de posgrado y la extensi\u00f3n universitaria.<\/p>\n<h2><strong>Contacto<\/strong><\/h2>\n<p>Pabell\u00f3n Brujas \u2013 Ciudad Universitaria<br \/>\n(5000) \u2013 C\u00f3rdoba \u2013 Argentina<br \/>\nTel. (54 \u2013 351) 5353610 50300\/50035<\/p>\n<p>Correo electr\u00f3nico Pr\u00e1cticas Sociocomunitarias: pscffyh@gmail.com<\/p>\n<p>Correo electr\u00f3nico Actividades y Proyectos: actividadesyproyectos.extension@gmail.com<\/p>\n<p>&nbsp;<\/p>\n<p>&nbsp;<\/p>\n<p>&nbsp;<\/p>\n<p>&nbsp;<\/p>\n<p>&nbsp;<\/p>\n","protected":false},"excerpt":{"rendered":"<p>Funciones Son funciones del \u00c1rea de Vinculaci\u00f3n con la Ense\u00f1anza e Investigaci\u00f3n la promoci\u00f3n y gesti\u00f3n de propuestas que se<\/p>\n","protected":false},"author":2,"featured_media":0,"parent":0,"menu_order":3,"comment_status":"open","ping_status":"closed","template":"","meta":{"_acf_changed":false,"colormag_page_container_layout":"default_layout","colormag_page_sidebar_layout":"default_layout","footnotes":""},"class_list":["post-956","page","type-page","status-publish","hentry"],"acf":[],"yoast_head":"<!-- This site is optimized with the Yoast SEO plugin v27.1.1 - https:\/\/yoast.com\/product\/yoast-seo-wordpress\/ -->\n<title>Vinculaci\u00f3n con la ense\u00f1anza y la investigaci\u00f3n - Secretar\u00eda de Extensi\u00f3n<\/title>\n<meta name=\"robots\" content=\"index, follow, max-snippet:-1, max-image-preview:large, max-video-preview:-1\" \/>\n<link rel=\"canonical\" href=\"https:\/\/ffyh.unc.edu.ar\/extension\/vinculacion-ensenanza-investigacion\/\" \/>\n<meta property=\"og:locale\" content=\"es_ES\" \/>\n<meta property=\"og:type\" content=\"article\" \/>\n<meta property=\"og:title\" content=\"Vinculaci\u00f3n con la ense\u00f1anza y la investigaci\u00f3n - Secretar\u00eda de Extensi\u00f3n\" \/>\n<meta property=\"og:description\" content=\"Funciones Son funciones del \u00c1rea de Vinculaci\u00f3n con la Ense\u00f1anza e Investigaci\u00f3n la promoci\u00f3n y gesti\u00f3n de propuestas que se\" \/>\n<meta property=\"og:url\" content=\"https:\/\/ffyh.unc.edu.ar\/extension\/vinculacion-ensenanza-investigacion\/\" \/>\n<meta property=\"og:site_name\" content=\"Secretar\u00eda de Extensi\u00f3n\" \/>\n<meta property=\"article:publisher\" content=\"https:\/\/www.facebook.com\/extensionffyh\" \/>\n<meta property=\"article:modified_time\" content=\"2023-09-19T15:44:46+00:00\" \/>\n<meta name=\"twitter:card\" content=\"summary_large_image\" \/>\n<meta name=\"twitter:label1\" content=\"Tiempo de lectura\" \/>\n\t<meta name=\"twitter:data1\" content=\"1 minuto\" \/>\n<script type=\"application\/ld+json\" class=\"yoast-schema-graph\">{\"@context\":\"https:\/\/schema.org\",\"@graph\":[{\"@type\":\"WebPage\",\"@id\":\"https:\/\/ffyh.unc.edu.ar\/extension\/vinculacion-ensenanza-investigacion\/\",\"url\":\"https:\/\/ffyh.unc.edu.ar\/extension\/vinculacion-ensenanza-investigacion\/\",\"name\":\"Vinculaci\u00f3n con la ense\u00f1anza y la investigaci\u00f3n - Secretar\u00eda de Extensi\u00f3n\",\"isPartOf\":{\"@id\":\"https:\/\/ffyh.unc.edu.ar\/extension\/#website\"},\"datePublished\":\"2013-10-31T14:21:49+00:00\",\"dateModified\":\"2023-09-19T15:44:46+00:00\",\"breadcrumb\":{\"@id\":\"https:\/\/ffyh.unc.edu.ar\/extension\/vinculacion-ensenanza-investigacion\/#breadcrumb\"},\"inLanguage\":\"es\",\"potentialAction\":[{\"@type\":\"ReadAction\",\"target\":[\"https:\/\/ffyh.unc.edu.ar\/extension\/vinculacion-ensenanza-investigacion\/\"]}]},{\"@type\":\"BreadcrumbList\",\"@id\":\"https:\/\/ffyh.unc.edu.ar\/extension\/vinculacion-ensenanza-investigacion\/#breadcrumb\",\"itemListElement\":[{\"@type\":\"ListItem\",\"position\":1,\"name\":\"Portada\",\"item\":\"https:\/\/ffyh.unc.edu.ar\/extension\/\"},{\"@type\":\"ListItem\",\"position\":2,\"name\":\"Vinculaci\u00f3n con la ense\u00f1anza y la investigaci\u00f3n\"}]},{\"@type\":\"WebSite\",\"@id\":\"https:\/\/ffyh.unc.edu.ar\/extension\/#website\",\"url\":\"https:\/\/ffyh.unc.edu.ar\/extension\/\",\"name\":\"Secretar\u00eda de Extensi\u00f3n\",\"description\":\"Facultad de Filosof\u00eda y Humanidades - Universidad Nacional de C\u00f3rdoba\",\"publisher\":{\"@id\":\"https:\/\/ffyh.unc.edu.ar\/extension\/#organization\"},\"potentialAction\":[{\"@type\":\"SearchAction\",\"target\":{\"@type\":\"EntryPoint\",\"urlTemplate\":\"https:\/\/ffyh.unc.edu.ar\/extension\/?s={search_term_string}\"},\"query-input\":{\"@type\":\"PropertyValueSpecification\",\"valueRequired\":true,\"valueName\":\"search_term_string\"}}],\"inLanguage\":\"es\"},{\"@type\":\"Organization\",\"@id\":\"https:\/\/ffyh.unc.edu.ar\/extension\/#organization\",\"name\":\"Secretar\u00eda de Extensi\u00f3n - Facultad de Filosof\u00eda y Humanidades - Universidad Nacional de C\u00f3rdoba\",\"url\":\"https:\/\/ffyh.unc.edu.ar\/extension\/\",\"logo\":{\"@type\":\"ImageObject\",\"inLanguage\":\"es\",\"@id\":\"https:\/\/ffyh.unc.edu.ar\/extension\/#\/schema\/logo\/image\/\",\"url\":\"https:\/\/ffyh.unc.edu.ar\/extension\/wp-content\/uploads\/sites\/2\/2018\/08\/logo-extension-chico.jpg\",\"contentUrl\":\"https:\/\/ffyh.unc.edu.ar\/extension\/wp-content\/uploads\/sites\/2\/2018\/08\/logo-extension-chico.jpg\",\"width\":314,\"height\":119,\"caption\":\"Secretar\u00eda de Extensi\u00f3n - Facultad de Filosof\u00eda y Humanidades - Universidad Nacional de C\u00f3rdoba\"},\"image\":{\"@id\":\"https:\/\/ffyh.unc.edu.ar\/extension\/#\/schema\/logo\/image\/\"},\"sameAs\":[\"https:\/\/www.facebook.com\/extensionffyh\",\"https:\/\/www.instagram.com\/extensionffyh\/\",\"https:\/\/www.youtube.com\/channel\/UCTgN4nvMQE7ktBcgujEI-EA\"]}]}<\/script>\n<!-- \/ Yoast SEO plugin. -->","yoast_head_json":{"title":"Vinculaci\u00f3n con la ense\u00f1anza y la investigaci\u00f3n - Secretar\u00eda de Extensi\u00f3n","robots":{"index":"index","follow":"follow","max-snippet":"max-snippet:-1","max-image-preview":"max-image-preview:large","max-video-preview":"max-video-preview:-1"},"canonical":"https:\/\/ffyh.unc.edu.ar\/extension\/vinculacion-ensenanza-investigacion\/","og_locale":"es_ES","og_type":"article","og_title":"Vinculaci\u00f3n con la ense\u00f1anza y la investigaci\u00f3n - Secretar\u00eda de Extensi\u00f3n","og_description":"Funciones Son funciones del \u00c1rea de Vinculaci\u00f3n con la Ense\u00f1anza e Investigaci\u00f3n la promoci\u00f3n y gesti\u00f3n de propuestas que se","og_url":"https:\/\/ffyh.unc.edu.ar\/extension\/vinculacion-ensenanza-investigacion\/","og_site_name":"Secretar\u00eda de Extensi\u00f3n","article_publisher":"https:\/\/www.facebook.com\/extensionffyh","article_modified_time":"2023-09-19T15:44:46+00:00","twitter_card":"summary_large_image","twitter_misc":{"Tiempo de lectura":"1 minuto"},"schema":{"@context":"https:\/\/schema.org","@graph":[{"@type":"WebPage","@id":"https:\/\/ffyh.unc.edu.ar\/extension\/vinculacion-ensenanza-investigacion\/","url":"https:\/\/ffyh.unc.edu.ar\/extension\/vinculacion-ensenanza-investigacion\/","name":"Vinculaci\u00f3n con la ense\u00f1anza y la investigaci\u00f3n - Secretar\u00eda de Extensi\u00f3n","isPartOf":{"@id":"https:\/\/ffyh.unc.edu.ar\/extension\/#website"},"datePublished":"2013-10-31T14:21:49+00:00","dateModified":"2023-09-19T15:44:46+00:00","breadcrumb":{"@id":"https:\/\/ffyh.unc.edu.ar\/extension\/vinculacion-ensenanza-investigacion\/#breadcrumb"},"inLanguage":"es","potentialAction":[{"@type":"ReadAction","target":["https:\/\/ffyh.unc.edu.ar\/extension\/vinculacion-ensenanza-investigacion\/"]}]},{"@type":"BreadcrumbList","@id":"https:\/\/ffyh.unc.edu.ar\/extension\/vinculacion-ensenanza-investigacion\/#breadcrumb","itemListElement":[{"@type":"ListItem","position":1,"name":"Portada","item":"https:\/\/ffyh.unc.edu.ar\/extension\/"},{"@type":"ListItem","position":2,"name":"Vinculaci\u00f3n con la ense\u00f1anza y la investigaci\u00f3n"}]},{"@type":"WebSite","@id":"https:\/\/ffyh.unc.edu.ar\/extension\/#website","url":"https:\/\/ffyh.unc.edu.ar\/extension\/","name":"Secretar\u00eda de Extensi\u00f3n","description":"Facultad de Filosof\u00eda y Humanidades - Universidad Nacional de C\u00f3rdoba","publisher":{"@id":"https:\/\/ffyh.unc.edu.ar\/extension\/#organization"},"potentialAction":[{"@type":"SearchAction","target":{"@type":"EntryPoint","urlTemplate":"https:\/\/ffyh.unc.edu.ar\/extension\/?s={search_term_string}"},"query-input":{"@type":"PropertyValueSpecification","valueRequired":true,"valueName":"search_term_string"}}],"inLanguage":"es"},{"@type":"Organization","@id":"https:\/\/ffyh.unc.edu.ar\/extension\/#organization","name":"Secretar\u00eda de Extensi\u00f3n - Facultad de Filosof\u00eda y Humanidades - Universidad Nacional de C\u00f3rdoba","url":"https:\/\/ffyh.unc.edu.ar\/extension\/","logo":{"@type":"ImageObject","inLanguage":"es","@id":"https:\/\/ffyh.unc.edu.ar\/extension\/#\/schema\/logo\/image\/","url":"https:\/\/ffyh.unc.edu.ar\/extension\/wp-content\/uploads\/sites\/2\/2018\/08\/logo-extension-chico.jpg","contentUrl":"https:\/\/ffyh.unc.edu.ar\/extension\/wp-content\/uploads\/sites\/2\/2018\/08\/logo-extension-chico.jpg","width":314,"height":119,"caption":"Secretar\u00eda de Extensi\u00f3n - Facultad de Filosof\u00eda y Humanidades - Universidad Nacional de C\u00f3rdoba"},"image":{"@id":"https:\/\/ffyh.unc.edu.ar\/extension\/#\/schema\/logo\/image\/"},"sameAs":["https:\/\/www.facebook.com\/extensionffyh","https:\/\/www.instagram.com\/extensionffyh\/","https:\/\/www.youtube.com\/channel\/UCTgN4nvMQE7ktBcgujEI-EA"]}]}},"_links":{"self":[{"href":"https:\/\/ffyh.unc.edu.ar\/extension\/wp-json\/wp\/v2\/pages\/956","targetHints":{"allow":["GET"]}}],"collection":[{"href":"https:\/\/ffyh.unc.edu.ar\/extension\/wp-json\/wp\/v2\/pages"}],"about":[{"href":"https:\/\/ffyh.unc.edu.ar\/extension\/wp-json\/wp\/v2\/types\/page"}],"author":[{"embeddable":true,"href":"https:\/\/ffyh.unc.edu.ar\/extension\/wp-json\/wp\/v2\/users\/2"}],"replies":[{"embeddable":true,"href":"https:\/\/ffyh.unc.edu.ar\/extension\/wp-json\/wp\/v2\/comments?post=956"}],"version-history":[{"count":6,"href":"https:\/\/ffyh.unc.edu.ar\/extension\/wp-json\/wp\/v2\/pages\/956\/revisions"}],"predecessor-version":[{"id":6668,"href":"https:\/\/ffyh.unc.edu.ar\/extension\/wp-json\/wp\/v2\/pages\/956\/revisions\/6668"}],"wp:attachment":[{"href":"https:\/\/ffyh.unc.edu.ar\/extension\/wp-json\/wp\/v2\/media?parent=956"}],"curies":[{"name":"wp","href":"https:\/\/api.w.org\/{rel}","templated":true}]}}

Vinculación con la enseñanza y la investigación

<h1><strong>Funciones</strong></h1>
<p>Son funciones del <strong>Área de Vinculación con la Enseñanza e Investigación</strong> la promoción y gestión de propuestas que se desarrollen en el marco de la FFyH, en articulación con otras dependencias universitarias y otres actores de la comunidad con los que se tenga un trabajo co-gestionado, con el fin de profundizar la integralidad de funciones.</p>
<p>El Área promociona y acompaña las prácticas sociocomunitarias, gestiona y acompaña proyectos de investigación en temáticas extensionistas, gestiona y acompaña tareas vinculadas a la curricularización de la extensión universitaria en carreras de grado y fortalece y construye vínculos entre estudiantes y docentes de posgrado y la extensión universitaria.</p>
<h2><strong>Contacto</strong></h2>
<p>Pabellón Brujas – Ciudad Universitaria<br />
(5000) – Córdoba – Argentina<br />
Tel. (54 – 351) 5353610 50300/50035</p>
<p>Correo electrónico Prácticas Sociocomunitarias: pscffyh@gmail.com</p>
<p>Correo electrónico Actividades y Proyectos: actividadesyproyectos.extension@gmail.com</p>
<p>&nbsp;</p>
<p>&nbsp;</p>
<p>&nbsp;</p>
<p>&nbsp;</p>
<p>&nbsp;</p>

<p>Funciones Son funciones del Área de Vinculación con la Enseñanza e Investigación la promoción y gestión de propuestas que se</p>

<!-- This site is optimized with the Yoast SEO plugin v27.1.1 - https://yoast.com/product/yoast-seo-wordpress/ -->
<title>Vinculación con la enseñanza y la investigación - Secretaría de Extensión</title>
<meta name="robots" content="index, follow, max-snippet:-1, max-image-preview:large, max-video-preview:-1" />
<link rel="canonical" href="https://ffyh.unc.edu.ar/extension/vinculacion-ensenanza-investigacion/" />
<meta property="og:locale" content="es_ES" />
<meta property="og:type" content="article" />
<meta property="og:title" content="Vinculación con la enseñanza y la investigación - Secretaría de Extensión" />
<meta property="og:description" content="Funciones Son funciones del Área de Vinculación con la Enseñanza e Investigación la promoción y gestión de propuestas que se" />
<meta property="og:url" content="https://ffyh.unc.edu.ar/extension/vinculacion-ensenanza-investigacion/" />
<meta property="og:site_name" content="Secretaría de Extensión" />
<meta property="article:publisher" content="https://www.facebook.com/extensionffyh" />
<meta property="article:modified_time" content="2023-09-19T15:44:46+00:00" />
<meta name="twitter:card" content="summary_large_image" />
<meta name="twitter:label1" content="Tiempo de lectura" />
	<meta name="twitter:data1" content="1 minuto" />
<script type="application/ld+json" class="yoast-schema-graph">{"@context":"https://schema.org","@graph":[{"@type":"WebPage","@id":"https://ffyh.unc.edu.ar/extension/vinculacion-ensenanza-investigacion/","url":"https://ffyh.unc.edu.ar/extension/vinculacion-ensenanza-investigacion/","name":"Vinculación con la enseñanza y la investigación - Secretaría de Extensión","isPartOf":{"@id":"https://ffyh.unc.edu.ar/extension/#website"},"datePublished":"2013-10-31T14:21:49+00:00","dateModified":"2023-09-19T15:44:46+00:00","breadcrumb":{"@id":"https://ffyh.unc.edu.ar/extension/vinculacion-ensenanza-investigacion/#breadcrumb"},"inLanguage":"es","potentialAction":[{"@type":"ReadAction","target":["https://ffyh.unc.edu.ar/extension/vinculacion-ensenanza-investigacion/"]}]},{"@type":"BreadcrumbList","@id":"https://ffyh.unc.edu.ar/extension/vinculacion-ensenanza-investigacion/#breadcrumb","itemListElement":[{"@type":"ListItem","position":1,"name":"Portada","item":"https://ffyh.unc.edu.ar/extension/"},{"@type":"ListItem","position":2,"name":"Vinculación con la enseñanza y la investigación"}]},{"@type":"WebSite","@id":"https://ffyh.unc.edu.ar/extension/#website","url":"https://ffyh.unc.edu.ar/extension/","name":"Secretaría de Extensión","description":"Facultad de Filosofía y Humanidades - Universidad Nacional de Córdoba","publisher":{"@id":"https://ffyh.unc.edu.ar/extension/#organization"},"potentialAction":[{"@type":"SearchAction","target":{"@type":"EntryPoint","urlTemplate":"https://ffyh.unc.edu.ar/extension/?s={search_term_string}"},"query-input":{"@type":"PropertyValueSpecification","valueRequired":true,"valueName":"search_term_string"}}],"inLanguage":"es"},{"@type":"Organization","@id":"https://ffyh.unc.edu.ar/extension/#organization","name":"Secretaría de Extensión - Facultad de Filosofía y Humanidades - Universidad Nacional de Córdoba","url":"https://ffyh.unc.edu.ar/extension/","logo":{"@type":"ImageObject","inLanguage":"es","@id":"https://ffyh.unc.edu.ar/extension/#/schema/logo/image/","url":"https://ffyh.unc.edu.ar/extension/wp-content/uploads/sites/2/2018/08/logo-extension-chico.jpg","contentUrl":"https://ffyh.unc.edu.ar/extension/wp-content/uploads/sites/2/2018/08/logo-extension-chico.jpg","width":314,"height":119,"caption":"Secretaría de Extensión - Facultad de Filosofía y Humanidades - Universidad Nacional de Córdoba"},"image":{"@id":"https://ffyh.unc.edu.ar/extension/#/schema/logo/image/"},"sameAs":["https://www.facebook.com/extensionffyh","https://www.instagram.com/extensionffyh/","https://www.youtube.com/channel/UCTgN4nvMQE7ktBcgujEI-EA"]}]}</script>
<!-- / Yoast SEO plugin. -->

Vinculación con la enseñanza y la investigación - Secretaría de Extensión

Funciones Son funciones del Área de Vinculación con la Enseñanza e Investigación la promoción y gestión de propuestas que se

Secretaría de Extensión

Facultad de Filosofía y Humanidades - Universidad Nacional de Córdoba

Secretaría de Extensión - Facultad de Filosofía y Humanidades - Universidad Nacional de Córdoba
