{"id":16,"date":"2014-05-27T16:37:15","date_gmt":"2014-05-27T16:37:15","guid":{"rendered":"http:\/\/www.ffyh.unc.edu.ar\/ciffyh\/femges\/?page_id=16"},"modified":"2014-05-27T16:37:15","modified_gmt":"2014-05-27T16:37:15","slug":"en-curso","status":"publish","type":"page","link":"https:\/\/ffyh.unc.edu.ar\/femges\/investigaciones\/en-curso\/","title":{"rendered":"Proyectos en curso"},"content":{"rendered":"<p>&nbsp;<\/p>\n<h4 style=\"text-align: justify\">Los diferentes <span style=\"color: #f70c76\"><strong>proyectos de investigaci\u00f3n que integran el \u00c1rea FemGeS<\/strong><\/span>, conformados por docentes-investigadorxs del Centro de Investigaciones de Filosof\u00eda y Humanidades (CIFFyH), becarixs, adscriptxs y ayudante-alumnxs, son:<\/h4>\n<h4><\/h4>\n<ul>\n<li>\n<h4><strong>Violencia de g\u00e9nero: apropiaci\u00f3n subjetiva de derechos y reconocimiento social:<\/strong><\/h4>\n<\/li>\n<\/ul>\n<h4><\/h4>\n<h4 style=\"text-align: center\"><strong><span style=\"color: #f70c72\"><a style=\"color: #f70c72\" href=\"http:\/\/ffyh.unc.edu.ar\/femges\/wp-content\/uploads\/sites\/20\/2014\/05\/PROYECTO-MAITE-Y-EQUIPO-1.pdf\">LEER\/ DESCARGAR PROYECTO<\/a><\/span><\/strong><\/h4>\n<h4><\/h4>\n<ul>\n<li>\n<h4><strong>Fuentes de informaci\u00f3n para el estudio de las mujeres. El archivo personal de Malvina Rosa Quiroga. Parte II:<\/strong><\/h4>\n<\/li>\n<\/ul>\n<h4><\/h4>\n<h4 style=\"text-align: center\"><span style=\"color: #f70c72\"><strong><a style=\"color: #f70c72\" href=\"http:\/\/ffyh.unc.edu.ar\/femges\/wp-content\/uploads\/sites\/20\/2014\/05\/PROYECTO-VASALLO-JAQUELINE-EQUIPO-2.pdf\">LEER\/ DESCARGAR PROYECTO<\/a><\/strong><\/span><\/h4>\n<ul>\n<li style=\"text-align: justify\">\n<h4><strong>G\u00e9nero y sexualidad en la sociabilidad escolar. Un estudio de casos en escuelas medias de C\u00f3rdoba:<\/strong><\/h4>\n<\/li>\n<\/ul>\n<h4><\/h4>\n<h4 style=\"text-align: center\"><span style=\"color: #f70c72\"><strong><a style=\"color: #f70c72\" href=\"http:\/\/ffyh.unc.edu.ar\/femges\/wp-content\/uploads\/sites\/20\/2014\/05\/PROYECTO-MARINA-TOMASINI-EQUIPO-3.pdf\">LEER\/ DESCARGAR PROYECTO<\/a><\/strong><\/span><\/h4>\n<ul>\n<li>\n<h4><strong>Representaciones de masculinidad y femineidad: resistencias y re-significaciones:<\/strong><\/h4>\n<\/li>\n<\/ul>\n<h4><\/h4>\n<h4 style=\"text-align: center\"><span style=\"color: #f70c72\"><strong><a style=\"color: #f70c72\" href=\"http:\/\/ffyh.unc.edu.ar\/femges\/wp-content\/uploads\/sites\/20\/2014\/05\/PROYECTO-CECILIA-LUQUE-EQUIPO-4.pdf\">LEER \/ DESCARGAR PROYECTO<\/a><\/strong><\/span><\/h4>\n<ul>\n<li style=\"text-align: justify\">\n<h4><strong>Haciendo Cuerpos II. Gesti\u00f3n de Vidas:<\/strong><\/h4>\n<\/li>\n<\/ul>\n<h4><\/h4>\n<h4 style=\"text-align: center\"><strong><span style=\"color: #f70c72\"><a style=\"color: #f70c72\" href=\"http:\/\/ffyh.unc.edu.ar\/femges\/wp-content\/uploads\/sites\/20\/2014\/05\/PROYECTO-LILIANA-PEREYRA-EQUIPO-5.pdf\">LEER\/ DESCARGAR PROYECTO<\/a><\/span><\/strong><\/h4>\n<ul>\n<li style=\"text-align: justify\">\n<h4><strong>Violencia de g\u00e9nero, representaciones y pr\u00e1cticas: Hacia la construcci\u00f3n de un marco interpretativo para analizar la violencia de g\u00e9nero:<\/strong><\/h4>\n<\/li>\n<\/ul>\n<h4><\/h4>\n<h4 style=\"text-align: center\"><strong><span style=\"color: #f70c72\"><a style=\"color: #f70c72\" href=\"http:\/\/ffyh.unc.edu.ar\/femges\/wp-content\/uploads\/sites\/20\/2014\/05\/PROYECTO-SOLDEVILA-DOMINGUEZ-EQUIPO-6.pdf\">LEER\/ DESCARGAR PROYECTO<\/a><\/span><\/strong><\/h4>\n<h4><\/h4>\n<ul>\n<li>\n<h4><strong>Vulnerabilidad, desposesi\u00f3n y violencia normativa: El \u201cgiro \u00e9tico\u201d de Judith Butler:<\/strong><\/h4>\n<\/li>\n<\/ul>\n<h4><\/h4>\n<h4 style=\"text-align: center\"><span style=\"color: #e81c7b\"><strong><a style=\"color: #e81c7b\" href=\"http:\/\/ffyh.unc.edu.ar\/femges\/wp-content\/uploads\/sites\/20\/2014\/05\/proyecto-mattio-FEMGES-1.pdf\" rel=\"\">LEER \/ DESCARGAR PROYECTOS<\/a><\/strong><\/span><\/h4>\n","protected":false},"excerpt":{"rendered":"<p>&nbsp; Los diferentes proyectos de investigaci\u00f3n que integran el \u00c1rea FemGeS, conformados por docentes-investigadorxs del Centro de Investigaciones de Filosof\u00eda y Humanidades (CIFFyH), becarixs, adscriptxs y ayudante-alumnxs, son: Violencia de &hellip; <\/p>\n","protected":false},"author":1,"featured_media":0,"parent":14,"menu_order":0,"comment_status":"open","ping_status":"open","template":"","meta":{"_acf_changed":false,"footnotes":""},"class_list":["post-16","page","type-page","status-publish","hentry"],"acf":[],"_links":{"self":[{"href":"https:\/\/ffyh.unc.edu.ar\/femges\/wp-json\/wp\/v2\/pages\/16","targetHints":{"allow":["GET"]}}],"collection":[{"href":"https:\/\/ffyh.unc.edu.ar\/femges\/wp-json\/wp\/v2\/pages"}],"about":[{"href":"https:\/\/ffyh.unc.edu.ar\/femges\/wp-json\/wp\/v2\/types\/page"}],"author":[{"embeddable":true,"href":"https:\/\/ffyh.unc.edu.ar\/femges\/wp-json\/wp\/v2\/users\/1"}],"replies":[{"embeddable":true,"href":"https:\/\/ffyh.unc.edu.ar\/femges\/wp-json\/wp\/v2\/comments?post=16"}],"version-history":[{"count":0,"href":"https:\/\/ffyh.unc.edu.ar\/femges\/wp-json\/wp\/v2\/pages\/16\/revisions"}],"up":[{"embeddable":true,"href":"https:\/\/ffyh.unc.edu.ar\/femges\/wp-json\/wp\/v2\/pages\/14"}],"wp:attachment":[{"href":"https:\/\/ffyh.unc.edu.ar\/femges\/wp-json\/wp\/v2\/media?parent=16"}],"curies":[{"name":"wp","href":"https:\/\/api.w.org\/{rel}","templated":true}]}}