{"id":261,"date":"2023-06-30T17:57:54","date_gmt":"2023-06-30T15:57:54","guid":{"rendered":"https:\/\/ffyh.unc.edu.ar\/genero\/?page_id=261"},"modified":"2023-10-10T18:49:41","modified_gmt":"2023-10-10T16:49:41","slug":"esiteca","status":"publish","type":"page","link":"https:\/\/ffyh.unc.edu.ar\/genero\/esiteca\/","title":{"rendered":"ESIteca | Repositorio virtual de trabajos sobre Educaci\u00f3n Sexual Integral producidos en la Facultad de Filosof\u00eda y Humanidades"},"content":{"rendered":"<p><img loading=\"lazy\" decoding=\"async\" class=\"size-full wp-image-266 alignnone\" src=\"http:\/\/ffyh.unc.edu.ar\/genero\/wp-content\/uploads\/sites\/34\/2023\/06\/Mesa-de-trabajo-12.png\" alt=\"\" width=\"2251\" height=\"528\" srcset=\"https:\/\/ffyh.unc.edu.ar\/genero\/wp-content\/uploads\/sites\/34\/2023\/06\/Mesa-de-trabajo-12.png 2251w, https:\/\/ffyh.unc.edu.ar\/genero\/wp-content\/uploads\/sites\/34\/2023\/06\/Mesa-de-trabajo-12-300x70.png 300w, https:\/\/ffyh.unc.edu.ar\/genero\/wp-content\/uploads\/sites\/34\/2023\/06\/Mesa-de-trabajo-12-1024x240.png 1024w, https:\/\/ffyh.unc.edu.ar\/genero\/wp-content\/uploads\/sites\/34\/2023\/06\/Mesa-de-trabajo-12-768x180.png 768w, https:\/\/ffyh.unc.edu.ar\/genero\/wp-content\/uploads\/sites\/34\/2023\/06\/Mesa-de-trabajo-12-1536x360.png 1536w, https:\/\/ffyh.unc.edu.ar\/genero\/wp-content\/uploads\/sites\/34\/2023\/06\/Mesa-de-trabajo-12-2048x480.png 2048w, https:\/\/ffyh.unc.edu.ar\/genero\/wp-content\/uploads\/sites\/34\/2023\/06\/Mesa-de-trabajo-12-750x176.png 750w\" sizes=\"auto, (max-width: 2251px) 100vw, 2251px\" \/>La convocatoria est\u00e1 destinada a docentes, nodocentes, graduades y estudiantes integrantes de c\u00e1tedras o equipos de investigaci\u00f3n y\/o extensi\u00f3n, que hayan elaborado propuestas y materiales de formaci\u00f3n, investigaci\u00f3n e intervenci\u00f3n sobre Educaci\u00f3n Sexual Integral (ESI) en espacios radicados en la FFyH.<\/p>\n<p><!--more--><\/p>\n<p>El objetivo es reunir, visibilizar y poner al servicio de la comunidad el trabajo acad\u00e9mico y de extensi\u00f3n sobre ESI de quienes integran la FFYH as\u00ed como tambi\u00e9n vincularnos con quienes, habi\u00e9ndose formado en nuestra facultad, articulan, ense\u00f1an en otros espacios de formaci\u00f3n e investigaci\u00f3n.<\/p>\n<p><strong>Condiciones:<\/strong><\/p>\n<ul>\n<li>Se aceptar\u00e1n propuestas en formato de texto, ya sean art\u00edculos, ensayos, trabajos finales (de licenciatura o posgrado con recomendaci\u00f3n de publicaci\u00f3n), monograf\u00edas, propuestas did\u00e1cticas.<\/li>\n<li>Los textos se receptar\u00e1n en su versi\u00f3n digital, en formato pdf, con la licencia creative commons correspondiente incluida.<\/li>\n<li>Se deber\u00e1n ajustar a las normas de publicaci\u00f3n de ANSENUZA. Disponibles en:<br \/>\n<a href=\"https:\/\/ansenuza.unc.edu.ar\/requisitos-para-publicar-tu-obra\/\" target=\"_blank\" rel=\"noopener\">https:\/\/ansenuza.unc.edu.ar\/requisitos-para-publicar-tu-obra\/<\/a><\/li>\n<li>Se deber\u00e1 incluir un resumen de hasta 200 palabras, y tres a cinco palabras claves.<\/li>\n<li>Deber\u00e1n estar orientadas para la pr\u00e1ctica docente y usos did\u00e1cticos.<\/li>\n<li>Las propuestas tendr\u00e1n que estar enmarcadas en el enfoque de Derechos Humanos que contempla<br \/>\nla Ley 26.150 de ESI.<\/li>\n<\/ul>\n<p>&nbsp;<\/p>\n<blockquote><p>Formulario para el env\u00edo del material: <a href=\"https:\/\/bit.ly\/convocatoriaesiteca\" target=\"_blank\" rel=\"noopener\">https:\/\/bit.ly\/convocatoriaesiteca<\/a><\/p>\n<p><span style=\"font-size: 16px\">Este llamado es parte de un esfuerzo de coordinaci\u00f3n entre el Programa de Derechos Humanos, el \u00c1rea de Formaci\u00f3n de G\u00e9nero, Sexualidades y ESI, \u00c1rea Feminismos, g\u00e9neros y sexualidades y \u00c1rea de Educaci\u00f3n del Centro de Investigaciones (CIFFyH); CIFFyH; Programa de G\u00e9nero, Sexualidades y Educaci\u00f3n Sexual Integral, Secretar\u00eda de Posgrado, Secretar\u00eda de Graduadxs y Tecnolog\u00eda Educativa.<\/span><\/p><\/blockquote>\n<hr \/>\n<blockquote>\n<ul>\n<li><a href=\"http:\/\/ffyh.unc.edu.ar\/genero\/wp-content\/uploads\/sites\/34\/2023\/06\/Convocatoria-ESIteca.pdf\" target=\"_blank\" rel=\"noopener\">Descargar Convocatoria completa<\/a><\/li>\n<li><a href=\"http:\/\/ffyh.unc.edu.ar\/genero\/wp-content\/uploads\/sites\/34\/2023\/06\/Bases-ESIteca-23.pdf\" target=\"_blank\" rel=\"noopener\">Descargar Bases<\/a><\/li>\n<\/ul>\n<p><img loading=\"lazy\" decoding=\"async\" class=\"size-full wp-image-269 alignnone\" src=\"http:\/\/ffyh.unc.edu.ar\/genero\/wp-content\/uploads\/sites\/34\/2023\/06\/esiteca.jpeg\" alt=\"\" width=\"1600\" height=\"1600\" srcset=\"https:\/\/ffyh.unc.edu.ar\/genero\/wp-content\/uploads\/sites\/34\/2023\/06\/esiteca.jpeg 1600w, https:\/\/ffyh.unc.edu.ar\/genero\/wp-content\/uploads\/sites\/34\/2023\/06\/esiteca-300x300.jpeg 300w, https:\/\/ffyh.unc.edu.ar\/genero\/wp-content\/uploads\/sites\/34\/2023\/06\/esiteca-1024x1024.jpeg 1024w, https:\/\/ffyh.unc.edu.ar\/genero\/wp-content\/uploads\/sites\/34\/2023\/06\/esiteca-150x150.jpeg 150w, https:\/\/ffyh.unc.edu.ar\/genero\/wp-content\/uploads\/sites\/34\/2023\/06\/esiteca-768x768.jpeg 768w, https:\/\/ffyh.unc.edu.ar\/genero\/wp-content\/uploads\/sites\/34\/2023\/06\/esiteca-1536x1536.jpeg 1536w, https:\/\/ffyh.unc.edu.ar\/genero\/wp-content\/uploads\/sites\/34\/2023\/06\/esiteca-750x750.jpeg 750w\" sizes=\"auto, (max-width: 1600px) 100vw, 1600px\" \/><\/p><\/blockquote>\n","protected":false},"excerpt":{"rendered":"<p>La convocatoria est\u00e1 destinada a docentes, nodocentes, graduades y estudiantes integrantes de c\u00e1tedras o equipos de investigaci\u00f3n y\/o extensi\u00f3n, que hayan elaborado propuestas y materiales de formaci\u00f3n, investigaci\u00f3n e intervenci\u00f3n sobre Educaci\u00f3n Sexual Integral (ESI) en espacios radicados en la FFyH.<\/p><p><a class=\"more-link btn\" href=\"https:\/\/ffyh.unc.edu.ar\/genero\/esiteca\/\">Seguir leyendo<\/a><\/p>\n","protected":false},"author":2,"featured_media":0,"parent":0,"menu_order":0,"comment_status":"closed","ping_status":"closed","template":"","meta":{"_acf_changed":false,"footnotes":""},"class_list":["post-261","page","type-page","status-publish","hentry","nodate","item-wrap"],"acf":[],"_links":{"self":[{"href":"https:\/\/ffyh.unc.edu.ar\/genero\/wp-json\/wp\/v2\/pages\/261","targetHints":{"allow":["GET"]}}],"collection":[{"href":"https:\/\/ffyh.unc.edu.ar\/genero\/wp-json\/wp\/v2\/pages"}],"about":[{"href":"https:\/\/ffyh.unc.edu.ar\/genero\/wp-json\/wp\/v2\/types\/page"}],"author":[{"embeddable":true,"href":"https:\/\/ffyh.unc.edu.ar\/genero\/wp-json\/wp\/v2\/users\/2"}],"replies":[{"embeddable":true,"href":"https:\/\/ffyh.unc.edu.ar\/genero\/wp-json\/wp\/v2\/comments?post=261"}],"version-history":[{"count":6,"href":"https:\/\/ffyh.unc.edu.ar\/genero\/wp-json\/wp\/v2\/pages\/261\/revisions"}],"predecessor-version":[{"id":308,"href":"https:\/\/ffyh.unc.edu.ar\/genero\/wp-json\/wp\/v2\/pages\/261\/revisions\/308"}],"wp:attachment":[{"href":"https:\/\/ffyh.unc.edu.ar\/genero\/wp-json\/wp\/v2\/media?parent=261"}],"curies":[{"name":"wp","href":"https:\/\/api.w.org\/{rel}","templated":true}]}}