{"id":757,"date":"2020-06-28T01:58:58","date_gmt":"2020-06-28T01:58:58","guid":{"rendered":"http:\/\/ffyh.unc.edu.ar\/historia\/wp-content\/uploads\/sites\/37\/2020\/06\/NelidaMAgueros_10-AG\u00dcEROS-N\u00e9lida-1988-T\u00edtulo-Prof-y-Lic.jpg"},"modified":"2020-06-29T01:43:02","modified_gmt":"2020-06-29T01:43:02","slug":"nelidamagueros_10-agueros-nelida-1988-titulo-prof-y-lic","status":"inherit","type":"attachment","link":"https:\/\/ffyh.unc.edu.ar\/historia\/pixeles\/decada-de-1980\/nelidamagueros_10-agueros-nelida-1988-titulo-prof-y-lic\/","title":{"rendered":""},"author":34,"featured_media":0,"comment_status":"open","ping_status":"closed","template":"","meta":{"_acf_changed":false,"_monsterinsights_skip_tracking":false,"_monsterinsights_sitenote_active":false,"_monsterinsights_sitenote_note":"","_monsterinsights_sitenote_category":0},"class_list":["post-757","attachment","type-attachment","status-inherit","hentry"],"acf":[],"jetpack_sharing_enabled":true,"description":{"rendered":"<p class=\"attachment\"><a href=\"https:\/\/i0.wp.com\/ffyh.unc.edu.ar\/historia\/wp-content\/uploads\/sites\/37\/2020\/06\/NelidaMAgueros_10-AG%C3%9CEROS-N%C3%A9lida-1988-T%C3%ADtulo-Prof-y-Lic.jpg?ssl=1\"><img fetchpriority=\"high\" decoding=\"async\" width=\"300\" height=\"198\" src=\"https:\/\/i0.wp.com\/ffyh.unc.edu.ar\/historia\/wp-content\/uploads\/sites\/37\/2020\/06\/NelidaMAgueros_10-AG%C3%9CEROS-N%C3%A9lida-1988-T%C3%ADtulo-Prof-y-Lic.jpg?fit=300%2C198&amp;ssl=1\" class=\"attachment-medium size-medium\" alt=\"\" data-attachment-id=\"757\" data-permalink=\"https:\/\/ffyh.unc.edu.ar\/historia\/pixeles\/decada-de-1980\/nelidamagueros_10-agueros-nelida-1988-titulo-prof-y-lic\/\" data-orig-file=\"https:\/\/i0.wp.com\/ffyh.unc.edu.ar\/historia\/wp-content\/uploads\/sites\/37\/2020\/06\/NelidaMAgueros_10-AG%C3%9CEROS-N%C3%A9lida-1988-T%C3%ADtulo-Prof-y-Lic.jpg?fit=1183%2C781&amp;ssl=1\" data-orig-size=\"1183,781\" data-comments-opened=\"1\" data-image-meta=\"{&quot;aperture&quot;:&quot;0&quot;,&quot;credit&quot;:&quot;&quot;,&quot;camera&quot;:&quot;&quot;,&quot;caption&quot;:&quot;&quot;,&quot;created_timestamp&quot;:&quot;1593094366&quot;,&quot;copyright&quot;:&quot;&quot;,&quot;focal_length&quot;:&quot;0&quot;,&quot;iso&quot;:&quot;0&quot;,&quot;shutter_speed&quot;:&quot;0&quot;,&quot;title&quot;:&quot;&quot;,&quot;orientation&quot;:&quot;1&quot;}\" data-image-title=\"\" data-image-description=\"\" data-image-caption=\"&lt;p&gt;Entrega de T\u00edtulos. Pabell\u00f3n Argentina. (1988). Guillermo Beato entrega a Miriam Constantini; Ana In\u00e9s Punta a N\u00e9lida Ag\u00fceros; Norma Pavoni a Henry Shaw. Gentileza: N\u00e9lida Ag\u00fceros.&lt;\/p&gt;\n\" data-medium-file=\"https:\/\/i0.wp.com\/ffyh.unc.edu.ar\/historia\/wp-content\/uploads\/sites\/37\/2020\/06\/NelidaMAgueros_10-AG%C3%9CEROS-N%C3%A9lida-1988-T%C3%ADtulo-Prof-y-Lic.jpg?fit=300%2C198&amp;ssl=1\" data-large-file=\"https:\/\/i0.wp.com\/ffyh.unc.edu.ar\/historia\/wp-content\/uploads\/sites\/37\/2020\/06\/NelidaMAgueros_10-AG%C3%9CEROS-N%C3%A9lida-1988-T%C3%ADtulo-Prof-y-Lic.jpg?fit=1000%2C660&amp;ssl=1\" \/><\/a><\/p>\n"},"caption":{"rendered":"<p>Entrega de T\u00edtulos. Pabell\u00f3n Argentina. (1988). Guillermo Beato entrega a Miriam Constantini; Ana In\u00e9s Punta a N\u00e9lida Ag\u00fceros; Norma Pavoni a Henry Shaw. Gentileza: N\u00e9lida Ag\u00fceros.<\/p>\n"},"alt_text":"","media_type":"image","mime_type":"image\/jpeg","media_details":{"width":1183,"height":781,"file":"2020\/06\/NelidaMAgueros_10-AG\u00dcEROS-N\u00e9lida-1988-T\u00edtulo-Prof-y-Lic.jpg","sizes":{"medium":{"file":"NelidaMAgueros_10-AG\u00dcEROS-N\u00e9lida-1988-T\u00edtulo-Prof-y-Lic-300x198.jpg","width":300,"height":198,"mime_type":"image\/jpeg","source_url":"https:\/\/i0.wp.com\/ffyh.unc.edu.ar\/historia\/wp-content\/uploads\/sites\/37\/2020\/06\/NelidaMAgueros_10-AG%C3%9CEROS-N%C3%A9lida-1988-T%C3%ADtulo-Prof-y-Lic.jpg?fit=300%2C198&ssl=1"},"large":{"file":"NelidaMAgueros_10-AG\u00dcEROS-N\u00e9lida-1988-T\u00edtulo-Prof-y-Lic-1024x676.jpg","width":1024,"height":676,"mime_type":"image\/jpeg","source_url":"https:\/\/i0.wp.com\/ffyh.unc.edu.ar\/historia\/wp-content\/uploads\/sites\/37\/2020\/06\/NelidaMAgueros_10-AG%C3%9CEROS-N%C3%A9lida-1988-T%C3%ADtulo-Prof-y-Lic.jpg?fit=1000%2C660&ssl=1"},"thumbnail":{"file":"NelidaMAgueros_10-AG\u00dcEROS-N\u00e9lida-1988-T\u00edtulo-Prof-y-Lic-150x150.jpg","width":150,"height":150,"mime_type":"image\/jpeg","source_url":"https:\/\/i0.wp.com\/ffyh.unc.edu.ar\/historia\/wp-content\/uploads\/sites\/37\/2020\/06\/NelidaMAgueros_10-AG%C3%9CEROS-N%C3%A9lida-1988-T%C3%ADtulo-Prof-y-Lic.jpg?resize=150%2C150&ssl=1"},"medium_large":{"file":"NelidaMAgueros_10-AG\u00dcEROS-N\u00e9lida-1988-T\u00edtulo-Prof-y-Lic-768x507.jpg","width":768,"height":507,"mime_type":"image\/jpeg","source_url":"https:\/\/i0.wp.com\/ffyh.unc.edu.ar\/historia\/wp-content\/uploads\/sites\/37\/2020\/06\/NelidaMAgueros_10-AG%C3%9CEROS-N%C3%A9lida-1988-T%C3%ADtulo-Prof-y-Lic.jpg?fit=768%2C507&ssl=1"},"dyad-banner":{"file":"NelidaMAgueros_10-AG\u00dcEROS-N\u00e9lida-1988-T\u00edtulo-Prof-y-Lic-1183x720.jpg","width":1183,"height":720,"mime_type":"image\/jpeg","source_url":"https:\/\/i0.wp.com\/ffyh.unc.edu.ar\/historia\/wp-content\/uploads\/sites\/37\/2020\/06\/NelidaMAgueros_10-AG%C3%9CEROS-N%C3%A9lida-1988-T%C3%ADtulo-Prof-y-Lic.jpg?resize=1183%2C720&ssl=1"},"dyad-thumbnails":{"file":"NelidaMAgueros_10-AG\u00dcEROS-N\u00e9lida-1988-T\u00edtulo-Prof-y-Lic-630x781.jpg","width":630,"height":781,"mime_type":"image\/jpeg","source_url":"https:\/\/i0.wp.com\/ffyh.unc.edu.ar\/historia\/wp-content\/uploads\/sites\/37\/2020\/06\/NelidaMAgueros_10-AG%C3%9CEROS-N%C3%A9lida-1988-T%C3%ADtulo-Prof-y-Lic.jpg?resize=630%2C781&ssl=1"},"dyad-featured-image":{"file":"NelidaMAgueros_10-AG\u00dcEROS-N\u00e9lida-1988-T\u00edtulo-Prof-y-Lic-960x781.jpg","width":960,"height":781,"mime_type":"image\/jpeg","source_url":"https:\/\/i0.wp.com\/ffyh.unc.edu.ar\/historia\/wp-content\/uploads\/sites\/37\/2020\/06\/NelidaMAgueros_10-AG%C3%9CEROS-N%C3%A9lida-1988-T%C3%ADtulo-Prof-y-Lic.jpg?resize=960%2C781&ssl=1"},"dyad-featured-image-horz":{"file":"NelidaMAgueros_10-AG\u00dcEROS-N\u00e9lida-1988-T\u00edtulo-Prof-y-Lic-960x640.jpg","width":960,"height":640,"mime_type":"image\/jpeg","source_url":"https:\/\/i0.wp.com\/ffyh.unc.edu.ar\/historia\/wp-content\/uploads\/sites\/37\/2020\/06\/NelidaMAgueros_10-AG%C3%9CEROS-N%C3%A9lida-1988-T%C3%ADtulo-Prof-y-Lic.jpg?resize=960%2C640&ssl=1"},"dyad-site-logo":{"file":"NelidaMAgueros_10-AG\u00dcEROS-N\u00e9lida-1988-T\u00edtulo-Prof-y-Lic-454x300.jpg","width":454,"height":300,"mime_type":"image\/jpeg","source_url":"https:\/\/i0.wp.com\/ffyh.unc.edu.ar\/historia\/wp-content\/uploads\/sites\/37\/2020\/06\/NelidaMAgueros_10-AG%C3%9CEROS-N%C3%A9lida-1988-T%C3%ADtulo-Prof-y-Lic.jpg?fit=454%2C300&ssl=1"},"full":{"file":"NelidaMAgueros_10-AG%C3%9CEROS-N%C3%A9lida-1988-T%C3%ADtulo-Prof-y-Lic.jpg?fit=1183%2C781&ssl=1","width":1183,"height":781,"mime_type":"image\/jpeg","source_url":"https:\/\/i0.wp.com\/ffyh.unc.edu.ar\/historia\/wp-content\/uploads\/sites\/37\/2020\/06\/NelidaMAgueros_10-AG%C3%9CEROS-N%C3%A9lida-1988-T%C3%ADtulo-Prof-y-Lic.jpg?fit=1183%2C781&ssl=1"}},"image_meta":{"aperture":"0","credit":"","camera":"","caption":"","created_timestamp":"1593094366","copyright":"","focal_length":"0","iso":"0","shutter_speed":"0","title":"","orientation":"1","keywords":["N\u00e9lida Milagros Ag\u00fceros"]}},"post":289,"source_url":"https:\/\/ffyh.unc.edu.ar\/historia\/wp-content\/uploads\/sites\/37\/2020\/06\/NelidaMAgueros_10-AG\u00dcEROS-N\u00e9lida-1988-T\u00edtulo-Prof-y-Lic.jpg","_links":{"self":[{"href":"https:\/\/ffyh.unc.edu.ar\/historia\/wp-json\/wp\/v2\/media\/757","targetHints":{"allow":["GET"]}}],"collection":[{"href":"https:\/\/ffyh.unc.edu.ar\/historia\/wp-json\/wp\/v2\/media"}],"about":[{"href":"https:\/\/ffyh.unc.edu.ar\/historia\/wp-json\/wp\/v2\/types\/attachment"}],"author":[{"embeddable":true,"href":"https:\/\/ffyh.unc.edu.ar\/historia\/wp-json\/wp\/v2\/users\/34"}],"replies":[{"embeddable":true,"href":"https:\/\/ffyh.unc.edu.ar\/historia\/wp-json\/wp\/v2\/comments?post=757"}],"wp:attached-to":[{"embeddable":true,"post_type":"page","id":289,"href":"https:\/\/ffyh.unc.edu.ar\/historia\/wp-json\/wp\/v2\/pages\/289"}],"curies":[{"name":"wp","href":"https:\/\/api.w.org\/{rel}","templated":true}]}}

http://ffyh.unc.edu.ar/historia/wp-content/uploads/sites/37/2020/06/NelidaMAgueros_10-AGÜEROS-Nélida-1988-Título-Prof-y-Lic.jpg

<p class="attachment"><a href="https://i0.wp.com/ffyh.unc.edu.ar/historia/wp-content/uploads/sites/37/2020/06/NelidaMAgueros_10-AG%C3%9CEROS-N%C3%A9lida-1988-T%C3%ADtulo-Prof-y-Lic.jpg?ssl=1"><img fetchpriority="high" decoding="async" width="300" height="198" src="https://i0.wp.com/ffyh.unc.edu.ar/historia/wp-content/uploads/sites/37/2020/06/NelidaMAgueros_10-AG%C3%9CEROS-N%C3%A9lida-1988-T%C3%ADtulo-Prof-y-Lic.jpg?fit=300%2C198&amp;ssl=1" class="attachment-medium size-medium" alt="" data-attachment-id="757" data-permalink="https://ffyh.unc.edu.ar/historia/pixeles/decada-de-1980/nelidamagueros_10-agueros-nelida-1988-titulo-prof-y-lic/" data-orig-file="https://i0.wp.com/ffyh.unc.edu.ar/historia/wp-content/uploads/sites/37/2020/06/NelidaMAgueros_10-AG%C3%9CEROS-N%C3%A9lida-1988-T%C3%ADtulo-Prof-y-Lic.jpg?fit=1183%2C781&amp;ssl=1" data-orig-size="1183,781" data-comments-opened="1" data-image-meta="{&quot;aperture&quot;:&quot;0&quot;,&quot;credit&quot;:&quot;&quot;,&quot;camera&quot;:&quot;&quot;,&quot;caption&quot;:&quot;&quot;,&quot;created_timestamp&quot;:&quot;1593094366&quot;,&quot;copyright&quot;:&quot;&quot;,&quot;focal_length&quot;:&quot;0&quot;,&quot;iso&quot;:&quot;0&quot;,&quot;shutter_speed&quot;:&quot;0&quot;,&quot;title&quot;:&quot;&quot;,&quot;orientation&quot;:&quot;1&quot;}" data-image-title="" data-image-description="" data-image-caption="&lt;p&gt;Entrega de Títulos. Pabellón Argentina. (1988). Guillermo Beato entrega a Miriam Constantini; Ana Inés Punta a Nélida Agüeros; Norma Pavoni a Henry Shaw. Gentileza: Nélida Agüeros.&lt;/p&gt;
" data-medium-file="https://i0.wp.com/ffyh.unc.edu.ar/historia/wp-content/uploads/sites/37/2020/06/NelidaMAgueros_10-AG%C3%9CEROS-N%C3%A9lida-1988-T%C3%ADtulo-Prof-y-Lic.jpg?fit=300%2C198&amp;ssl=1" data-large-file="https://i0.wp.com/ffyh.unc.edu.ar/historia/wp-content/uploads/sites/37/2020/06/NelidaMAgueros_10-AG%C3%9CEROS-N%C3%A9lida-1988-T%C3%ADtulo-Prof-y-Lic.jpg?fit=1000%2C660&amp;ssl=1" /></a></p>

<p>Entrega de Títulos. Pabellón Argentina. (1988). Guillermo Beato entrega a Miriam Constantini; Ana Inés Punta a Nélida Agüeros; Norma Pavoni a Henry Shaw. Gentileza: Nélida Agüeros.</p>

2020/06/NelidaMAgueros_10-AGÜEROS-Nélida-1988-Título-Prof-y-Lic.jpg

NelidaMAgueros_10-AGÜEROS-Nélida-1988-Título-Prof-y-Lic-300x198.jpg

NelidaMAgueros_10-AGÜEROS-Nélida-1988-Título-Prof-y-Lic-1024x676.jpg

NelidaMAgueros_10-AGÜEROS-Nélida-1988-Título-Prof-y-Lic-150x150.jpg

NelidaMAgueros_10-AGÜEROS-Nélida-1988-Título-Prof-y-Lic-768x507.jpg

NelidaMAgueros_10-AGÜEROS-Nélida-1988-Título-Prof-y-Lic-1183x720.jpg

NelidaMAgueros_10-AGÜEROS-Nélida-1988-Título-Prof-y-Lic-630x781.jpg

NelidaMAgueros_10-AGÜEROS-Nélida-1988-Título-Prof-y-Lic-960x781.jpg

NelidaMAgueros_10-AGÜEROS-Nélida-1988-Título-Prof-y-Lic-960x640.jpg

NelidaMAgueros_10-AGÜEROS-Nélida-1988-Título-Prof-y-Lic-454x300.jpg

Nélida Milagros Agüeros

https://ffyh.unc.edu.ar/historia/wp-content/uploads/sites/37/2020/06/NelidaMAgueros_10-AGÜEROS-Nélida-1988-Título-Prof-y-Lic.jpg
