{"id":897,"date":"2020-06-28T02:13:34","date_gmt":"2020-06-28T02:13:34","guid":{"rendered":"http:\/\/ffyh.unc.edu.ar\/historia\/wp-content\/uploads\/sites\/37\/2020\/06\/ADocMuseoAntropo_DSC07881.jpg"},"modified":"2020-06-29T18:17:53","modified_gmt":"2020-06-29T18:17:53","slug":"adocmuseoantropo_dsc07881","status":"inherit","type":"attachment","link":"https:\/\/ffyh.unc.edu.ar\/historia\/pixeles\/decada-de-2000\/adocmuseoantropo_dsc07881\/","title":{"rendered":""},"author":34,"featured_media":0,"comment_status":"open","ping_status":"closed","template":"","meta":{"_acf_changed":false,"_monsterinsights_skip_tracking":false,"_monsterinsights_sitenote_active":false,"_monsterinsights_sitenote_note":"","_monsterinsights_sitenote_category":0},"class_list":["post-897","attachment","type-attachment","status-inherit","hentry"],"acf":[],"jetpack_sharing_enabled":true,"description":{"rendered":"<p class=\"attachment\"><a href=\"https:\/\/i0.wp.com\/ffyh.unc.edu.ar\/historia\/wp-content\/uploads\/sites\/37\/2020\/06\/ADocMuseoAntropo_DSC07881-scaled.jpg?ssl=1\"><img fetchpriority=\"high\" decoding=\"async\" width=\"300\" height=\"199\" src=\"https:\/\/i0.wp.com\/ffyh.unc.edu.ar\/historia\/wp-content\/uploads\/sites\/37\/2020\/06\/ADocMuseoAntropo_DSC07881-scaled.jpg?fit=300%2C199&amp;ssl=1\" class=\"attachment-medium size-medium\" alt=\"\" srcset=\"https:\/\/i0.wp.com\/ffyh.unc.edu.ar\/historia\/wp-content\/uploads\/sites\/37\/2020\/06\/ADocMuseoAntropo_DSC07881-scaled.jpg?w=2560&amp;ssl=1 2560w, https:\/\/i0.wp.com\/ffyh.unc.edu.ar\/historia\/wp-content\/uploads\/sites\/37\/2020\/06\/ADocMuseoAntropo_DSC07881-scaled.jpg?resize=300%2C199&amp;ssl=1 300w, https:\/\/i0.wp.com\/ffyh.unc.edu.ar\/historia\/wp-content\/uploads\/sites\/37\/2020\/06\/ADocMuseoAntropo_DSC07881-scaled.jpg?resize=1024%2C681&amp;ssl=1 1024w, https:\/\/i0.wp.com\/ffyh.unc.edu.ar\/historia\/wp-content\/uploads\/sites\/37\/2020\/06\/ADocMuseoAntropo_DSC07881-scaled.jpg?resize=768%2C511&amp;ssl=1 768w, https:\/\/i0.wp.com\/ffyh.unc.edu.ar\/historia\/wp-content\/uploads\/sites\/37\/2020\/06\/ADocMuseoAntropo_DSC07881-scaled.jpg?resize=1536%2C1021&amp;ssl=1 1536w, https:\/\/i0.wp.com\/ffyh.unc.edu.ar\/historia\/wp-content\/uploads\/sites\/37\/2020\/06\/ADocMuseoAntropo_DSC07881-scaled.jpg?resize=2048%2C1361&amp;ssl=1 2048w, https:\/\/i0.wp.com\/ffyh.unc.edu.ar\/historia\/wp-content\/uploads\/sites\/37\/2020\/06\/ADocMuseoAntropo_DSC07881-scaled.jpg?resize=960%2C640&amp;ssl=1 960w, https:\/\/i0.wp.com\/ffyh.unc.edu.ar\/historia\/wp-content\/uploads\/sites\/37\/2020\/06\/ADocMuseoAntropo_DSC07881-scaled.jpg?resize=451%2C300&amp;ssl=1 451w\" sizes=\"(max-width: 300px) 100vw, 300px\" data-attachment-id=\"897\" data-permalink=\"https:\/\/ffyh.unc.edu.ar\/historia\/pixeles\/decada-de-2000\/adocmuseoantropo_dsc07881\/\" data-orig-file=\"https:\/\/i0.wp.com\/ffyh.unc.edu.ar\/historia\/wp-content\/uploads\/sites\/37\/2020\/06\/ADocMuseoAntropo_DSC07881-scaled.jpg?fit=2560%2C1702&amp;ssl=1\" data-orig-size=\"2560,1702\" data-comments-opened=\"1\" data-image-meta=\"{&quot;aperture&quot;:&quot;0&quot;,&quot;credit&quot;:&quot;&quot;,&quot;camera&quot;:&quot;&quot;,&quot;caption&quot;:&quot;&quot;,&quot;created_timestamp&quot;:&quot;0&quot;,&quot;copyright&quot;:&quot;&quot;,&quot;focal_length&quot;:&quot;0&quot;,&quot;iso&quot;:&quot;0&quot;,&quot;shutter_speed&quot;:&quot;0&quot;,&quot;title&quot;:&quot;&quot;,&quot;orientation&quot;:&quot;1&quot;}\" data-image-title=\"\" data-image-description=\"\" data-image-caption=\"&lt;p&gt;Alfonso Uribe, Alberto Cubria y Mariana Fabra. Gentileza: \u00c1rea de Documentaci\u00f3n del Museo de Antropolog\u00eda&lt;\/p&gt;\n\" data-medium-file=\"https:\/\/i0.wp.com\/ffyh.unc.edu.ar\/historia\/wp-content\/uploads\/sites\/37\/2020\/06\/ADocMuseoAntropo_DSC07881-scaled.jpg?fit=300%2C199&amp;ssl=1\" data-large-file=\"https:\/\/i0.wp.com\/ffyh.unc.edu.ar\/historia\/wp-content\/uploads\/sites\/37\/2020\/06\/ADocMuseoAntropo_DSC07881-scaled.jpg?fit=1000%2C665&amp;ssl=1\" \/><\/a><\/p>\n"},"caption":{"rendered":"<p>Alfonso Uribe, Alberto Cubria y Mariana Fabra. Gentileza: \u00c1rea de Documentaci\u00f3n del Museo de Antropolog\u00eda<\/p>\n"},"alt_text":"","media_type":"image","mime_type":"image\/jpeg","media_details":{"width":2560,"height":1702,"file":"2020\/06\/ADocMuseoAntropo_DSC07881-scaled.jpg","sizes":{"medium":{"file":"ADocMuseoAntropo_DSC07881-300x199.jpg","width":300,"height":199,"mime_type":"image\/jpeg","source_url":"https:\/\/i0.wp.com\/ffyh.unc.edu.ar\/historia\/wp-content\/uploads\/sites\/37\/2020\/06\/ADocMuseoAntropo_DSC07881-scaled.jpg?fit=300%2C199&ssl=1"},"large":{"file":"ADocMuseoAntropo_DSC07881-1024x681.jpg","width":1024,"height":681,"mime_type":"image\/jpeg","source_url":"https:\/\/i0.wp.com\/ffyh.unc.edu.ar\/historia\/wp-content\/uploads\/sites\/37\/2020\/06\/ADocMuseoAntropo_DSC07881-scaled.jpg?fit=1000%2C665&ssl=1"},"thumbnail":{"file":"ADocMuseoAntropo_DSC07881-150x150.jpg","width":150,"height":150,"mime_type":"image\/jpeg","source_url":"https:\/\/i0.wp.com\/ffyh.unc.edu.ar\/historia\/wp-content\/uploads\/sites\/37\/2020\/06\/ADocMuseoAntropo_DSC07881-scaled.jpg?resize=150%2C150&ssl=1"},"medium_large":{"file":"ADocMuseoAntropo_DSC07881-768x511.jpg","width":768,"height":511,"mime_type":"image\/jpeg","source_url":"https:\/\/i0.wp.com\/ffyh.unc.edu.ar\/historia\/wp-content\/uploads\/sites\/37\/2020\/06\/ADocMuseoAntropo_DSC07881-scaled.jpg?fit=768%2C511&ssl=1"},"1536x1536":{"file":"ADocMuseoAntropo_DSC07881-1536x1021.jpg","width":1536,"height":1021,"mime_type":"image\/jpeg","source_url":"https:\/\/i0.wp.com\/ffyh.unc.edu.ar\/historia\/wp-content\/uploads\/sites\/37\/2020\/06\/ADocMuseoAntropo_DSC07881-scaled.jpg?fit=1536%2C1021&ssl=1"},"2048x2048":{"file":"ADocMuseoAntropo_DSC07881-2048x1361.jpg","width":2048,"height":1361,"mime_type":"image\/jpeg","source_url":"https:\/\/i0.wp.com\/ffyh.unc.edu.ar\/historia\/wp-content\/uploads\/sites\/37\/2020\/06\/ADocMuseoAntropo_DSC07881-scaled.jpg?fit=2048%2C1361&ssl=1"},"dyad-banner":{"file":"ADocMuseoAntropo_DSC07881-1800x720.jpg","width":1800,"height":720,"mime_type":"image\/jpeg","source_url":"https:\/\/i0.wp.com\/ffyh.unc.edu.ar\/historia\/wp-content\/uploads\/sites\/37\/2020\/06\/ADocMuseoAntropo_DSC07881-scaled.jpg?resize=1800%2C720&ssl=1"},"dyad-thumbnails":{"file":"ADocMuseoAntropo_DSC07881-630x840.jpg","width":630,"height":840,"mime_type":"image\/jpeg","source_url":"https:\/\/i0.wp.com\/ffyh.unc.edu.ar\/historia\/wp-content\/uploads\/sites\/37\/2020\/06\/ADocMuseoAntropo_DSC07881-scaled.jpg?resize=630%2C840&ssl=1"},"dyad-featured-image":{"file":"ADocMuseoAntropo_DSC07881-960x1280.jpg","width":960,"height":1280,"mime_type":"image\/jpeg","source_url":"https:\/\/i0.wp.com\/ffyh.unc.edu.ar\/historia\/wp-content\/uploads\/sites\/37\/2020\/06\/ADocMuseoAntropo_DSC07881-scaled.jpg?resize=960%2C1280&ssl=1"},"dyad-featured-image-horz":{"file":"ADocMuseoAntropo_DSC07881-960x640.jpg","width":960,"height":640,"mime_type":"image\/jpeg","source_url":"https:\/\/i0.wp.com\/ffyh.unc.edu.ar\/historia\/wp-content\/uploads\/sites\/37\/2020\/06\/ADocMuseoAntropo_DSC07881-scaled.jpg?resize=960%2C640&ssl=1"},"dyad-site-logo":{"file":"ADocMuseoAntropo_DSC07881-451x300.jpg","width":451,"height":300,"mime_type":"image\/jpeg","source_url":"https:\/\/i0.wp.com\/ffyh.unc.edu.ar\/historia\/wp-content\/uploads\/sites\/37\/2020\/06\/ADocMuseoAntropo_DSC07881-scaled.jpg?fit=451%2C300&ssl=1"},"full":{"file":"ADocMuseoAntropo_DSC07881-scaled.jpg?fit=2560%2C1702&ssl=1","width":2560,"height":1702,"mime_type":"image\/jpeg","source_url":"https:\/\/i0.wp.com\/ffyh.unc.edu.ar\/historia\/wp-content\/uploads\/sites\/37\/2020\/06\/ADocMuseoAntropo_DSC07881-scaled.jpg?fit=2560%2C1702&ssl=1"}},"image_meta":{"aperture":"0","credit":"","camera":"","caption":"","created_timestamp":"0","copyright":"","focal_length":"0","iso":"0","shutter_speed":"0","title":"","orientation":"1","keywords":["\u00c1rea de Documentaci\u00f3n Museo de Antropolog\u00eda"]},"original_image":"ADocMuseoAntropo_DSC07881.jpg"},"post":296,"source_url":"https:\/\/ffyh.unc.edu.ar\/historia\/wp-content\/uploads\/sites\/37\/2020\/06\/ADocMuseoAntropo_DSC07881-scaled.jpg","_links":{"self":[{"href":"https:\/\/ffyh.unc.edu.ar\/historia\/wp-json\/wp\/v2\/media\/897","targetHints":{"allow":["GET"]}}],"collection":[{"href":"https:\/\/ffyh.unc.edu.ar\/historia\/wp-json\/wp\/v2\/media"}],"about":[{"href":"https:\/\/ffyh.unc.edu.ar\/historia\/wp-json\/wp\/v2\/types\/attachment"}],"author":[{"embeddable":true,"href":"https:\/\/ffyh.unc.edu.ar\/historia\/wp-json\/wp\/v2\/users\/34"}],"replies":[{"embeddable":true,"href":"https:\/\/ffyh.unc.edu.ar\/historia\/wp-json\/wp\/v2\/comments?post=897"}],"wp:attached-to":[{"embeddable":true,"post_type":"page","id":296,"href":"https:\/\/ffyh.unc.edu.ar\/historia\/wp-json\/wp\/v2\/pages\/296"}],"curies":[{"name":"wp","href":"https:\/\/api.w.org\/{rel}","templated":true}]}}

<p class="attachment"><a href="https://i0.wp.com/ffyh.unc.edu.ar/historia/wp-content/uploads/sites/37/2020/06/ADocMuseoAntropo_DSC07881-scaled.jpg?ssl=1"><img fetchpriority="high" decoding="async" width="300" height="199" src="https://i0.wp.com/ffyh.unc.edu.ar/historia/wp-content/uploads/sites/37/2020/06/ADocMuseoAntropo_DSC07881-scaled.jpg?fit=300%2C199&amp;ssl=1" class="attachment-medium size-medium" alt="" srcset="https://i0.wp.com/ffyh.unc.edu.ar/historia/wp-content/uploads/sites/37/2020/06/ADocMuseoAntropo_DSC07881-scaled.jpg?w=2560&amp;ssl=1 2560w, https://i0.wp.com/ffyh.unc.edu.ar/historia/wp-content/uploads/sites/37/2020/06/ADocMuseoAntropo_DSC07881-scaled.jpg?resize=300%2C199&amp;ssl=1 300w, https://i0.wp.com/ffyh.unc.edu.ar/historia/wp-content/uploads/sites/37/2020/06/ADocMuseoAntropo_DSC07881-scaled.jpg?resize=1024%2C681&amp;ssl=1 1024w, https://i0.wp.com/ffyh.unc.edu.ar/historia/wp-content/uploads/sites/37/2020/06/ADocMuseoAntropo_DSC07881-scaled.jpg?resize=768%2C511&amp;ssl=1 768w, https://i0.wp.com/ffyh.unc.edu.ar/historia/wp-content/uploads/sites/37/2020/06/ADocMuseoAntropo_DSC07881-scaled.jpg?resize=1536%2C1021&amp;ssl=1 1536w, https://i0.wp.com/ffyh.unc.edu.ar/historia/wp-content/uploads/sites/37/2020/06/ADocMuseoAntropo_DSC07881-scaled.jpg?resize=2048%2C1361&amp;ssl=1 2048w, https://i0.wp.com/ffyh.unc.edu.ar/historia/wp-content/uploads/sites/37/2020/06/ADocMuseoAntropo_DSC07881-scaled.jpg?resize=960%2C640&amp;ssl=1 960w, https://i0.wp.com/ffyh.unc.edu.ar/historia/wp-content/uploads/sites/37/2020/06/ADocMuseoAntropo_DSC07881-scaled.jpg?resize=451%2C300&amp;ssl=1 451w" sizes="(max-width: 300px) 100vw, 300px" data-attachment-id="897" data-permalink="https://ffyh.unc.edu.ar/historia/pixeles/decada-de-2000/adocmuseoantropo_dsc07881/" data-orig-file="https://i0.wp.com/ffyh.unc.edu.ar/historia/wp-content/uploads/sites/37/2020/06/ADocMuseoAntropo_DSC07881-scaled.jpg?fit=2560%2C1702&amp;ssl=1" data-orig-size="2560,1702" data-comments-opened="1" data-image-meta="{&quot;aperture&quot;:&quot;0&quot;,&quot;credit&quot;:&quot;&quot;,&quot;camera&quot;:&quot;&quot;,&quot;caption&quot;:&quot;&quot;,&quot;created_timestamp&quot;:&quot;0&quot;,&quot;copyright&quot;:&quot;&quot;,&quot;focal_length&quot;:&quot;0&quot;,&quot;iso&quot;:&quot;0&quot;,&quot;shutter_speed&quot;:&quot;0&quot;,&quot;title&quot;:&quot;&quot;,&quot;orientation&quot;:&quot;1&quot;}" data-image-title="" data-image-description="" data-image-caption="&lt;p&gt;Alfonso Uribe, Alberto Cubria y Mariana Fabra. Gentileza: Área de Documentación del Museo de Antropología&lt;/p&gt;
" data-medium-file="https://i0.wp.com/ffyh.unc.edu.ar/historia/wp-content/uploads/sites/37/2020/06/ADocMuseoAntropo_DSC07881-scaled.jpg?fit=300%2C199&amp;ssl=1" data-large-file="https://i0.wp.com/ffyh.unc.edu.ar/historia/wp-content/uploads/sites/37/2020/06/ADocMuseoAntropo_DSC07881-scaled.jpg?fit=1000%2C665&amp;ssl=1" /></a></p>

<p>Alfonso Uribe, Alberto Cubria y Mariana Fabra. Gentileza: Área de Documentación del Museo de Antropología</p>

Área de Documentación Museo de Antropología
