{"id":1993,"date":"2020-06-29T14:29:34","date_gmt":"2020-06-29T14:29:34","guid":{"rendered":"https:\/\/ffyh.unc.edu.ar\/historia\/?page_id=1993"},"modified":"2020-07-01T14:21:22","modified_gmt":"2020-07-01T14:21:22","slug":"creditos-y-agradecimientos","status":"publish","type":"page","link":"https:\/\/ffyh.unc.edu.ar\/historia\/pixeles\/creditos-y-agradecimientos\/","title":{"rendered":"Agradecimientos"},"content":{"rendered":"<p style=\"text-align: right\"><a href=\"https:\/\/ffyh.unc.edu.ar\/historia\/pixeles\/\" class=\"su-button su-button-style-flat\" style=\"color:#ffffff;background-color:#c41b70;border-color:#9d165a;border-radius:0px\" target=\"_self\"><span style=\"color:#ffffff;padding:6px 18px;font-size:14px;line-height:21px;border-color:#d6609b;border-radius:0px;text-shadow:none\"><i class=\"sui sui-arrow-left\" style=\"font-size:14px;color:#FFFFFF\"><\/i> Volver a<br \/>\nHistoria en Pixeles<\/span><\/a>\n<div style=\"width: 640px;\" class=\"wp-video\"><video class=\"wp-video-shortcode\" id=\"video-1993-1\" width=\"640\" height=\"360\" autoplay preload=\"auto\" controls=\"controls\"><source type=\"video\/mp4\" src=\"http:\/\/ffyh.unc.edu.ar\/historia\/wp-content\/uploads\/sites\/37\/2020\/07\/hraenpixeles-creditos.mp4?_=1\" \/><a href=\"http:\/\/ffyh.unc.edu.ar\/historia\/wp-content\/uploads\/sites\/37\/2020\/07\/hraenpixeles-creditos.mp4\">http:\/\/ffyh.unc.edu.ar\/historia\/wp-content\/uploads\/sites\/37\/2020\/07\/hraenpixeles-creditos.mp4<\/a><\/video><\/div>\n<p style=\"text-align: left\"><span style=\"font-size: 12pt\">M\u00fasica: \u00ab<strong>\u00d1acu<\/strong>\u00ab, de Juli\u00e1n Beaulieu. Int\u00e9rpretes: Airena Ortube y Juli\u00e1n Beaulieu.<\/span><\/p>\n<p style=\"text-align: left\"><span style=\"font-size: 12pt\">Album disponible <a href=\"https:\/\/open.spotify.com\/album\/6xTWiE0VcwiE2UAIqNNSfI?si=kcV20uZ2SlGWaxkIBUNRKQ\">en el siguiente link<\/a>.<\/span><\/p>\n<p>&nbsp;<\/p>\n","protected":false},"excerpt":{"rendered":"<p>M\u00fasica: \u00ab\u00d1acu\u00ab, de Juli\u00e1n Beaulieu. Int\u00e9rpretes: Airena Ortube y Juli\u00e1n Beaulieu. Album disponible en el siguiente link. &nbsp;<\/p>\n","protected":false},"author":34,"featured_media":0,"parent":4,"menu_order":13,"comment_status":"closed","ping_status":"closed","template":"","meta":{"_acf_changed":false,"saved_in_kubio":false,"_monsterinsights_skip_tracking":false,"_monsterinsights_sitenote_active":false,"_monsterinsights_sitenote_note":"","_monsterinsights_sitenote_category":0,"footnotes":""},"class_list":["post-1993","page","type-page","status-publish","hentry"],"acf":[],"kubio_ai_page_context":{"short_desc":"","purpose":"general"},"jetpack_sharing_enabled":true,"_links":{"self":[{"href":"https:\/\/ffyh.unc.edu.ar\/historia\/wp-json\/wp\/v2\/pages\/1993","targetHints":{"allow":["GET"]}}],"collection":[{"href":"https:\/\/ffyh.unc.edu.ar\/historia\/wp-json\/wp\/v2\/pages"}],"about":[{"href":"https:\/\/ffyh.unc.edu.ar\/historia\/wp-json\/wp\/v2\/types\/page"}],"author":[{"embeddable":true,"href":"https:\/\/ffyh.unc.edu.ar\/historia\/wp-json\/wp\/v2\/users\/34"}],"replies":[{"embeddable":true,"href":"https:\/\/ffyh.unc.edu.ar\/historia\/wp-json\/wp\/v2\/comments?post=1993"}],"version-history":[{"count":10,"href":"https:\/\/ffyh.unc.edu.ar\/historia\/wp-json\/wp\/v2\/pages\/1993\/revisions"}],"predecessor-version":[{"id":2146,"href":"https:\/\/ffyh.unc.edu.ar\/historia\/wp-json\/wp\/v2\/pages\/1993\/revisions\/2146"}],"up":[{"embeddable":true,"href":"https:\/\/ffyh.unc.edu.ar\/historia\/wp-json\/wp\/v2\/pages\/4"}],"wp:attachment":[{"href":"https:\/\/ffyh.unc.edu.ar\/historia\/wp-json\/wp\/v2\/media?parent=1993"}],"curies":[{"name":"wp","href":"https:\/\/api.w.org\/{rel}","templated":true}]}}