{"id":3661,"date":"2022-03-21T14:09:16","date_gmt":"2022-03-21T14:09:16","guid":{"rendered":"https:\/\/ffyh.unc.edu.ar\/historia\/?page_id=3661"},"modified":"2022-07-31T23:12:14","modified_gmt":"2022-07-31T23:12:14","slug":"concurso-fotografico","status":"publish","type":"page","link":"https:\/\/ffyh.unc.edu.ar\/historia\/concurso-fotografico\/","title":{"rendered":"Concurso Fotogr\u00e1fico"},"content":{"rendered":"<table style=\"width: 100%;height: 200px\">\n<tbody>\n<tr style=\"height: 200px\">\n<td style=\"height: 200px;width: 61.6011%;border-style: hidden\" width=\"349\"><span style=\"font-size: 12pt;color: #333333\"><strong>Direcci\u00f3n de la Escuela de Historia<\/strong><\/span><\/td>\n<td style=\"height: 200px;border-style: hidden;width: 38.3989%\" width=\"217\"><img data-recalc-dims=\"1\" decoding=\"async\" data-attachment-id=\"3677\" data-permalink=\"https:\/\/ffyh.unc.edu.ar\/historia\/concurso-fotografico\/logo_pabespana\/\" data-orig-file=\"https:\/\/i0.wp.com\/ffyh.unc.edu.ar\/historia\/wp-content\/uploads\/sites\/37\/2022\/03\/Logo_PabEspana-e1647910396625.jpg?fit=1304%2C625&amp;ssl=1\" data-orig-size=\"1304,625\" data-comments-opened=\"0\" data-image-meta=\"{&quot;aperture&quot;:&quot;0&quot;,&quot;credit&quot;:&quot;&quot;,&quot;camera&quot;:&quot;&quot;,&quot;caption&quot;:&quot;&quot;,&quot;created_timestamp&quot;:&quot;0&quot;,&quot;copyright&quot;:&quot;&quot;,&quot;focal_length&quot;:&quot;0&quot;,&quot;iso&quot;:&quot;0&quot;,&quot;shutter_speed&quot;:&quot;0&quot;,&quot;title&quot;:&quot;&quot;,&quot;orientation&quot;:&quot;1&quot;}\" data-image-title=\"Logo_PabEspa\u00f1a\" data-image-description=\"\" data-image-caption=\"\" data-medium-file=\"https:\/\/i0.wp.com\/ffyh.unc.edu.ar\/historia\/wp-content\/uploads\/sites\/37\/2022\/03\/Logo_PabEspana-e1647910396625.jpg?fit=300%2C144&amp;ssl=1\" data-large-file=\"https:\/\/i0.wp.com\/ffyh.unc.edu.ar\/historia\/wp-content\/uploads\/sites\/37\/2022\/03\/Logo_PabEspana-e1647910396625.jpg?fit=1000%2C479&amp;ssl=1\" class=\"aligncenter wp-image-3677 \" src=\"https:\/\/i0.wp.com\/ffyh.unc.edu.ar\/historia\/wp-content\/uploads\/sites\/37\/2022\/03\/Logo_PabEspana-e1647910396625-300x144.jpg?resize=212%2C101\" alt=\"\" width=\"212\" height=\"101\" srcset=\"https:\/\/i0.wp.com\/ffyh.unc.edu.ar\/historia\/wp-content\/uploads\/sites\/37\/2022\/03\/Logo_PabEspana-e1647910396625.jpg?resize=300%2C144&amp;ssl=1 300w, https:\/\/i0.wp.com\/ffyh.unc.edu.ar\/historia\/wp-content\/uploads\/sites\/37\/2022\/03\/Logo_PabEspana-e1647910396625.jpg?resize=1024%2C491&amp;ssl=1 1024w, https:\/\/i0.wp.com\/ffyh.unc.edu.ar\/historia\/wp-content\/uploads\/sites\/37\/2022\/03\/Logo_PabEspana-e1647910396625.jpg?resize=768%2C368&amp;ssl=1 768w, https:\/\/i0.wp.com\/ffyh.unc.edu.ar\/historia\/wp-content\/uploads\/sites\/37\/2022\/03\/Logo_PabEspana-e1647910396625.jpg?resize=600%2C288&amp;ssl=1 600w, https:\/\/i0.wp.com\/ffyh.unc.edu.ar\/historia\/wp-content\/uploads\/sites\/37\/2022\/03\/Logo_PabEspana-e1647910396625.jpg?w=1304&amp;ssl=1 1304w\" sizes=\"(max-width: 212px) 100vw, 212px\" \/><\/td>\n<\/tr>\n<tr style=\"border-style: solid;border-color: #000000\">\n<td style=\"border-style: hidden;text-align: center;width: 100%\" colspan=\"2\"><img data-recalc-dims=\"1\" fetchpriority=\"high\" decoding=\"async\" data-attachment-id=\"3678\" data-permalink=\"https:\/\/ffyh.unc.edu.ar\/historia\/concurso-fotografico\/img_20210825_100020633\/\" data-orig-file=\"https:\/\/i0.wp.com\/ffyh.unc.edu.ar\/historia\/wp-content\/uploads\/sites\/37\/2022\/03\/IMG_20210825_100020633-scaled-e1647910999114.jpg?fit=2560%2C595&amp;ssl=1\" data-orig-size=\"2560,595\" data-comments-opened=\"0\" data-image-meta=\"{&quot;aperture&quot;:&quot;0&quot;,&quot;credit&quot;:&quot;&quot;,&quot;camera&quot;:&quot;&quot;,&quot;caption&quot;:&quot;&quot;,&quot;created_timestamp&quot;:&quot;0&quot;,&quot;copyright&quot;:&quot;&quot;,&quot;focal_length&quot;:&quot;0&quot;,&quot;iso&quot;:&quot;0&quot;,&quot;shutter_speed&quot;:&quot;0&quot;,&quot;title&quot;:&quot;&quot;,&quot;orientation&quot;:&quot;0&quot;}\" data-image-title=\"IMG_20210825_100020633\" data-image-description=\"&lt;p&gt;Panor\u00e1mica del Pabell\u00f3n Espa\u00f1a&lt;\/p&gt;\n\" data-image-caption=\"\" data-medium-file=\"https:\/\/i0.wp.com\/ffyh.unc.edu.ar\/historia\/wp-content\/uploads\/sites\/37\/2022\/03\/IMG_20210825_100020633-scaled-e1647910999114.jpg?fit=300%2C70&amp;ssl=1\" data-large-file=\"https:\/\/i0.wp.com\/ffyh.unc.edu.ar\/historia\/wp-content\/uploads\/sites\/37\/2022\/03\/IMG_20210825_100020633-scaled-e1647910999114.jpg?fit=1000%2C232&amp;ssl=1\" class=\"aligncenter wp-image-3678 size-large\" src=\"https:\/\/i0.wp.com\/ffyh.unc.edu.ar\/historia\/wp-content\/uploads\/sites\/37\/2022\/03\/IMG_20210825_100020633-scaled-e1647910999114-1024x238.jpg?resize=1000%2C232\" alt=\"\" width=\"1000\" height=\"232\" srcset=\"https:\/\/i0.wp.com\/ffyh.unc.edu.ar\/historia\/wp-content\/uploads\/sites\/37\/2022\/03\/IMG_20210825_100020633-scaled-e1647910999114.jpg?resize=1024%2C238&amp;ssl=1 1024w, https:\/\/i0.wp.com\/ffyh.unc.edu.ar\/historia\/wp-content\/uploads\/sites\/37\/2022\/03\/IMG_20210825_100020633-scaled-e1647910999114.jpg?resize=300%2C70&amp;ssl=1 300w, https:\/\/i0.wp.com\/ffyh.unc.edu.ar\/historia\/wp-content\/uploads\/sites\/37\/2022\/03\/IMG_20210825_100020633-scaled-e1647910999114.jpg?resize=768%2C179&amp;ssl=1 768w, https:\/\/i0.wp.com\/ffyh.unc.edu.ar\/historia\/wp-content\/uploads\/sites\/37\/2022\/03\/IMG_20210825_100020633-scaled-e1647910999114.jpg?resize=1536%2C357&amp;ssl=1 1536w, https:\/\/i0.wp.com\/ffyh.unc.edu.ar\/historia\/wp-content\/uploads\/sites\/37\/2022\/03\/IMG_20210825_100020633-scaled-e1647910999114.jpg?resize=2048%2C476&amp;ssl=1 2048w, https:\/\/i0.wp.com\/ffyh.unc.edu.ar\/historia\/wp-content\/uploads\/sites\/37\/2022\/03\/IMG_20210825_100020633-scaled-e1647910999114.jpg?resize=600%2C139&amp;ssl=1 600w\" sizes=\"(max-width: 1000px) 100vw, 1000px\" \/><\/p>\n<p><strong><span style=\"color: #333333\">Concurso fotogr\u00e1fico de la Escuela de Historia<\/span><\/strong><\/p>\n<p><span style=\"color: #000080\"><span style=\"font-size: 24pt\"><strong><em>Profundidad de campo<br \/>\n<\/em><\/strong><\/span><span style=\"color: #333333\">-edici\u00f3n 2022-<\/span><\/span><\/td>\n<\/tr>\n<tr style=\"background-color: #bdbdbd\">\n<td style=\"border-style: hidden;text-align: center;width: 100%\" colspan=\"2\">\n<p style=\"text-align: justify\"><span style=\"color: #333333\">El concepto \u00f3ptico y fotogr\u00e1fico de \u201c<strong>profundidad de campo<\/strong>\u201d alude al conjunto de planos enfocados en una imagen, es decir, a la mayor o menor zona de nitidez por delante y detr\u00e1s del asunto sobre el cual se desea llamar la atenci\u00f3n.<\/span><\/p>\n<p style=\"text-align: justify\"><span style=\"color: #333333\">Al igual que la fotograf\u00eda destaca o torna borrosos aspectos de la realidad, para el oficio de historiadorxs es relevante comprender no s\u00f3lo la importancia del punto de vista sino tambi\u00e9n los determinantes t\u00e9cnicos, culturales y metodol\u00f3gicos que traducen esos fen\u00f3menos a formas textuales, im\u00e1genes, a oralidad, etc. A su vez, las decisiones pol\u00edticas, te\u00f3ricas, \u00e9ticas y est\u00e9ticas que fundamentan qu\u00e9 planos tendr\u00e1n mayor visibilidad y cu\u00e1les no, \u00a0constituyen otro motivo de analog\u00eda entre la pr\u00e1ctica fotogr\u00e1fica y el oficio de historiadorxs. <\/span><\/p>\n<p style=\"text-align: justify\"><span style=\"color: #000000\"><span style=\"color: #333333\">El tema para la <span style=\"color: #000080\"><strong>edici\u00f3n 2022 del concurso <\/strong><\/span>fue <strong><span style=\"color: #000080\">\u201cEl Espa\u00f1a en foco\u201d<\/span>. <\/strong>La consigna era presentar fotograf\u00edas que captaran de alg\u00fan modo o en alguno de sus m\u00faltiples aspectos y momentos <strong><em>la vida colectiva de la Escuela de Historia<\/em><\/strong>.<\/span><\/span><\/p>\n<\/td>\n<\/tr>\n<tr>\n<td style=\"border-style: hidden;text-align: center;width: 100%\" colspan=\"2\">&nbsp;<\/p>\n<p style=\"text-align: justify\"><span style=\"color: #333333\">Las fotograf\u00edas que decoran hoy las paredes del Espa\u00f1a y que publicamos tambi\u00e9n en la galer\u00eda digital nos ofrecen momentos captados a partir de esa consigna. Estas im\u00e1genes fueron votadas en una galer\u00eda digital abierta, entre el 13 y el 24 de junio de 2022.<\/span><\/p>\n<p style=\"text-align: justify\"><span style=\"color: #333333\">\u00a1A todos y a todas quienes se sumaron y participaron con sus fotograf\u00edas y sus votos, muchas gracias!<\/span><\/p>\n<p style=\"text-align: right\">Isabel Castro y Pablo Molina<br \/>\nDirecci\u00f3n de la Escuela de Historia<br \/>\n<span style=\"font-size: 10pt\">Julio de 2022<\/span><\/p>\n<\/td>\n<\/tr>\n<tr style=\"background-color: #bdbdbd\">\n<td style=\"width: 100%;border-style: hidden;text-align: center\" colspan=\"2\"><a href=\"https:\/\/ffyh.unc.edu.ar\/historia\/concurso-fotografico\/galeria\/\"><strong><span style=\"color: #ff6600\">Ingresar a Galer\u00eda<\/span><\/strong><\/a><\/td>\n<\/tr>\n<\/tbody>\n<\/table>\n<p>&nbsp;<\/p>\n","protected":false},"excerpt":{"rendered":"<p>Direcci\u00f3n de la Escuela de Historia Concurso fotogr\u00e1fico de la Escuela de Historia Profundidad de campo -edici\u00f3n 2022- El concepto \u00f3ptico y fotogr\u00e1fico de \u201cprofundidad de campo\u201d alude al conjunto de planos enfocados en una imagen, es decir, a la mayor o menor zona de nitidez por delante y detr\u00e1s del asunto sobre el cual&#8230; <\/p>\n<div class=\"link-more\"><a href=\"https:\/\/ffyh.unc.edu.ar\/historia\/concurso-fotografico\/\">Lea m\u00e1s<\/a><\/div>\n","protected":false},"author":34,"featured_media":0,"parent":0,"menu_order":50,"comment_status":"closed","ping_status":"closed","template":"","meta":{"_acf_changed":false,"_monsterinsights_skip_tracking":false,"_monsterinsights_sitenote_active":false,"_monsterinsights_sitenote_note":"","_monsterinsights_sitenote_category":0,"footnotes":""},"class_list":["post-3661","page","type-page","status-publish","hentry"],"acf":[],"jetpack_sharing_enabled":true,"_links":{"self":[{"href":"https:\/\/ffyh.unc.edu.ar\/historia\/wp-json\/wp\/v2\/pages\/3661","targetHints":{"allow":["GET"]}}],"collection":[{"href":"https:\/\/ffyh.unc.edu.ar\/historia\/wp-json\/wp\/v2\/pages"}],"about":[{"href":"https:\/\/ffyh.unc.edu.ar\/historia\/wp-json\/wp\/v2\/types\/page"}],"author":[{"embeddable":true,"href":"https:\/\/ffyh.unc.edu.ar\/historia\/wp-json\/wp\/v2\/users\/34"}],"replies":[{"embeddable":true,"href":"https:\/\/ffyh.unc.edu.ar\/historia\/wp-json\/wp\/v2\/comments?post=3661"}],"version-history":[{"count":45,"href":"https:\/\/ffyh.unc.edu.ar\/historia\/wp-json\/wp\/v2\/pages\/3661\/revisions"}],"predecessor-version":[{"id":4774,"href":"https:\/\/ffyh.unc.edu.ar\/historia\/wp-json\/wp\/v2\/pages\/3661\/revisions\/4774"}],"wp:attachment":[{"href":"https:\/\/ffyh.unc.edu.ar\/historia\/wp-json\/wp\/v2\/media?parent=3661"}],"curies":[{"name":"wp","href":"https:\/\/api.w.org\/{rel}","templated":true}]}}