{"id":4143,"date":"2022-07-28T18:05:47","date_gmt":"2022-07-28T18:05:47","guid":{"rendered":"https:\/\/ffyh.unc.edu.ar\/historia\/?page_id=4143"},"modified":"2025-09-08T16:44:27","modified_gmt":"2025-09-08T16:44:27","slug":"moretti","status":"publish","type":"page","link":"https:\/\/ffyh.unc.edu.ar\/historia\/nuestrxs-docentes\/moretti\/","title":{"rendered":"Ianina Moretti Basso"},"content":{"rendered":"<table style=\"border-collapse: collapse;width: 100%\">\n<tbody>\n<tr>\n<td colspan=\"2\">\n<p style=\"text-align: justify\"><img data-recalc-dims=\"1\" decoding=\"async\" data-attachment-id=\"4966\" data-permalink=\"https:\/\/ffyh.unc.edu.ar\/historia\/nuestrxs-docentes\/moretti\/img-20220902-wa0063\/\" data-orig-file=\"https:\/\/i0.wp.com\/ffyh.unc.edu.ar\/historia\/wp-content\/uploads\/sites\/37\/2022\/09\/IMG-20220902-WA0063-e1662236960715.jpg?fit=672%2C722&amp;ssl=1\" data-orig-size=\"672,722\" data-comments-opened=\"0\" data-image-meta=\"{&quot;aperture&quot;:&quot;0&quot;,&quot;credit&quot;:&quot;&quot;,&quot;camera&quot;:&quot;&quot;,&quot;caption&quot;:&quot;&quot;,&quot;created_timestamp&quot;:&quot;0&quot;,&quot;copyright&quot;:&quot;&quot;,&quot;focal_length&quot;:&quot;0&quot;,&quot;iso&quot;:&quot;0&quot;,&quot;shutter_speed&quot;:&quot;0&quot;,&quot;title&quot;:&quot;&quot;,&quot;orientation&quot;:&quot;0&quot;}\" data-image-title=\"IMG-20220902-WA0063\" data-image-description=\"\" data-image-caption=\"\" data-medium-file=\"https:\/\/i0.wp.com\/ffyh.unc.edu.ar\/historia\/wp-content\/uploads\/sites\/37\/2022\/09\/IMG-20220902-WA0063-e1662236960715.jpg?fit=279%2C300&amp;ssl=1\" data-large-file=\"https:\/\/i0.wp.com\/ffyh.unc.edu.ar\/historia\/wp-content\/uploads\/sites\/37\/2022\/09\/IMG-20220902-WA0063-e1662236960715.jpg?fit=1000%2C896&amp;ssl=1\" class=\"alignleft size-thumbnail wp-image-4966\" src=\"https:\/\/i0.wp.com\/ffyh.unc.edu.ar\/historia\/wp-content\/uploads\/sites\/37\/2022\/09\/IMG-20220902-WA0063-e1662236960715-150x150.jpg?resize=150%2C150\" alt=\"\" width=\"150\" height=\"150\" srcset=\"https:\/\/i0.wp.com\/ffyh.unc.edu.ar\/historia\/wp-content\/uploads\/sites\/37\/2022\/09\/IMG-20220902-WA0063-e1662236960715.jpg?resize=150%2C150&amp;ssl=1 150w, https:\/\/i0.wp.com\/ffyh.unc.edu.ar\/historia\/wp-content\/uploads\/sites\/37\/2022\/09\/IMG-20220902-WA0063-e1662236960715.jpg?zoom=2&amp;resize=150%2C150 300w, https:\/\/i0.wp.com\/ffyh.unc.edu.ar\/historia\/wp-content\/uploads\/sites\/37\/2022\/09\/IMG-20220902-WA0063-e1662236960715.jpg?zoom=3&amp;resize=150%2C150 450w\" sizes=\"(max-width: 150px) 100vw, 150px\" \/>Ianina Moretti Basso es profesora asistente concursada en la C\u00e1tedra de Introducci\u00f3n a la Problem\u00e1tica Filos\u00f3fica, Escuela de Historia, FFyH\u2013UNC. Es Doctora en Filosof\u00eda por la Facultad de Filosof\u00eda y Humanidades, Universidad Nacional de C\u00f3rdoba (UNC) y Licenciada en Filosof\u00eda por la misma Facultad. Actualmente cursa su posdoctorado con beca CONICET, radicada en el Instituto de Humanidades de la FFyH &#8211; UNC.<\/p>\n<p style=\"text-align: justify\">Es investigadora en el proyecto \u201cEmociones, temporalidades, im\u00e1genes. Hacia una cr\u00edtica de la sensibilidad neoliberal\u201d, dirigido por el Dr. Eduardo Mattio y codirigido por Mgrt. Liliana Pereyra,\u00a0inscripto en el Programa Feminismos, G\u00e9neros y Sexualidades, CIFFyH, UNC. Es investigadora visitante en el proyecto UBACyT dirigido por la Dra. Cecilia Mac\u00f3n \u00abDeshacer los Afectos II\u00bb, de la FFyL de la Universidad de Buenos Aires. Ha realizado estancias de investigaci\u00f3n en la Universidad Aut\u00f3noma Metropolitana, Unidad Xochimilco, M\u00e9xico y fue docente invitada en el marco del Doctorado en Humanidades de la misma, a cargo del Dr. Mario Rufer, as\u00ed como en la Maestr\u00eda en Antropolog\u00eda Social de la Benem\u00e9rita Universidad Aut\u00f3noma de Puebla. Ha dictado cursos de posgrado en la Universidad Nacional de Catamarca y en la Universidad de Cuyo. Ha organizado y participado de distintas actividades de Extensi\u00f3n de nuestra Facultad.<\/p>\n<p style=\"text-align: justify\">Coordina el \u00c1rea de Formaci\u00f3n en G\u00e9nero, Sexualidades y ESI de la FFyH, UNC. Tiene publicaciones en revistas y partes de libros en el \u00e1rea de filosof\u00eda pol\u00edtica, filosof\u00eda pr\u00e1ctica y feminismos.<\/p>\n<\/td>\n<\/tr>\n<tr>\n<td style=\"width: 0.491159%\" colspan=\"2\">Contacto: <a href=\"mailto:ianina.moretti@unc.edu.ar\">ianina.moretti@unc.edu.ar<\/a><\/td>\n<\/tr>\n<\/tbody>\n<\/table>\n","protected":false},"excerpt":{"rendered":"<p>Ianina Moretti Basso es profesora asistente concursada en la C\u00e1tedra de Introducci\u00f3n a la Problem\u00e1tica Filos\u00f3fica, Escuela de Historia, FFyH\u2013UNC. Es Doctora en Filosof\u00eda por la Facultad de Filosof\u00eda y Humanidades, Universidad Nacional de C\u00f3rdoba (UNC) y Licenciada en Filosof\u00eda por la misma Facultad. Actualmente cursa su posdoctorado con beca CONICET, radicada en el Instituto&#8230; <\/p>\n<div class=\"link-more\"><a href=\"https:\/\/ffyh.unc.edu.ar\/historia\/nuestrxs-docentes\/moretti\/\">Lea m\u00e1s<\/a><\/div>\n","protected":false},"author":34,"featured_media":0,"parent":4089,"menu_order":0,"comment_status":"closed","ping_status":"closed","template":"","meta":{"_acf_changed":false,"_monsterinsights_skip_tracking":false,"_monsterinsights_sitenote_active":false,"_monsterinsights_sitenote_note":"","_monsterinsights_sitenote_category":0,"footnotes":""},"class_list":["post-4143","page","type-page","status-publish","hentry"],"acf":[],"jetpack_sharing_enabled":true,"_links":{"self":[{"href":"https:\/\/ffyh.unc.edu.ar\/historia\/wp-json\/wp\/v2\/pages\/4143","targetHints":{"allow":["GET"]}}],"collection":[{"href":"https:\/\/ffyh.unc.edu.ar\/historia\/wp-json\/wp\/v2\/pages"}],"about":[{"href":"https:\/\/ffyh.unc.edu.ar\/historia\/wp-json\/wp\/v2\/types\/page"}],"author":[{"embeddable":true,"href":"https:\/\/ffyh.unc.edu.ar\/historia\/wp-json\/wp\/v2\/users\/34"}],"replies":[{"embeddable":true,"href":"https:\/\/ffyh.unc.edu.ar\/historia\/wp-json\/wp\/v2\/comments?post=4143"}],"version-history":[{"count":10,"href":"https:\/\/ffyh.unc.edu.ar\/historia\/wp-json\/wp\/v2\/pages\/4143\/revisions"}],"predecessor-version":[{"id":6679,"href":"https:\/\/ffyh.unc.edu.ar\/historia\/wp-json\/wp\/v2\/pages\/4143\/revisions\/6679"}],"up":[{"embeddable":true,"href":"https:\/\/ffyh.unc.edu.ar\/historia\/wp-json\/wp\/v2\/pages\/4089"}],"wp:attachment":[{"href":"https:\/\/ffyh.unc.edu.ar\/historia\/wp-json\/wp\/v2\/media?parent=4143"}],"curies":[{"name":"wp","href":"https:\/\/api.w.org\/{rel}","templated":true}]}}

<table style="border-collapse: collapse;width: 100%">
<tbody>
<tr>
<td colspan="2">
<p style="text-align: justify"><img data-recalc-dims="1" decoding="async" data-attachment-id="4966" data-permalink="https://ffyh.unc.edu.ar/historia/nuestrxs-docentes/moretti/img-20220902-wa0063/" data-orig-file="https://i0.wp.com/ffyh.unc.edu.ar/historia/wp-content/uploads/sites/37/2022/09/IMG-20220902-WA0063-e1662236960715.jpg?fit=672%2C722&amp;ssl=1" data-orig-size="672,722" data-comments-opened="0" data-image-meta="{&quot;aperture&quot;:&quot;0&quot;,&quot;credit&quot;:&quot;&quot;,&quot;camera&quot;:&quot;&quot;,&quot;caption&quot;:&quot;&quot;,&quot;created_timestamp&quot;:&quot;0&quot;,&quot;copyright&quot;:&quot;&quot;,&quot;focal_length&quot;:&quot;0&quot;,&quot;iso&quot;:&quot;0&quot;,&quot;shutter_speed&quot;:&quot;0&quot;,&quot;title&quot;:&quot;&quot;,&quot;orientation&quot;:&quot;0&quot;}" data-image-title="IMG-20220902-WA0063" data-image-description="" data-image-caption="" data-medium-file="https://i0.wp.com/ffyh.unc.edu.ar/historia/wp-content/uploads/sites/37/2022/09/IMG-20220902-WA0063-e1662236960715.jpg?fit=279%2C300&amp;ssl=1" data-large-file="https://i0.wp.com/ffyh.unc.edu.ar/historia/wp-content/uploads/sites/37/2022/09/IMG-20220902-WA0063-e1662236960715.jpg?fit=1000%2C896&amp;ssl=1" class="alignleft size-thumbnail wp-image-4966" src="https://i0.wp.com/ffyh.unc.edu.ar/historia/wp-content/uploads/sites/37/2022/09/IMG-20220902-WA0063-e1662236960715-150x150.jpg?resize=150%2C150" alt="" width="150" height="150" srcset="https://i0.wp.com/ffyh.unc.edu.ar/historia/wp-content/uploads/sites/37/2022/09/IMG-20220902-WA0063-e1662236960715.jpg?resize=150%2C150&amp;ssl=1 150w, https://i0.wp.com/ffyh.unc.edu.ar/historia/wp-content/uploads/sites/37/2022/09/IMG-20220902-WA0063-e1662236960715.jpg?zoom=2&amp;resize=150%2C150 300w, https://i0.wp.com/ffyh.unc.edu.ar/historia/wp-content/uploads/sites/37/2022/09/IMG-20220902-WA0063-e1662236960715.jpg?zoom=3&amp;resize=150%2C150 450w" sizes="(max-width: 150px) 100vw, 150px" />Ianina Moretti Basso es profesora asistente concursada en la Cátedra de Introducción a la Problemática Filosófica, Escuela de Historia, FFyH–UNC. Es Doctora en Filosofía por la Facultad de Filosofía y Humanidades, Universidad Nacional de Córdoba (UNC) y Licenciada en Filosofía por la misma Facultad. Actualmente cursa su posdoctorado con beca CONICET, radicada en el Instituto de Humanidades de la FFyH &#8211; UNC.</p>
<p style="text-align: justify">Es investigadora en el proyecto “Emociones, temporalidades, imágenes. Hacia una crítica de la sensibilidad neoliberal”, dirigido por el Dr. Eduardo Mattio y codirigido por Mgrt. Liliana Pereyra, inscripto en el Programa Feminismos, Géneros y Sexualidades, CIFFyH, UNC. Es investigadora visitante en el proyecto UBACyT dirigido por la Dra. Cecilia Macón «Deshacer los Afectos II», de la FFyL de la Universidad de Buenos Aires. Ha realizado estancias de investigación en la Universidad Autónoma Metropolitana, Unidad Xochimilco, México y fue docente invitada en el marco del Doctorado en Humanidades de la misma, a cargo del Dr. Mario Rufer, así como en la Maestría en Antropología Social de la Benemérita Universidad Autónoma de Puebla. Ha dictado cursos de posgrado en la Universidad Nacional de Catamarca y en la Universidad de Cuyo. Ha organizado y participado de distintas actividades de Extensión de nuestra Facultad.</p>
<p style="text-align: justify">Coordina el Área de Formación en Género, Sexualidades y ESI de la FFyH, UNC. Tiene publicaciones en revistas y partes de libros en el área de filosofía política, filosofía práctica y feminismos.</p>
</td>
</tr>
<tr>
<td style="width: 0.491159%" colspan="2">Contacto: <a href="mailto:ianina.moretti@unc.edu.ar">ianina.moretti@unc.edu.ar</a></td>
</tr>
</tbody>
</table>

<p>Ianina Moretti Basso es profesora asistente concursada en la Cátedra de Introducción a la Problemática Filosófica, Escuela de Historia, FFyH–UNC. Es Doctora en Filosofía por la Facultad de Filosofía y Humanidades, Universidad Nacional de Córdoba (UNC) y Licenciada en Filosofía por la misma Facultad. Actualmente cursa su posdoctorado con beca CONICET, radicada en el Instituto&#8230; </p>
<div class="link-more"><a href="https://ffyh.unc.edu.ar/historia/nuestrxs-docentes/moretti/">Lea más</a></div>
