{"id":4145,"date":"2022-07-28T18:07:21","date_gmt":"2022-07-28T18:07:21","guid":{"rendered":"https:\/\/ffyh.unc.edu.ar\/historia\/?page_id=4145"},"modified":"2026-02-05T21:39:58","modified_gmt":"2026-02-05T21:39:58","slug":"philp","status":"publish","type":"page","link":"https:\/\/ffyh.unc.edu.ar\/historia\/nuestrxs-docentes\/philp\/","title":{"rendered":"Mar\u00eda Marta Philp"},"content":{"rendered":"<table style=\"border-collapse: collapse;width: 100%\">\n<tbody>\n<tr>\n<td colspan=\"2\">\n<p style=\"text-align: justify\"><img data-recalc-dims=\"1\" loading=\"lazy\" decoding=\"async\" data-attachment-id=\"4677\" data-permalink=\"https:\/\/ffyh.unc.edu.ar\/historia\/nuestrxs-docentes\/philp\/philp_foto-2\/\" data-orig-file=\"https:\/\/i0.wp.com\/ffyh.unc.edu.ar\/historia\/wp-content\/uploads\/sites\/37\/2022\/07\/Philp_foto-1.jpg?fit=341%2C341&amp;ssl=1\" data-orig-size=\"341,341\" data-comments-opened=\"0\" data-image-meta=\"{&quot;aperture&quot;:&quot;0&quot;,&quot;credit&quot;:&quot;&quot;,&quot;camera&quot;:&quot;&quot;,&quot;caption&quot;:&quot;&quot;,&quot;created_timestamp&quot;:&quot;1658960991&quot;,&quot;copyright&quot;:&quot;&quot;,&quot;focal_length&quot;:&quot;0&quot;,&quot;iso&quot;:&quot;0&quot;,&quot;shutter_speed&quot;:&quot;0&quot;,&quot;title&quot;:&quot;&quot;,&quot;orientation&quot;:&quot;1&quot;}\" data-image-title=\"Philp_foto\" data-image-description=\"\" data-image-caption=\"\" data-medium-file=\"https:\/\/i0.wp.com\/ffyh.unc.edu.ar\/historia\/wp-content\/uploads\/sites\/37\/2022\/07\/Philp_foto-1.jpg?fit=300%2C300&amp;ssl=1\" data-large-file=\"https:\/\/i0.wp.com\/ffyh.unc.edu.ar\/historia\/wp-content\/uploads\/sites\/37\/2022\/07\/Philp_foto-1.jpg?fit=341%2C341&amp;ssl=1\" class=\"alignleft size-thumbnail wp-image-4677\" src=\"https:\/\/i0.wp.com\/ffyh.unc.edu.ar\/historia\/wp-content\/uploads\/sites\/37\/2022\/07\/Philp_foto-1.jpg?resize=150%2C150\" alt=\"\" width=\"150\" height=\"150\" srcset=\"https:\/\/i0.wp.com\/ffyh.unc.edu.ar\/historia\/wp-content\/uploads\/sites\/37\/2022\/07\/Philp_foto-1.jpg?resize=150%2C150&amp;ssl=1 150w, https:\/\/i0.wp.com\/ffyh.unc.edu.ar\/historia\/wp-content\/uploads\/sites\/37\/2022\/07\/Philp_foto-1.jpg?resize=300%2C300&amp;ssl=1 300w, https:\/\/i0.wp.com\/ffyh.unc.edu.ar\/historia\/wp-content\/uploads\/sites\/37\/2022\/07\/Philp_foto-1.jpg?w=341&amp;ssl=1 341w\" sizes=\"(max-width: 150px) 100vw, 150px\" \/>Profesora titular por concurso en Introducci\u00f3n a la Historia. Es Profesora, Licenciada y Doctora en Historia (FFyH-UNC) y Maestra en Ciencias Sociales (FLACSO-Sede M\u00e9xico). Ha dictado cursos de posgrado y de capacitaci\u00f3n docente en distintos espacios educativos sobre las siguientes tem\u00e1ticas: construcci\u00f3n del conocimiento hist\u00f3rico; historia de la historiograf\u00eda; usos del pasado; historia pol\u00edtica y reciente de C\u00f3rdoba. Ha dirigido -y dirige- tesis de grado y posgrado (maestr\u00eda y doctorado) y proyectos de investigaci\u00f3n (SECyT-UNC) desde el a\u00f1o 2010; actualmente es Directora del proyecto de investigaci\u00f3n \u201cUsos del pasado en la Argentina contempor\u00e1nea: territorios de la historia, la pol\u00edtica y la memoria\u201d, (SECyT-UNC, categor\u00eda Consolidar), radicado en el \u00c1rea de Historia del CIFFyH-UNC. Sitio web: <a href=\"https:\/\/sitio.ffyh.unc.edu.ar\/usosdelpasado\/\">https:\/\/sitio.ffyh.unc.edu.ar\/usosdelpasado\/<\/a><\/p>\n<p style=\"text-align: justify\">Ha sido Directora de la Escuela de Historia, FFyH-UNC (2014-2018) y actualmente es Directora del Doctorado en Historia, FFyH-UNC (2021-2024). Entre sus publicaciones, disponibles en los portales acad\u00e9micos, se citan: <i>Memoria y pol\u00edtica en la historia argentina reciente: una lectura desde C\u00f3rdoba<\/i> (2009; 2016), producto de su tesis doctoral; dos obras colectivas: <i>Usos del pasado en la Argentina contempor\u00e1nea: memorias, instituciones y debates<\/i> (2020), resultado del proyecto de investigaci\u00f3n ya citado, e <i>Itinerarios. Recorridos por la historia de C\u00f3rdoba <\/i>(2018), materiales destinados a la educaci\u00f3n secundaria y el art\u00edculo: \u201cHistorias renovadas e interrumpidas: Guillermo Beato y Waldo Ansaldi. Investigar el pasado y disputar el presente en C\u00f3rdoba durante las d\u00e9cadas del sesenta y setenta del siglo XX\u201d (2021). Ha participado como expositora, coordinadora, comentarista y conferencista en numerosos congresos nacionales e internacionales. Es secretaria de Redacci\u00f3n de la Revista <i>Estudios, <\/i>CEA, FCS-UNC e integrante del comit\u00e9 editorial de <i>Cuadernos de Historia<\/i>, Serie Econom\u00eda y Sociedad, revista del \u00c1rea de Historia, CIFFyH-UNC.<\/p>\n<\/td>\n<\/tr>\n<tr>\n<td style=\"width: 0.491159%\" colspan=\"2\">Contacto: <a href=\"mailto:marta.philp@unc.edu.ar\">marta.philp@unc.edu.ar<\/a><\/p>\n<p>ACADEMIA.EDU: <a href=\"https:\/\/cordoba.academia.edu\/MartaPhilp\">https:\/\/cordoba.academia.edu\/MartaPhilp<\/a><br \/>\nORCID: <a href=\"https:\/\/orcid.org\/0000-0003-3163-9512\">https:\/\/orcid.org\/<b>0000-0003-3163-9512<\/b><\/a><\/td>\n<\/tr>\n<\/tbody>\n<\/table>\n","protected":false},"excerpt":{"rendered":"<p>Profesora titular por concurso en Introducci\u00f3n a la Historia. Es Profesora, Licenciada y Doctora en Historia (FFyH-UNC) y Maestra en Ciencias Sociales (FLACSO-Sede M\u00e9xico). Ha dictado cursos de posgrado y de capacitaci\u00f3n docente en distintos espacios educativos sobre las siguientes tem\u00e1ticas: construcci\u00f3n del conocimiento hist\u00f3rico; historia de la historiograf\u00eda; usos del pasado; historia pol\u00edtica y&#8230; <\/p>\n<div class=\"link-more\"><a href=\"https:\/\/ffyh.unc.edu.ar\/historia\/nuestrxs-docentes\/philp\/\">Lea m\u00e1s<\/a><\/div>\n","protected":false},"author":34,"featured_media":0,"parent":4089,"menu_order":0,"comment_status":"closed","ping_status":"closed","template":"","meta":{"_acf_changed":false,"saved_in_kubio":false,"_monsterinsights_skip_tracking":false,"_monsterinsights_sitenote_active":false,"_monsterinsights_sitenote_note":"","_monsterinsights_sitenote_category":0,"footnotes":""},"class_list":["post-4145","page","type-page","status-publish","hentry"],"acf":[],"kubio_ai_page_context":{"short_desc":"","purpose":"general"},"jetpack_sharing_enabled":true,"_links":{"self":[{"href":"https:\/\/ffyh.unc.edu.ar\/historia\/wp-json\/wp\/v2\/pages\/4145","targetHints":{"allow":["GET"]}}],"collection":[{"href":"https:\/\/ffyh.unc.edu.ar\/historia\/wp-json\/wp\/v2\/pages"}],"about":[{"href":"https:\/\/ffyh.unc.edu.ar\/historia\/wp-json\/wp\/v2\/types\/page"}],"author":[{"embeddable":true,"href":"https:\/\/ffyh.unc.edu.ar\/historia\/wp-json\/wp\/v2\/users\/34"}],"replies":[{"embeddable":true,"href":"https:\/\/ffyh.unc.edu.ar\/historia\/wp-json\/wp\/v2\/comments?post=4145"}],"version-history":[{"count":7,"href":"https:\/\/ffyh.unc.edu.ar\/historia\/wp-json\/wp\/v2\/pages\/4145\/revisions"}],"predecessor-version":[{"id":6803,"href":"https:\/\/ffyh.unc.edu.ar\/historia\/wp-json\/wp\/v2\/pages\/4145\/revisions\/6803"}],"up":[{"embeddable":true,"href":"https:\/\/ffyh.unc.edu.ar\/historia\/wp-json\/wp\/v2\/pages\/4089"}],"wp:attachment":[{"href":"https:\/\/ffyh.unc.edu.ar\/historia\/wp-json\/wp\/v2\/media?parent=4145"}],"curies":[{"name":"wp","href":"https:\/\/api.w.org\/{rel}","templated":true}]}}