{"id":4147,"date":"2022-07-28T18:08:30","date_gmt":"2022-07-28T18:08:30","guid":{"rendered":"https:\/\/ffyh.unc.edu.ar\/historia\/?page_id=4147"},"modified":"2025-09-09T15:04:09","modified_gmt":"2025-09-09T15:04:09","slug":"gay","status":"publish","type":"page","link":"https:\/\/ffyh.unc.edu.ar\/historia\/nuestrxs-docentes\/gay\/","title":{"rendered":"Eugenia Gay"},"content":{"rendered":"<table style=\"border-collapse: collapse;width: 100%\">\n<tbody>\n<tr>\n<td colspan=\"2\">\n<p style=\"text-align: justify\"><img data-recalc-dims=\"1\" decoding=\"async\" data-attachment-id=\"4856\" data-permalink=\"https:\/\/ffyh.unc.edu.ar\/historia\/nuestrxs-docentes\/gay\/gaye_foto\/\" data-orig-file=\"https:\/\/i0.wp.com\/ffyh.unc.edu.ar\/historia\/wp-content\/uploads\/sites\/37\/2022\/08\/GayE_foto.jpeg?fit=240%2C240&amp;ssl=1\" data-orig-size=\"240,240\" data-comments-opened=\"0\" data-image-meta=\"{&quot;aperture&quot;:&quot;0&quot;,&quot;credit&quot;:&quot;&quot;,&quot;camera&quot;:&quot;&quot;,&quot;caption&quot;:&quot;&quot;,&quot;created_timestamp&quot;:&quot;1659615037&quot;,&quot;copyright&quot;:&quot;&quot;,&quot;focal_length&quot;:&quot;0&quot;,&quot;iso&quot;:&quot;0&quot;,&quot;shutter_speed&quot;:&quot;0&quot;,&quot;title&quot;:&quot;&quot;,&quot;orientation&quot;:&quot;1&quot;}\" data-image-title=\"GayE_foto\" data-image-description=\"\" data-image-caption=\"\" data-medium-file=\"https:\/\/i0.wp.com\/ffyh.unc.edu.ar\/historia\/wp-content\/uploads\/sites\/37\/2022\/08\/GayE_foto.jpeg?fit=240%2C240&amp;ssl=1\" data-large-file=\"https:\/\/i0.wp.com\/ffyh.unc.edu.ar\/historia\/wp-content\/uploads\/sites\/37\/2022\/08\/GayE_foto.jpeg?fit=240%2C240&amp;ssl=1\" class=\"alignleft size-thumbnail wp-image-4856\" src=\"https:\/\/i0.wp.com\/ffyh.unc.edu.ar\/historia\/wp-content\/uploads\/sites\/37\/2022\/08\/GayE_foto.jpeg?resize=150%2C150\" alt=\"\" width=\"150\" height=\"150\" srcset=\"https:\/\/i0.wp.com\/ffyh.unc.edu.ar\/historia\/wp-content\/uploads\/sites\/37\/2022\/08\/GayE_foto.jpeg?resize=150%2C150&amp;ssl=1 150w, https:\/\/i0.wp.com\/ffyh.unc.edu.ar\/historia\/wp-content\/uploads\/sites\/37\/2022\/08\/GayE_foto.jpeg?w=240&amp;ssl=1 240w\" sizes=\"(max-width: 150px) 100vw, 150px\" \/>Profesora Asistente concursada en la c\u00e1tedra de Introducci\u00f3n a la Historia y Profesora Asistente concursada en la c\u00e1tedra de Epistemolog\u00eda de las Ciencias Sociales de la carrera de Historia. Es miembro del Centro de Historia Intelectual de la Universidad Nacional de Quilmes y de la International Network for the Theory of History, y form\u00f3 parte de la c\u00e1tedra de Filosof\u00eda de la Historia de la Universidad de Buenos Aires. Es Doctora y Magister en Historia con especializaci\u00f3n en teor\u00eda de la historia. Ha sido becaria CNPQ, recibi\u00f3 la beca \u201cNota 10\u201d de la CAPES en Brasil, y recibi\u00f3 beca doctoral y posdoctoral de CONICET.<\/p>\n<p style=\"text-align: justify\">Ha impartido cursos de grado y posgrado en Argentina, Brasil, Jap\u00f3n y Alemania. Es autora del libro <em>La historia tras el desastre, Historiograf\u00eda alemana de posguerra<\/em> y ha participado de diversos vol\u00famenes colectivos sobre teor\u00eda y filosof\u00eda de la historia publicados en Argentina y en otros pa\u00edses. Ha publicado art\u00edculos en revistas especializadas del campo en Argentina, Brasil, Italia, Espa\u00f1a, Alemania, Estados Unidos y M\u00e9xico, entre otros. Ha traducido a autores representativos del campo te\u00f3rico, como Hayden White, Chris Lorenz, Perry Anderson y Walter Mignolo, entre otros.<\/p>\n<p style=\"text-align: justify\">Actualmente co-dirige el proyecto de investigaci\u00f3n <em>Teor\u00eda y filosof\u00eda de la historia: aproximaciones al concepto y al fen\u00f3meno de \u00abmediaci\u00f3n\u00bb<\/em>, con sede en el CIFFyH, que re\u00fane a investigadores locales y extranjeros y a estudiantes de diversas disciplinas y facultades. Participa activamente en proyectos de investigaci\u00f3n nacionales y extranjeros sobre teor\u00eda de la historia e historia intelectual y dirige tesis de grado y posgrado sobre estas tem\u00e1ticas.<\/p>\n<\/td>\n<\/tr>\n<tr>\n<td style=\"width: 0.491159%\" colspan=\"2\">Contacto: <a href=\"mailto:eugenia.gay@unc.edu.ar\" target=\"_blank\" rel=\"noopener\">eugenia.gay@unc.edu.ar<\/a><\/td>\n<\/tr>\n<\/tbody>\n<\/table>\n","protected":false},"excerpt":{"rendered":"<p>Profesora Asistente concursada en la c\u00e1tedra de Introducci\u00f3n a la Historia y Profesora Asistente concursada en la c\u00e1tedra de Epistemolog\u00eda de las Ciencias Sociales de la carrera de Historia. Es miembro del Centro de Historia Intelectual de la Universidad Nacional de Quilmes y de la International Network for the Theory of History, y form\u00f3 parte&#8230; <\/p>\n<div class=\"link-more\"><a href=\"https:\/\/ffyh.unc.edu.ar\/historia\/nuestrxs-docentes\/gay\/\">Lea m\u00e1s<\/a><\/div>\n","protected":false},"author":34,"featured_media":0,"parent":4089,"menu_order":0,"comment_status":"closed","ping_status":"closed","template":"","meta":{"_acf_changed":false,"_monsterinsights_skip_tracking":false,"_monsterinsights_sitenote_active":false,"_monsterinsights_sitenote_note":"","_monsterinsights_sitenote_category":0,"footnotes":""},"class_list":["post-4147","page","type-page","status-publish","hentry"],"acf":[],"jetpack_sharing_enabled":true,"_links":{"self":[{"href":"https:\/\/ffyh.unc.edu.ar\/historia\/wp-json\/wp\/v2\/pages\/4147","targetHints":{"allow":["GET"]}}],"collection":[{"href":"https:\/\/ffyh.unc.edu.ar\/historia\/wp-json\/wp\/v2\/pages"}],"about":[{"href":"https:\/\/ffyh.unc.edu.ar\/historia\/wp-json\/wp\/v2\/types\/page"}],"author":[{"embeddable":true,"href":"https:\/\/ffyh.unc.edu.ar\/historia\/wp-json\/wp\/v2\/users\/34"}],"replies":[{"embeddable":true,"href":"https:\/\/ffyh.unc.edu.ar\/historia\/wp-json\/wp\/v2\/comments?post=4147"}],"version-history":[{"count":11,"href":"https:\/\/ffyh.unc.edu.ar\/historia\/wp-json\/wp\/v2\/pages\/4147\/revisions"}],"predecessor-version":[{"id":6687,"href":"https:\/\/ffyh.unc.edu.ar\/historia\/wp-json\/wp\/v2\/pages\/4147\/revisions\/6687"}],"up":[{"embeddable":true,"href":"https:\/\/ffyh.unc.edu.ar\/historia\/wp-json\/wp\/v2\/pages\/4089"}],"wp:attachment":[{"href":"https:\/\/ffyh.unc.edu.ar\/historia\/wp-json\/wp\/v2\/media?parent=4147"}],"curies":[{"name":"wp","href":"https:\/\/api.w.org\/{rel}","templated":true}]}}

<table style="border-collapse: collapse;width: 100%">
<tbody>
<tr>
<td colspan="2">
<p style="text-align: justify"><img data-recalc-dims="1" decoding="async" data-attachment-id="4856" data-permalink="https://ffyh.unc.edu.ar/historia/nuestrxs-docentes/gay/gaye_foto/" data-orig-file="https://i0.wp.com/ffyh.unc.edu.ar/historia/wp-content/uploads/sites/37/2022/08/GayE_foto.jpeg?fit=240%2C240&amp;ssl=1" data-orig-size="240,240" data-comments-opened="0" data-image-meta="{&quot;aperture&quot;:&quot;0&quot;,&quot;credit&quot;:&quot;&quot;,&quot;camera&quot;:&quot;&quot;,&quot;caption&quot;:&quot;&quot;,&quot;created_timestamp&quot;:&quot;1659615037&quot;,&quot;copyright&quot;:&quot;&quot;,&quot;focal_length&quot;:&quot;0&quot;,&quot;iso&quot;:&quot;0&quot;,&quot;shutter_speed&quot;:&quot;0&quot;,&quot;title&quot;:&quot;&quot;,&quot;orientation&quot;:&quot;1&quot;}" data-image-title="GayE_foto" data-image-description="" data-image-caption="" data-medium-file="https://i0.wp.com/ffyh.unc.edu.ar/historia/wp-content/uploads/sites/37/2022/08/GayE_foto.jpeg?fit=240%2C240&amp;ssl=1" data-large-file="https://i0.wp.com/ffyh.unc.edu.ar/historia/wp-content/uploads/sites/37/2022/08/GayE_foto.jpeg?fit=240%2C240&amp;ssl=1" class="alignleft size-thumbnail wp-image-4856" src="https://i0.wp.com/ffyh.unc.edu.ar/historia/wp-content/uploads/sites/37/2022/08/GayE_foto.jpeg?resize=150%2C150" alt="" width="150" height="150" srcset="https://i0.wp.com/ffyh.unc.edu.ar/historia/wp-content/uploads/sites/37/2022/08/GayE_foto.jpeg?resize=150%2C150&amp;ssl=1 150w, https://i0.wp.com/ffyh.unc.edu.ar/historia/wp-content/uploads/sites/37/2022/08/GayE_foto.jpeg?w=240&amp;ssl=1 240w" sizes="(max-width: 150px) 100vw, 150px" />Profesora Asistente concursada en la cátedra de Introducción a la Historia y Profesora Asistente concursada en la cátedra de Epistemología de las Ciencias Sociales de la carrera de Historia. Es miembro del Centro de Historia Intelectual de la Universidad Nacional de Quilmes y de la International Network for the Theory of History, y formó parte de la cátedra de Filosofía de la Historia de la Universidad de Buenos Aires. Es Doctora y Magister en Historia con especialización en teoría de la historia. Ha sido becaria CNPQ, recibió la beca “Nota 10” de la CAPES en Brasil, y recibió beca doctoral y posdoctoral de CONICET.</p>
<p style="text-align: justify">Ha impartido cursos de grado y posgrado en Argentina, Brasil, Japón y Alemania. Es autora del libro <em>La historia tras el desastre, Historiografía alemana de posguerra</em> y ha participado de diversos volúmenes colectivos sobre teoría y filosofía de la historia publicados en Argentina y en otros países. Ha publicado artículos en revistas especializadas del campo en Argentina, Brasil, Italia, España, Alemania, Estados Unidos y México, entre otros. Ha traducido a autores representativos del campo teórico, como Hayden White, Chris Lorenz, Perry Anderson y Walter Mignolo, entre otros.</p>
<p style="text-align: justify">Actualmente co-dirige el proyecto de investigación <em>Teoría y filosofía de la historia: aproximaciones al concepto y al fenómeno de «mediación»</em>, con sede en el CIFFyH, que reúne a investigadores locales y extranjeros y a estudiantes de diversas disciplinas y facultades. Participa activamente en proyectos de investigación nacionales y extranjeros sobre teoría de la historia e historia intelectual y dirige tesis de grado y posgrado sobre estas temáticas.</p>
</td>
</tr>
<tr>
<td style="width: 0.491159%" colspan="2">Contacto: <a href="mailto:eugenia.gay@unc.edu.ar" target="_blank" rel="noopener">eugenia.gay@unc.edu.ar</a></td>
</tr>
</tbody>
</table>

<p>Profesora Asistente concursada en la cátedra de Introducción a la Historia y Profesora Asistente concursada en la cátedra de Epistemología de las Ciencias Sociales de la carrera de Historia. Es miembro del Centro de Historia Intelectual de la Universidad Nacional de Quilmes y de la International Network for the Theory of History, y formó parte&#8230; </p>
<div class="link-more"><a href="https://ffyh.unc.edu.ar/historia/nuestrxs-docentes/gay/">Lea más</a></div>
