{"id":4153,"date":"2022-07-28T18:10:41","date_gmt":"2022-07-28T18:10:41","guid":{"rendered":"https:\/\/ffyh.unc.edu.ar\/historia\/?page_id=4153"},"modified":"2022-08-03T21:41:06","modified_gmt":"2022-08-03T21:41:06","slug":"reyna","status":"publish","type":"page","link":"https:\/\/ffyh.unc.edu.ar\/historia\/nuestrxs-docentes\/reyna\/","title":{"rendered":"Franco Dami\u00e1n Reyna"},"content":{"rendered":"<table style=\"border-collapse: collapse;width: 100%\">\n<tbody>\n<tr>\n<td colspan=\"2\">\n<p style=\"text-align: justify\"><img data-recalc-dims=\"1\" decoding=\"async\" data-attachment-id=\"4703\" data-permalink=\"https:\/\/ffyh.unc.edu.ar\/historia\/nuestrxs-docentes\/reyna\/reyna_foto\/\" data-orig-file=\"https:\/\/i0.wp.com\/ffyh.unc.edu.ar\/historia\/wp-content\/uploads\/sites\/37\/2022\/07\/Reyna_foto.jpg?fit=1403%2C1403&amp;ssl=1\" data-orig-size=\"1403,1403\" data-comments-opened=\"0\" data-image-meta=\"{&quot;aperture&quot;:&quot;0&quot;,&quot;credit&quot;:&quot;&quot;,&quot;camera&quot;:&quot;&quot;,&quot;caption&quot;:&quot;&quot;,&quot;created_timestamp&quot;:&quot;1658961103&quot;,&quot;copyright&quot;:&quot;&quot;,&quot;focal_length&quot;:&quot;0&quot;,&quot;iso&quot;:&quot;0&quot;,&quot;shutter_speed&quot;:&quot;0&quot;,&quot;title&quot;:&quot;&quot;,&quot;orientation&quot;:&quot;1&quot;}\" data-image-title=\"Reyna_foto\" data-image-description=\"\" data-image-caption=\"\" data-medium-file=\"https:\/\/i0.wp.com\/ffyh.unc.edu.ar\/historia\/wp-content\/uploads\/sites\/37\/2022\/07\/Reyna_foto.jpg?fit=300%2C300&amp;ssl=1\" data-large-file=\"https:\/\/i0.wp.com\/ffyh.unc.edu.ar\/historia\/wp-content\/uploads\/sites\/37\/2022\/07\/Reyna_foto.jpg?fit=1000%2C1000&amp;ssl=1\" class=\"alignleft size-thumbnail wp-image-4703\" src=\"https:\/\/i0.wp.com\/ffyh.unc.edu.ar\/historia\/wp-content\/uploads\/sites\/37\/2022\/07\/Reyna_foto.jpg?resize=150%2C150\" alt=\"\" width=\"150\" height=\"150\" srcset=\"https:\/\/i0.wp.com\/ffyh.unc.edu.ar\/historia\/wp-content\/uploads\/sites\/37\/2022\/07\/Reyna_foto.jpg?resize=150%2C150&amp;ssl=1 150w, https:\/\/i0.wp.com\/ffyh.unc.edu.ar\/historia\/wp-content\/uploads\/sites\/37\/2022\/07\/Reyna_foto.jpg?resize=300%2C300&amp;ssl=1 300w, https:\/\/i0.wp.com\/ffyh.unc.edu.ar\/historia\/wp-content\/uploads\/sites\/37\/2022\/07\/Reyna_foto.jpg?resize=1024%2C1024&amp;ssl=1 1024w, https:\/\/i0.wp.com\/ffyh.unc.edu.ar\/historia\/wp-content\/uploads\/sites\/37\/2022\/07\/Reyna_foto.jpg?resize=768%2C768&amp;ssl=1 768w, https:\/\/i0.wp.com\/ffyh.unc.edu.ar\/historia\/wp-content\/uploads\/sites\/37\/2022\/07\/Reyna_foto.jpg?w=1403&amp;ssl=1 1403w\" sizes=\"(max-width: 150px) 100vw, 150px\" \/>Profesor Asistente por concurso en \u201cTaller de Aplicaci\u00f3n\u201d. Doctor y Licenciado en Historia por la Universidad Nacional de C\u00f3rdoba (UNC). Sus \u00e1reas de especialidad son Asociacionismo, ocio y deporte; Metodolog\u00eda de la Investigaci\u00f3n.<\/p>\n<p style=\"text-align: justify\">Entre sus principales publicaciones se cuentan <em>Cuando \u00e9ramos footballers. Una historia sociocultural del surgimiento y la difusi\u00f3n del f\u00fatbol en C\u00f3rdoba (1900-1920)<\/em>; \u201cF\u00fatbol y espect\u00e1culo de masas en C\u00f3rdoba (Argentina) durante los a\u00f1os veinte\u201d; \u201cEl proceso de transformaci\u00f3n de los clubes de f\u00fatbol en entidades sociales y deportivas en C\u00f3rdoba (Argentina) en los a\u00f1os de entreguerras\u201d;\u00a0 \u201cJugar al f\u00fatbol en la C\u00f3rdoba (Argentina) de entreguerras: la conformaci\u00f3n de subjetividades e identidades en el deporte\u201d; \u201cEl proceso de internacionalizaci\u00f3n del f\u00fatbol a partir de los contactos e intercambios transcontinentales. Los equipos argentinos y el FC Barcelona en 1928\u201d.<\/p>\n<p style=\"text-align: justify\">Forma parte de varias investigaciones colectivas en curso tales como \u201cEstado y sociedad en la producci\u00f3n de bienestar. Un estudio comparativo de la implementaci\u00f3n de pol\u00edticas sociales en un espacio provincial. C\u00f3rdoba, 1930-1955\u201d; \u201c\u00bfEl estado en acci\u00f3n? Actores sociales y pol\u00edticos en la implementaci\u00f3n de pol\u00edticas p\u00fablicas, C\u00f3rdoba, Argentina, 1912-1976\u201d; \u201cProducci\u00f3n y reproducci\u00f3n de la desigualdad social en clave diacr\u00f3nica. Pasado, presente y futuro de un fen\u00f3meno persistente\u201d. Actualmente, su proyecto de investigaci\u00f3n individual se titula \u201cEl deporte como espect\u00e1culo de masas y de nuevas formas de sociabilidad asociativa en C\u00f3rdoba en los a\u00f1os peronistas (1943-55): de las realidades micro a los contactos trasnacionales\u201d.<\/p>\n<\/td>\n<\/tr>\n<tr>\n<td style=\"width: 0.491159%\" colspan=\"2\">Contacto: <a href=\"mailto:franco.reyna@unc.edu.ar\">franco.reyna@unc.edu.ar<\/a><\/td>\n<\/tr>\n<\/tbody>\n<\/table>\n","protected":false},"excerpt":{"rendered":"<p>Profesor Asistente por concurso en \u201cTaller de Aplicaci\u00f3n\u201d. Doctor y Licenciado en Historia por la Universidad Nacional de C\u00f3rdoba (UNC). Sus \u00e1reas de especialidad son Asociacionismo, ocio y deporte; Metodolog\u00eda de la Investigaci\u00f3n. Entre sus principales publicaciones se cuentan Cuando \u00e9ramos footballers. Una historia sociocultural del surgimiento y la difusi\u00f3n del f\u00fatbol en C\u00f3rdoba (1900-1920);&#8230; <\/p>\n<div class=\"link-more\"><a href=\"https:\/\/ffyh.unc.edu.ar\/historia\/nuestrxs-docentes\/reyna\/\">Lea m\u00e1s<\/a><\/div>\n","protected":false},"author":34,"featured_media":0,"parent":4089,"menu_order":0,"comment_status":"closed","ping_status":"closed","template":"","meta":{"_acf_changed":false,"_monsterinsights_skip_tracking":false,"_monsterinsights_sitenote_active":false,"_monsterinsights_sitenote_note":"","_monsterinsights_sitenote_category":0,"footnotes":""},"class_list":["post-4153","page","type-page","status-publish","hentry"],"acf":[],"jetpack_sharing_enabled":true,"_links":{"self":[{"href":"https:\/\/ffyh.unc.edu.ar\/historia\/wp-json\/wp\/v2\/pages\/4153","targetHints":{"allow":["GET"]}}],"collection":[{"href":"https:\/\/ffyh.unc.edu.ar\/historia\/wp-json\/wp\/v2\/pages"}],"about":[{"href":"https:\/\/ffyh.unc.edu.ar\/historia\/wp-json\/wp\/v2\/types\/page"}],"author":[{"embeddable":true,"href":"https:\/\/ffyh.unc.edu.ar\/historia\/wp-json\/wp\/v2\/users\/34"}],"replies":[{"embeddable":true,"href":"https:\/\/ffyh.unc.edu.ar\/historia\/wp-json\/wp\/v2\/comments?post=4153"}],"version-history":[{"count":5,"href":"https:\/\/ffyh.unc.edu.ar\/historia\/wp-json\/wp\/v2\/pages\/4153\/revisions"}],"predecessor-version":[{"id":4828,"href":"https:\/\/ffyh.unc.edu.ar\/historia\/wp-json\/wp\/v2\/pages\/4153\/revisions\/4828"}],"up":[{"embeddable":true,"href":"https:\/\/ffyh.unc.edu.ar\/historia\/wp-json\/wp\/v2\/pages\/4089"}],"wp:attachment":[{"href":"https:\/\/ffyh.unc.edu.ar\/historia\/wp-json\/wp\/v2\/media?parent=4153"}],"curies":[{"name":"wp","href":"https:\/\/api.w.org\/{rel}","templated":true}]}}

Franco Damián Reyna

<table style="border-collapse: collapse;width: 100%">
<tbody>
<tr>
<td colspan="2">
<p style="text-align: justify"><img data-recalc-dims="1" decoding="async" data-attachment-id="4703" data-permalink="https://ffyh.unc.edu.ar/historia/nuestrxs-docentes/reyna/reyna_foto/" data-orig-file="https://i0.wp.com/ffyh.unc.edu.ar/historia/wp-content/uploads/sites/37/2022/07/Reyna_foto.jpg?fit=1403%2C1403&amp;ssl=1" data-orig-size="1403,1403" data-comments-opened="0" data-image-meta="{&quot;aperture&quot;:&quot;0&quot;,&quot;credit&quot;:&quot;&quot;,&quot;camera&quot;:&quot;&quot;,&quot;caption&quot;:&quot;&quot;,&quot;created_timestamp&quot;:&quot;1658961103&quot;,&quot;copyright&quot;:&quot;&quot;,&quot;focal_length&quot;:&quot;0&quot;,&quot;iso&quot;:&quot;0&quot;,&quot;shutter_speed&quot;:&quot;0&quot;,&quot;title&quot;:&quot;&quot;,&quot;orientation&quot;:&quot;1&quot;}" data-image-title="Reyna_foto" data-image-description="" data-image-caption="" data-medium-file="https://i0.wp.com/ffyh.unc.edu.ar/historia/wp-content/uploads/sites/37/2022/07/Reyna_foto.jpg?fit=300%2C300&amp;ssl=1" data-large-file="https://i0.wp.com/ffyh.unc.edu.ar/historia/wp-content/uploads/sites/37/2022/07/Reyna_foto.jpg?fit=1000%2C1000&amp;ssl=1" class="alignleft size-thumbnail wp-image-4703" src="https://i0.wp.com/ffyh.unc.edu.ar/historia/wp-content/uploads/sites/37/2022/07/Reyna_foto.jpg?resize=150%2C150" alt="" width="150" height="150" srcset="https://i0.wp.com/ffyh.unc.edu.ar/historia/wp-content/uploads/sites/37/2022/07/Reyna_foto.jpg?resize=150%2C150&amp;ssl=1 150w, https://i0.wp.com/ffyh.unc.edu.ar/historia/wp-content/uploads/sites/37/2022/07/Reyna_foto.jpg?resize=300%2C300&amp;ssl=1 300w, https://i0.wp.com/ffyh.unc.edu.ar/historia/wp-content/uploads/sites/37/2022/07/Reyna_foto.jpg?resize=1024%2C1024&amp;ssl=1 1024w, https://i0.wp.com/ffyh.unc.edu.ar/historia/wp-content/uploads/sites/37/2022/07/Reyna_foto.jpg?resize=768%2C768&amp;ssl=1 768w, https://i0.wp.com/ffyh.unc.edu.ar/historia/wp-content/uploads/sites/37/2022/07/Reyna_foto.jpg?w=1403&amp;ssl=1 1403w" sizes="(max-width: 150px) 100vw, 150px" />Profesor Asistente por concurso en “Taller de Aplicación”. Doctor y Licenciado en Historia por la Universidad Nacional de Córdoba (UNC). Sus áreas de especialidad son Asociacionismo, ocio y deporte; Metodología de la Investigación.</p>
<p style="text-align: justify">Entre sus principales publicaciones se cuentan <em>Cuando éramos footballers. Una historia sociocultural del surgimiento y la difusión del fútbol en Córdoba (1900-1920)</em>; “Fútbol y espectáculo de masas en Córdoba (Argentina) durante los años veinte”; “El proceso de transformación de los clubes de fútbol en entidades sociales y deportivas en Córdoba (Argentina) en los años de entreguerras”;  “Jugar al fútbol en la Córdoba (Argentina) de entreguerras: la conformación de subjetividades e identidades en el deporte”; “El proceso de internacionalización del fútbol a partir de los contactos e intercambios transcontinentales. Los equipos argentinos y el FC Barcelona en 1928”.</p>
<p style="text-align: justify">Forma parte de varias investigaciones colectivas en curso tales como “Estado y sociedad en la producción de bienestar. Un estudio comparativo de la implementación de políticas sociales en un espacio provincial. Córdoba, 1930-1955”; “¿El estado en acción? Actores sociales y políticos en la implementación de políticas públicas, Córdoba, Argentina, 1912-1976”; “Producción y reproducción de la desigualdad social en clave diacrónica. Pasado, presente y futuro de un fenómeno persistente”. Actualmente, su proyecto de investigación individual se titula “El deporte como espectáculo de masas y de nuevas formas de sociabilidad asociativa en Córdoba en los años peronistas (1943-55): de las realidades micro a los contactos trasnacionales”.</p>
</td>
</tr>
<tr>
<td style="width: 0.491159%" colspan="2">Contacto: <a href="mailto:franco.reyna@unc.edu.ar">franco.reyna@unc.edu.ar</a></td>
</tr>
</tbody>
</table>

<p>Profesor Asistente por concurso en “Taller de Aplicación”. Doctor y Licenciado en Historia por la Universidad Nacional de Córdoba (UNC). Sus áreas de especialidad son Asociacionismo, ocio y deporte; Metodología de la Investigación. Entre sus principales publicaciones se cuentan Cuando éramos footballers. Una historia sociocultural del surgimiento y la difusión del fútbol en Córdoba (1900-1920);&#8230; </p>
<div class="link-more"><a href="https://ffyh.unc.edu.ar/historia/nuestrxs-docentes/reyna/">Lea más</a></div>
