{"id":4155,"date":"2022-07-28T18:11:02","date_gmt":"2022-07-28T18:11:02","guid":{"rendered":"https:\/\/ffyh.unc.edu.ar\/historia\/?page_id=4155"},"modified":"2023-02-17T17:53:34","modified_gmt":"2023-02-17T17:53:34","slug":"rivero","status":"publish","type":"page","link":"https:\/\/ffyh.unc.edu.ar\/historia\/nuestrxs-docentes\/rivero\/","title":{"rendered":"Diego Eduardo Rivero"},"content":{"rendered":"<table style=\"border-collapse: collapse;width: 100%\">\n<tbody>\n<tr>\n<td style=\"text-align: justify\" colspan=\"2\">\n<p style=\"text-align: justify\"><img data-recalc-dims=\"1\" decoding=\"async\" data-attachment-id=\"5010\" data-permalink=\"https:\/\/ffyh.unc.edu.ar\/historia\/nuestrxs-docentes\/rivero\/rivero_foto-2\/\" data-orig-file=\"https:\/\/i0.wp.com\/ffyh.unc.edu.ar\/historia\/wp-content\/uploads\/sites\/37\/2022\/09\/Rivero_foto-e1663343890924.jpg?fit=797%2C797&amp;ssl=1\" data-orig-size=\"797,797\" data-comments-opened=\"0\" data-image-meta=\"{&quot;aperture&quot;:&quot;4.8&quot;,&quot;credit&quot;:&quot;&quot;,&quot;camera&quot;:&quot;KODAK C340 ZOOM DIGITAL CAMERA&quot;,&quot;caption&quot;:&quot;&quot;,&quot;created_timestamp&quot;:&quot;1265883932&quot;,&quot;copyright&quot;:&quot;&quot;,&quot;focal_length&quot;:&quot;5.6&quot;,&quot;iso&quot;:&quot;80&quot;,&quot;shutter_speed&quot;:&quot;0.0028571428571429&quot;,&quot;title&quot;:&quot;&quot;,&quot;orientation&quot;:&quot;1&quot;}\" data-image-title=\"Rivero_foto\" data-image-description=\"\" data-image-caption=\"\" data-medium-file=\"https:\/\/i0.wp.com\/ffyh.unc.edu.ar\/historia\/wp-content\/uploads\/sites\/37\/2022\/09\/Rivero_foto-e1663343890924.jpg?fit=300%2C300&amp;ssl=1\" data-large-file=\"https:\/\/i0.wp.com\/ffyh.unc.edu.ar\/historia\/wp-content\/uploads\/sites\/37\/2022\/09\/Rivero_foto-e1663343890924.jpg?fit=739%2C1024&amp;ssl=1\" class=\"alignleft size-thumbnail wp-image-5010\" src=\"https:\/\/i0.wp.com\/ffyh.unc.edu.ar\/historia\/wp-content\/uploads\/sites\/37\/2022\/09\/Rivero_foto-e1663343890924-150x150.jpg?resize=150%2C150\" alt=\"\" width=\"150\" height=\"150\" srcset=\"https:\/\/i0.wp.com\/ffyh.unc.edu.ar\/historia\/wp-content\/uploads\/sites\/37\/2022\/09\/Rivero_foto-e1663343890924.jpg?resize=150%2C150&amp;ssl=1 150w, https:\/\/i0.wp.com\/ffyh.unc.edu.ar\/historia\/wp-content\/uploads\/sites\/37\/2022\/09\/Rivero_foto-e1663343890924.jpg?resize=300%2C300&amp;ssl=1 300w, https:\/\/i0.wp.com\/ffyh.unc.edu.ar\/historia\/wp-content\/uploads\/sites\/37\/2022\/09\/Rivero_foto-e1663343890924.jpg?resize=768%2C768&amp;ssl=1 768w, https:\/\/i0.wp.com\/ffyh.unc.edu.ar\/historia\/wp-content\/uploads\/sites\/37\/2022\/09\/Rivero_foto-e1663343890924.jpg?w=797&amp;ssl=1 797w\" sizes=\"(max-width: 150px) 100vw, 150px\" \/>Profesor Titular interino (Adjunto por concurso) de la C\u00e1tedra de Prehistoria y Arqueolog\u00eda de la Escuela de Historia, Facultad de Filosof\u00eda y Humanidades, Universidad Nacional de C\u00f3rdoba (desde el a\u00f1o 2010). Es Investigador Categor\u00eda Independiente del Consejo Nacional de Investigaciones Cient\u00edficas y T\u00e9cnicas (CONICET) (desde el a\u00f1o 2008).<\/p>\n<p style=\"text-align: justify\">Especialista en la Arqueolog\u00eda de Cazadores-recolectores, dedicado al estudio del poblamiento original en la regi\u00f3n central de la Rep\u00fablica Argentina y los cambios en los modos de vida de estos grupos a lo largo del Holoceno.<\/p>\n<p style=\"text-align: justify\">Ha publicado m\u00e1s de 50 trabajos de investigaci\u00f3n individuales o en colaboraci\u00f3n en revistas especializadas nacionales e internacionales, libros y cap\u00edtulos de libro, entre los que pueden mencionarse \u201cInitial peopling of C\u00f3rdoba Mountains, Argentina. First evidences from El Alto 3\u201d (2005), \u201cLa ocupaci\u00f3n humana durante la transici\u00f3n Pleistoceno-Holoceno (11,000 \u2013 9,000 A.P.) en las Sierras Centrales de Argentina\u201d (2012), \u201cEl paisaje social del centro de Argentina durante la transici\u00f3n Pleistoceno-Holoceno (ca. 11.000-9000 AP)\u201d (2020), \u201c<em>Ecolog\u00eda de cazadores-recolectores del sector central de las Sierras de C\u00f3rdoba (Rep. Argentina)\u201d <\/em>y<em> \u201cLos Pueblos Ind\u00edgenas de C\u00f3rdoba\u201d <\/em>(2009).<\/p>\n<p>Ha participado de la elaboraci\u00f3n de materiales did\u00e1cticos y de difusi\u00f3n como el libro <em>Los Pueblos Ind\u00edgenas de C\u00f3rdoba<\/em>\u00a0(2013) e\u00a0<em>Itinerarios. Recorridos por la historia de C\u00f3rdoba<\/em>\u00a0(2018), destinado a la educaci\u00f3n secundaria.<\/td>\n<\/tr>\n<tr>\n<td style=\"width: 0.491159%\" colspan=\"2\">Contacto: <a href=\"mailto:diego.rivero@unc.edu.ar\">diego.rivero@unc.edu.ar<\/a><\/p>\n<p>ORCID: <a href=\"http:\/\/orcid.org\/0000-0001-9815-9893\">http:\/\/orcid.org\/0000-0001-9815-9893<\/a><br \/>\nACADEMIA: <a href=\"https:\/\/independent.academia.edu\/DiegoEduardoRivero\">Diego Eduardo Rivero &#8211; Academia.edu<\/a><br \/>\nRESEARCHGATE: <a href=\"https:\/\/www.researchgate.net\/profile\/Diego-Rivero\">Diego Rivero (researchgate.net)<\/a><\/td>\n<\/tr>\n<\/tbody>\n<\/table>\n","protected":false},"excerpt":{"rendered":"<p>Profesor Titular interino (Adjunto por concurso) de la C\u00e1tedra de Prehistoria y Arqueolog\u00eda de la Escuela de Historia, Facultad de Filosof\u00eda y Humanidades, Universidad Nacional de C\u00f3rdoba (desde el a\u00f1o 2010). Es Investigador Categor\u00eda Independiente del Consejo Nacional de Investigaciones Cient\u00edficas y T\u00e9cnicas (CONICET) (desde el a\u00f1o 2008). Especialista en la Arqueolog\u00eda de Cazadores-recolectores, dedicado&#8230; <\/p>\n<div class=\"link-more\"><a href=\"https:\/\/ffyh.unc.edu.ar\/historia\/nuestrxs-docentes\/rivero\/\">Lea m\u00e1s<\/a><\/div>\n","protected":false},"author":34,"featured_media":0,"parent":4089,"menu_order":0,"comment_status":"closed","ping_status":"closed","template":"","meta":{"_acf_changed":false,"_monsterinsights_skip_tracking":false,"_monsterinsights_sitenote_active":false,"_monsterinsights_sitenote_note":"","_monsterinsights_sitenote_category":0,"footnotes":""},"class_list":["post-4155","page","type-page","status-publish","hentry"],"acf":[],"jetpack_sharing_enabled":true,"_links":{"self":[{"href":"https:\/\/ffyh.unc.edu.ar\/historia\/wp-json\/wp\/v2\/pages\/4155","targetHints":{"allow":["GET"]}}],"collection":[{"href":"https:\/\/ffyh.unc.edu.ar\/historia\/wp-json\/wp\/v2\/pages"}],"about":[{"href":"https:\/\/ffyh.unc.edu.ar\/historia\/wp-json\/wp\/v2\/types\/page"}],"author":[{"embeddable":true,"href":"https:\/\/ffyh.unc.edu.ar\/historia\/wp-json\/wp\/v2\/users\/34"}],"replies":[{"embeddable":true,"href":"https:\/\/ffyh.unc.edu.ar\/historia\/wp-json\/wp\/v2\/comments?post=4155"}],"version-history":[{"count":7,"href":"https:\/\/ffyh.unc.edu.ar\/historia\/wp-json\/wp\/v2\/pages\/4155\/revisions"}],"predecessor-version":[{"id":5236,"href":"https:\/\/ffyh.unc.edu.ar\/historia\/wp-json\/wp\/v2\/pages\/4155\/revisions\/5236"}],"up":[{"embeddable":true,"href":"https:\/\/ffyh.unc.edu.ar\/historia\/wp-json\/wp\/v2\/pages\/4089"}],"wp:attachment":[{"href":"https:\/\/ffyh.unc.edu.ar\/historia\/wp-json\/wp\/v2\/media?parent=4155"}],"curies":[{"name":"wp","href":"https:\/\/api.w.org\/{rel}","templated":true}]}}

<table style="border-collapse: collapse;width: 100%">
<tbody>
<tr>
<td style="text-align: justify" colspan="2">
<p style="text-align: justify"><img data-recalc-dims="1" decoding="async" data-attachment-id="5010" data-permalink="https://ffyh.unc.edu.ar/historia/nuestrxs-docentes/rivero/rivero_foto-2/" data-orig-file="https://i0.wp.com/ffyh.unc.edu.ar/historia/wp-content/uploads/sites/37/2022/09/Rivero_foto-e1663343890924.jpg?fit=797%2C797&amp;ssl=1" data-orig-size="797,797" data-comments-opened="0" data-image-meta="{&quot;aperture&quot;:&quot;4.8&quot;,&quot;credit&quot;:&quot;&quot;,&quot;camera&quot;:&quot;KODAK C340 ZOOM DIGITAL CAMERA&quot;,&quot;caption&quot;:&quot;&quot;,&quot;created_timestamp&quot;:&quot;1265883932&quot;,&quot;copyright&quot;:&quot;&quot;,&quot;focal_length&quot;:&quot;5.6&quot;,&quot;iso&quot;:&quot;80&quot;,&quot;shutter_speed&quot;:&quot;0.0028571428571429&quot;,&quot;title&quot;:&quot;&quot;,&quot;orientation&quot;:&quot;1&quot;}" data-image-title="Rivero_foto" data-image-description="" data-image-caption="" data-medium-file="https://i0.wp.com/ffyh.unc.edu.ar/historia/wp-content/uploads/sites/37/2022/09/Rivero_foto-e1663343890924.jpg?fit=300%2C300&amp;ssl=1" data-large-file="https://i0.wp.com/ffyh.unc.edu.ar/historia/wp-content/uploads/sites/37/2022/09/Rivero_foto-e1663343890924.jpg?fit=739%2C1024&amp;ssl=1" class="alignleft size-thumbnail wp-image-5010" src="https://i0.wp.com/ffyh.unc.edu.ar/historia/wp-content/uploads/sites/37/2022/09/Rivero_foto-e1663343890924-150x150.jpg?resize=150%2C150" alt="" width="150" height="150" srcset="https://i0.wp.com/ffyh.unc.edu.ar/historia/wp-content/uploads/sites/37/2022/09/Rivero_foto-e1663343890924.jpg?resize=150%2C150&amp;ssl=1 150w, https://i0.wp.com/ffyh.unc.edu.ar/historia/wp-content/uploads/sites/37/2022/09/Rivero_foto-e1663343890924.jpg?resize=300%2C300&amp;ssl=1 300w, https://i0.wp.com/ffyh.unc.edu.ar/historia/wp-content/uploads/sites/37/2022/09/Rivero_foto-e1663343890924.jpg?resize=768%2C768&amp;ssl=1 768w, https://i0.wp.com/ffyh.unc.edu.ar/historia/wp-content/uploads/sites/37/2022/09/Rivero_foto-e1663343890924.jpg?w=797&amp;ssl=1 797w" sizes="(max-width: 150px) 100vw, 150px" />Profesor Titular interino (Adjunto por concurso) de la Cátedra de Prehistoria y Arqueología de la Escuela de Historia, Facultad de Filosofía y Humanidades, Universidad Nacional de Córdoba (desde el año 2010). Es Investigador Categoría Independiente del Consejo Nacional de Investigaciones Científicas y Técnicas (CONICET) (desde el año 2008).</p>
<p style="text-align: justify">Especialista en la Arqueología de Cazadores-recolectores, dedicado al estudio del poblamiento original en la región central de la República Argentina y los cambios en los modos de vida de estos grupos a lo largo del Holoceno.</p>
<p style="text-align: justify">Ha publicado más de 50 trabajos de investigación individuales o en colaboración en revistas especializadas nacionales e internacionales, libros y capítulos de libro, entre los que pueden mencionarse “Initial peopling of Córdoba Mountains, Argentina. First evidences from El Alto 3” (2005), “La ocupación humana durante la transición Pleistoceno-Holoceno (11,000 – 9,000 A.P.) en las Sierras Centrales de Argentina” (2012), “El paisaje social del centro de Argentina durante la transición Pleistoceno-Holoceno (ca. 11.000-9000 AP)” (2020), “<em>Ecología de cazadores-recolectores del sector central de las Sierras de Córdoba (Rep. Argentina)” </em>y<em> “Los Pueblos Indígenas de Córdoba” </em>(2009).</p>
<p>Ha participado de la elaboración de materiales didácticos y de difusión como el libro <em>Los Pueblos Indígenas de Córdoba</em> (2013) e <em>Itinerarios. Recorridos por la historia de Córdoba</em> (2018), destinado a la educación secundaria.</td>
</tr>
<tr>
<td style="width: 0.491159%" colspan="2">Contacto: <a href="mailto:diego.rivero@unc.edu.ar">diego.rivero@unc.edu.ar</a></p>
<p>ORCID: <a href="http://orcid.org/0000-0001-9815-9893">http://orcid.org/0000-0001-9815-9893</a><br />
ACADEMIA: <a href="https://independent.academia.edu/DiegoEduardoRivero">Diego Eduardo Rivero &#8211; Academia.edu</a><br />
RESEARCHGATE: <a href="https://www.researchgate.net/profile/Diego-Rivero">Diego Rivero (researchgate.net)</a></td>
</tr>
</tbody>
</table>

<p>Profesor Titular interino (Adjunto por concurso) de la Cátedra de Prehistoria y Arqueología de la Escuela de Historia, Facultad de Filosofía y Humanidades, Universidad Nacional de Córdoba (desde el año 2010). Es Investigador Categoría Independiente del Consejo Nacional de Investigaciones Científicas y Técnicas (CONICET) (desde el año 2008). Especialista en la Arqueología de Cazadores-recolectores, dedicado&#8230; </p>
<div class="link-more"><a href="https://ffyh.unc.edu.ar/historia/nuestrxs-docentes/rivero/">Lea más</a></div>
