{"id":4161,"date":"2022-07-28T18:12:23","date_gmt":"2022-07-28T18:12:23","guid":{"rendered":"https:\/\/ffyh.unc.edu.ar\/historia\/?page_id=4161"},"modified":"2022-09-06T00:16:56","modified_gmt":"2022-09-06T00:16:56","slug":"recalde","status":"publish","type":"page","link":"https:\/\/ffyh.unc.edu.ar\/historia\/nuestrxs-docentes\/recalde\/","title":{"rendered":"Andrea Recalde"},"content":{"rendered":"<table style=\"border-collapse: collapse;width: 100%\">\n<tbody>\n<tr>\n<td style=\"text-align: justify\" colspan=\"2\">\n<p style=\"text-align: justify\"><img data-recalc-dims=\"1\" decoding=\"async\" data-attachment-id=\"4974\" data-permalink=\"https:\/\/ffyh.unc.edu.ar\/historia\/nuestrxs-docentes\/recalde\/recalde-5\/\" data-orig-file=\"https:\/\/i0.wp.com\/ffyh.unc.edu.ar\/historia\/wp-content\/uploads\/sites\/37\/2022\/09\/Recalde-5-e1662423370821.jpeg?fit=288%2C288&amp;ssl=1\" data-orig-size=\"288,288\" data-comments-opened=\"0\" data-image-meta=\"{&quot;aperture&quot;:&quot;0&quot;,&quot;credit&quot;:&quot;&quot;,&quot;camera&quot;:&quot;&quot;,&quot;caption&quot;:&quot;&quot;,&quot;created_timestamp&quot;:&quot;0&quot;,&quot;copyright&quot;:&quot;&quot;,&quot;focal_length&quot;:&quot;0&quot;,&quot;iso&quot;:&quot;0&quot;,&quot;shutter_speed&quot;:&quot;0&quot;,&quot;title&quot;:&quot;&quot;,&quot;orientation&quot;:&quot;0&quot;}\" data-image-title=\"foto_recalde\" data-image-description=\"\" data-image-caption=\"\" data-medium-file=\"https:\/\/i0.wp.com\/ffyh.unc.edu.ar\/historia\/wp-content\/uploads\/sites\/37\/2022\/09\/Recalde-5-e1662423370821.jpeg?fit=300%2C241&amp;ssl=1\" data-large-file=\"https:\/\/i0.wp.com\/ffyh.unc.edu.ar\/historia\/wp-content\/uploads\/sites\/37\/2022\/09\/Recalde-5-e1662423370821.jpeg?fit=288%2C288&amp;ssl=1\" class=\"alignleft size-thumbnail wp-image-4974\" src=\"https:\/\/i0.wp.com\/ffyh.unc.edu.ar\/historia\/wp-content\/uploads\/sites\/37\/2022\/09\/Recalde-5-e1662423370821-150x150.jpeg?resize=150%2C150\" alt=\"\" width=\"150\" height=\"150\" srcset=\"https:\/\/i0.wp.com\/ffyh.unc.edu.ar\/historia\/wp-content\/uploads\/sites\/37\/2022\/09\/Recalde-5-e1662423370821.jpeg?resize=150%2C150&amp;ssl=1 150w, https:\/\/i0.wp.com\/ffyh.unc.edu.ar\/historia\/wp-content\/uploads\/sites\/37\/2022\/09\/Recalde-5-e1662423370821.jpeg?w=288&amp;ssl=1 288w\" sizes=\"(max-width: 150px) 100vw, 150px\" \/>Profesora Asistente en Prehistoria y Arqueolog\u00eda. Es Doctora, Licenciada y Profesora en Historia por la Facultad de Filosof\u00eda y Humanidades de la UNC. Es Investigadora Adjunta del CONICET. Su campo de investigaci\u00f3n gira en torno a los estudios de arte rupestre de las comunidades originarias de Sierras Centrales en \u00e9pocas prehisp\u00e1nicas y de la conquista espa\u00f1ola. Su l\u00ednea principal de trabajo gira en torno al an\u00e1lisis de esta materialidad como una estrategia social que objetiva la construcci\u00f3n de identidad y memoria.<\/p>\n<p style=\"text-align: justify\">Ha publicado en revistas nacionales e internacionales, as\u00ed como libros y cap\u00edtulos de libros de editoriales locales y extranjeras, entre los cuales se destacan El Arte Rupestre de Argentina Ind\u00edgena. Centro. (Academia Nacional de la Historia para la Uni\u00f3n Acad\u00e9mique Internationale); The Construction of Social Memory in Cerro Colorado Rock Art (C\u00f3rdoba, Argentina) During the Late Pre-Hispanic Period (ca. 1500\u2013450 BP) en <em>Rock Art and Memory in the Transmission of Cultural Knowledge (Ed. <\/em>Spinger); Contact rock art: a reflection on resistance and cultural change (17<sup>th<\/sup> century-C\u00f3rdoba, Argentina) (<em>Journal of Social Archaeology); <\/em>Construcci\u00f3n de paisajes en el oeste de las Sierras de C\u00f3rdoba durante el Prehisp\u00e1nico Tard\u00edo (ca. 1500-400 AP). Diversidad de pr\u00e1cticas y sentidos en torno al arte rupestre (<em>Arqueolog\u00eda<\/em>).<\/p>\n<p>Ha participado de la elaboraci\u00f3n de materiales did\u00e1cticos y de difusi\u00f3n en obras\u00a0 colectivas como el libro <em>Los Pueblos Ind\u00edgenas de C\u00f3rdoba <\/em>(2013) e <em>Itinerarios. Recorridos por la historia de C\u00f3rdoba\u00a0<\/em>(2018), destinado a la educaci\u00f3n secundaria.<\/p>\n<p>&nbsp;<\/td>\n<\/tr>\n<tr>\n<td style=\"width: 0.491159%\" colspan=\"2\">Contacto: andrea.recalde@unc.edu.ar<\/p>\n<p>ACADEMIA: <a href=\"https:\/\/conicet.academia.edu\/AndreaRecalde\/\" target=\"_blank\" rel=\"noopener\">https:\/\/conicet.academia.edu\/AndreaRecalde\/<\/a><br \/>\nRESEARCHGATE: <a href=\"https:\/\/www.researchgate.net\/profile\/Andrea-Recalde\" target=\"_blank\" rel=\"noopener\">https:\/\/www.researchgate.net\/profile\/Andrea-Recalde<\/a><br \/>\nORCID: \u00a0<a href=\"https:\/\/orcid.org\/0000-0002-5037-1438\" target=\"_blank\" rel=\"noopener\">https:\/\/orcid.org\/0000-0002-5037-1438<\/a><\/td>\n<\/tr>\n<\/tbody>\n<\/table>\n","protected":false},"excerpt":{"rendered":"<p>Profesora Asistente en Prehistoria y Arqueolog\u00eda. Es Doctora, Licenciada y Profesora en Historia por la Facultad de Filosof\u00eda y Humanidades de la UNC. Es Investigadora Adjunta del CONICET. Su campo de investigaci\u00f3n gira en torno a los estudios de arte rupestre de las comunidades originarias de Sierras Centrales en \u00e9pocas prehisp\u00e1nicas y de la conquista&#8230; <\/p>\n<div class=\"link-more\"><a href=\"https:\/\/ffyh.unc.edu.ar\/historia\/nuestrxs-docentes\/recalde\/\">Lea m\u00e1s<\/a><\/div>\n","protected":false},"author":34,"featured_media":0,"parent":4089,"menu_order":0,"comment_status":"closed","ping_status":"closed","template":"","meta":{"_acf_changed":false,"_monsterinsights_skip_tracking":false,"_monsterinsights_sitenote_active":false,"_monsterinsights_sitenote_note":"","_monsterinsights_sitenote_category":0,"footnotes":""},"class_list":["post-4161","page","type-page","status-publish","hentry"],"acf":[],"jetpack_sharing_enabled":true,"_links":{"self":[{"href":"https:\/\/ffyh.unc.edu.ar\/historia\/wp-json\/wp\/v2\/pages\/4161","targetHints":{"allow":["GET"]}}],"collection":[{"href":"https:\/\/ffyh.unc.edu.ar\/historia\/wp-json\/wp\/v2\/pages"}],"about":[{"href":"https:\/\/ffyh.unc.edu.ar\/historia\/wp-json\/wp\/v2\/types\/page"}],"author":[{"embeddable":true,"href":"https:\/\/ffyh.unc.edu.ar\/historia\/wp-json\/wp\/v2\/users\/34"}],"replies":[{"embeddable":true,"href":"https:\/\/ffyh.unc.edu.ar\/historia\/wp-json\/wp\/v2\/comments?post=4161"}],"version-history":[{"count":7,"href":"https:\/\/ffyh.unc.edu.ar\/historia\/wp-json\/wp\/v2\/pages\/4161\/revisions"}],"predecessor-version":[{"id":4976,"href":"https:\/\/ffyh.unc.edu.ar\/historia\/wp-json\/wp\/v2\/pages\/4161\/revisions\/4976"}],"up":[{"embeddable":true,"href":"https:\/\/ffyh.unc.edu.ar\/historia\/wp-json\/wp\/v2\/pages\/4089"}],"wp:attachment":[{"href":"https:\/\/ffyh.unc.edu.ar\/historia\/wp-json\/wp\/v2\/media?parent=4161"}],"curies":[{"name":"wp","href":"https:\/\/api.w.org\/{rel}","templated":true}]}}

<table style="border-collapse: collapse;width: 100%">
<tbody>
<tr>
<td style="text-align: justify" colspan="2">
<p style="text-align: justify"><img data-recalc-dims="1" decoding="async" data-attachment-id="4974" data-permalink="https://ffyh.unc.edu.ar/historia/nuestrxs-docentes/recalde/recalde-5/" data-orig-file="https://i0.wp.com/ffyh.unc.edu.ar/historia/wp-content/uploads/sites/37/2022/09/Recalde-5-e1662423370821.jpeg?fit=288%2C288&amp;ssl=1" data-orig-size="288,288" data-comments-opened="0" data-image-meta="{&quot;aperture&quot;:&quot;0&quot;,&quot;credit&quot;:&quot;&quot;,&quot;camera&quot;:&quot;&quot;,&quot;caption&quot;:&quot;&quot;,&quot;created_timestamp&quot;:&quot;0&quot;,&quot;copyright&quot;:&quot;&quot;,&quot;focal_length&quot;:&quot;0&quot;,&quot;iso&quot;:&quot;0&quot;,&quot;shutter_speed&quot;:&quot;0&quot;,&quot;title&quot;:&quot;&quot;,&quot;orientation&quot;:&quot;0&quot;}" data-image-title="foto_recalde" data-image-description="" data-image-caption="" data-medium-file="https://i0.wp.com/ffyh.unc.edu.ar/historia/wp-content/uploads/sites/37/2022/09/Recalde-5-e1662423370821.jpeg?fit=300%2C241&amp;ssl=1" data-large-file="https://i0.wp.com/ffyh.unc.edu.ar/historia/wp-content/uploads/sites/37/2022/09/Recalde-5-e1662423370821.jpeg?fit=288%2C288&amp;ssl=1" class="alignleft size-thumbnail wp-image-4974" src="https://i0.wp.com/ffyh.unc.edu.ar/historia/wp-content/uploads/sites/37/2022/09/Recalde-5-e1662423370821-150x150.jpeg?resize=150%2C150" alt="" width="150" height="150" srcset="https://i0.wp.com/ffyh.unc.edu.ar/historia/wp-content/uploads/sites/37/2022/09/Recalde-5-e1662423370821.jpeg?resize=150%2C150&amp;ssl=1 150w, https://i0.wp.com/ffyh.unc.edu.ar/historia/wp-content/uploads/sites/37/2022/09/Recalde-5-e1662423370821.jpeg?w=288&amp;ssl=1 288w" sizes="(max-width: 150px) 100vw, 150px" />Profesora Asistente en Prehistoria y Arqueología. Es Doctora, Licenciada y Profesora en Historia por la Facultad de Filosofía y Humanidades de la UNC. Es Investigadora Adjunta del CONICET. Su campo de investigación gira en torno a los estudios de arte rupestre de las comunidades originarias de Sierras Centrales en épocas prehispánicas y de la conquista española. Su línea principal de trabajo gira en torno al análisis de esta materialidad como una estrategia social que objetiva la construcción de identidad y memoria.</p>
<p style="text-align: justify">Ha publicado en revistas nacionales e internacionales, así como libros y capítulos de libros de editoriales locales y extranjeras, entre los cuales se destacan El Arte Rupestre de Argentina Indígena. Centro. (Academia Nacional de la Historia para la Unión Académique Internationale); The Construction of Social Memory in Cerro Colorado Rock Art (Córdoba, Argentina) During the Late Pre-Hispanic Period (ca. 1500–450 BP) en <em>Rock Art and Memory in the Transmission of Cultural Knowledge (Ed. </em>Spinger); Contact rock art: a reflection on resistance and cultural change (17<sup>th</sup> century-Córdoba, Argentina) (<em>Journal of Social Archaeology); </em>Construcción de paisajes en el oeste de las Sierras de Córdoba durante el Prehispánico Tardío (ca. 1500-400 AP). Diversidad de prácticas y sentidos en torno al arte rupestre (<em>Arqueología</em>).</p>
<p>Ha participado de la elaboración de materiales didácticos y de difusión en obras  colectivas como el libro <em>Los Pueblos Indígenas de Córdoba </em>(2013) e <em>Itinerarios. Recorridos por la historia de Córdoba </em>(2018), destinado a la educación secundaria.</p>
<p>&nbsp;</td>
</tr>
<tr>
<td style="width: 0.491159%" colspan="2">Contacto: andrea.recalde@unc.edu.ar</p>
<p>ACADEMIA: <a href="https://conicet.academia.edu/AndreaRecalde/" target="_blank" rel="noopener">https://conicet.academia.edu/AndreaRecalde/</a><br />
RESEARCHGATE: <a href="https://www.researchgate.net/profile/Andrea-Recalde" target="_blank" rel="noopener">https://www.researchgate.net/profile/Andrea-Recalde</a><br />
ORCID:  <a href="https://orcid.org/0000-0002-5037-1438" target="_blank" rel="noopener">https://orcid.org/0000-0002-5037-1438</a></td>
</tr>
</tbody>
</table>

<p>Profesora Asistente en Prehistoria y Arqueología. Es Doctora, Licenciada y Profesora en Historia por la Facultad de Filosofía y Humanidades de la UNC. Es Investigadora Adjunta del CONICET. Su campo de investigación gira en torno a los estudios de arte rupestre de las comunidades originarias de Sierras Centrales en épocas prehispánicas y de la conquista&#8230; </p>
<div class="link-more"><a href="https://ffyh.unc.edu.ar/historia/nuestrxs-docentes/recalde/">Lea más</a></div>
