{"id":4172,"date":"2022-07-28T18:16:59","date_gmt":"2022-07-28T18:16:59","guid":{"rendered":"https:\/\/ffyh.unc.edu.ar\/historia\/?page_id=4172"},"modified":"2022-09-16T15:34:33","modified_gmt":"2022-09-16T15:34:33","slug":"sanchez","status":"publish","type":"page","link":"https:\/\/ffyh.unc.edu.ar\/historia\/nuestrxs-docentes\/sanchez\/","title":{"rendered":"Dar\u00edo N\u00e9stor S\u00e1nchez"},"content":{"rendered":"<table style=\"border-collapse: collapse;width: 100%\">\n<tbody>\n<tr>\n<td colspan=\"2\">\n<p style=\"text-align: justify\"><img data-recalc-dims=\"1\" decoding=\"async\" data-attachment-id=\"4873\" data-permalink=\"https:\/\/ffyh.unc.edu.ar\/historia\/nuestrxs-docentes\/sanchez\/sanchez_foto\/\" data-orig-file=\"https:\/\/i0.wp.com\/ffyh.unc.edu.ar\/historia\/wp-content\/uploads\/sites\/37\/2022\/08\/Sanchez_foto.jpg?fit=480%2C480&amp;ssl=1\" data-orig-size=\"480,480\" data-comments-opened=\"0\" data-image-meta=\"{&quot;aperture&quot;:&quot;0&quot;,&quot;credit&quot;:&quot;&quot;,&quot;camera&quot;:&quot;&quot;,&quot;caption&quot;:&quot;&quot;,&quot;created_timestamp&quot;:&quot;0&quot;,&quot;copyright&quot;:&quot;&quot;,&quot;focal_length&quot;:&quot;0&quot;,&quot;iso&quot;:&quot;0&quot;,&quot;shutter_speed&quot;:&quot;0&quot;,&quot;title&quot;:&quot;&quot;,&quot;orientation&quot;:&quot;0&quot;}\" data-image-title=\"Sanchez_foto\" data-image-description=\"\" data-image-caption=\"\" data-medium-file=\"https:\/\/i0.wp.com\/ffyh.unc.edu.ar\/historia\/wp-content\/uploads\/sites\/37\/2022\/08\/Sanchez_foto.jpg?fit=300%2C300&amp;ssl=1\" data-large-file=\"https:\/\/i0.wp.com\/ffyh.unc.edu.ar\/historia\/wp-content\/uploads\/sites\/37\/2022\/08\/Sanchez_foto.jpg?fit=480%2C480&amp;ssl=1\" class=\"alignleft size-thumbnail wp-image-4873\" src=\"https:\/\/i0.wp.com\/ffyh.unc.edu.ar\/historia\/wp-content\/uploads\/sites\/37\/2022\/08\/Sanchez_foto.jpg?resize=150%2C150\" alt=\"\" width=\"150\" height=\"150\" srcset=\"https:\/\/i0.wp.com\/ffyh.unc.edu.ar\/historia\/wp-content\/uploads\/sites\/37\/2022\/08\/Sanchez_foto.jpg?resize=150%2C150&amp;ssl=1 150w, https:\/\/i0.wp.com\/ffyh.unc.edu.ar\/historia\/wp-content\/uploads\/sites\/37\/2022\/08\/Sanchez_foto.jpg?resize=300%2C300&amp;ssl=1 300w, https:\/\/i0.wp.com\/ffyh.unc.edu.ar\/historia\/wp-content\/uploads\/sites\/37\/2022\/08\/Sanchez_foto.jpg?w=480&amp;ssl=1 480w\" sizes=\"(max-width: 150px) 100vw, 150px\" \/>Es Profesor y Licenciado en Historia por la Universidad Nacional de C\u00f3rdoba y Doctor en Historia por la Universidad de Tubinga (Alemania). Tambi\u00e9n es profesor Titular regular de las C\u00e1tedras de Historia Antigua e Historia Medieval de las carreras de Historia de la Universidad Nacional de La Rioja. Actualmente es director electo de la Licenciatura en Historia de esa misma casa de estudios. Se desempe\u00f1a tambi\u00e9n como investigador Independiente del CONICET.<\/p>\n<p style=\"text-align: justify\">Ha dictado cursos de grado y posgrado en Argentina, Brasil y Uruguay. Ha dirigido proyectos de investigaci\u00f3n del CONICET. Es autor de m\u00e1s de 50 publicaciones, incluyendo libros, cap\u00edtulos de libro y art\u00edculos en revistas cient\u00edficas de Argentina, Brasil, Espa\u00f1a, Alemania, Holanda, EE.UU., etc. Sus investigaciones hacen foco en la historia de Roma, especialmente del per\u00edodo bajoimperial. Ha dirigido y dirige actualmente tesistas de grado y posgrado, becarios de CONICET e Investigadores del CONICET.<\/p>\n<\/td>\n<\/tr>\n<tr>\n<td style=\"width: 0.491159%\" colspan=\"2\">Contacto: <a href=\"mailto:dario.sanchez@unc.edu.ar\">dario.sanchez@unc.edu.ar<\/a><\/p>\n<p>ACADEMIA: <a href=\"https:\/\/conicet-ar.academia.edu\/Dar%C3%ADoS%C3%A1nchezVendramini\" target=\"_blank\" rel=\"noopener\">https:\/\/conicet-ar.academia.edu\/Dar%C3%ADoS%C3%A1nchezVendramini<\/a><br \/>\nYOUTUBE: <a href=\"https:\/\/www.youtube.com\/channel\/UC-iFyyBBrgROltm-Lxk2mrw\">Dar\u00edo S\u00e1nchez Vendramini &#8211; YouTube<\/a><\/td>\n<\/tr>\n<\/tbody>\n<\/table>\n","protected":false},"excerpt":{"rendered":"<p>Es Profesor y Licenciado en Historia por la Universidad Nacional de C\u00f3rdoba y Doctor en Historia por la Universidad de Tubinga (Alemania). Tambi\u00e9n es profesor Titular regular de las C\u00e1tedras de Historia Antigua e Historia Medieval de las carreras de Historia de la Universidad Nacional de La Rioja. Actualmente es director electo de la Licenciatura&#8230; <\/p>\n<div class=\"link-more\"><a href=\"https:\/\/ffyh.unc.edu.ar\/historia\/nuestrxs-docentes\/sanchez\/\">Lea m\u00e1s<\/a><\/div>\n","protected":false},"author":34,"featured_media":0,"parent":4089,"menu_order":0,"comment_status":"closed","ping_status":"closed","template":"","meta":{"_acf_changed":false,"_monsterinsights_skip_tracking":false,"_monsterinsights_sitenote_active":false,"_monsterinsights_sitenote_note":"","_monsterinsights_sitenote_category":0,"footnotes":""},"class_list":["post-4172","page","type-page","status-publish","hentry"],"acf":[],"jetpack_sharing_enabled":true,"_links":{"self":[{"href":"https:\/\/ffyh.unc.edu.ar\/historia\/wp-json\/wp\/v2\/pages\/4172","targetHints":{"allow":["GET"]}}],"collection":[{"href":"https:\/\/ffyh.unc.edu.ar\/historia\/wp-json\/wp\/v2\/pages"}],"about":[{"href":"https:\/\/ffyh.unc.edu.ar\/historia\/wp-json\/wp\/v2\/types\/page"}],"author":[{"embeddable":true,"href":"https:\/\/ffyh.unc.edu.ar\/historia\/wp-json\/wp\/v2\/users\/34"}],"replies":[{"embeddable":true,"href":"https:\/\/ffyh.unc.edu.ar\/historia\/wp-json\/wp\/v2\/comments?post=4172"}],"version-history":[{"count":8,"href":"https:\/\/ffyh.unc.edu.ar\/historia\/wp-json\/wp\/v2\/pages\/4172\/revisions"}],"predecessor-version":[{"id":5008,"href":"https:\/\/ffyh.unc.edu.ar\/historia\/wp-json\/wp\/v2\/pages\/4172\/revisions\/5008"}],"up":[{"embeddable":true,"href":"https:\/\/ffyh.unc.edu.ar\/historia\/wp-json\/wp\/v2\/pages\/4089"}],"wp:attachment":[{"href":"https:\/\/ffyh.unc.edu.ar\/historia\/wp-json\/wp\/v2\/media?parent=4172"}],"curies":[{"name":"wp","href":"https:\/\/api.w.org\/{rel}","templated":true}]}}

Darío Néstor Sánchez

<table style="border-collapse: collapse;width: 100%">
<tbody>
<tr>
<td colspan="2">
<p style="text-align: justify"><img data-recalc-dims="1" decoding="async" data-attachment-id="4873" data-permalink="https://ffyh.unc.edu.ar/historia/nuestrxs-docentes/sanchez/sanchez_foto/" data-orig-file="https://i0.wp.com/ffyh.unc.edu.ar/historia/wp-content/uploads/sites/37/2022/08/Sanchez_foto.jpg?fit=480%2C480&amp;ssl=1" data-orig-size="480,480" data-comments-opened="0" data-image-meta="{&quot;aperture&quot;:&quot;0&quot;,&quot;credit&quot;:&quot;&quot;,&quot;camera&quot;:&quot;&quot;,&quot;caption&quot;:&quot;&quot;,&quot;created_timestamp&quot;:&quot;0&quot;,&quot;copyright&quot;:&quot;&quot;,&quot;focal_length&quot;:&quot;0&quot;,&quot;iso&quot;:&quot;0&quot;,&quot;shutter_speed&quot;:&quot;0&quot;,&quot;title&quot;:&quot;&quot;,&quot;orientation&quot;:&quot;0&quot;}" data-image-title="Sanchez_foto" data-image-description="" data-image-caption="" data-medium-file="https://i0.wp.com/ffyh.unc.edu.ar/historia/wp-content/uploads/sites/37/2022/08/Sanchez_foto.jpg?fit=300%2C300&amp;ssl=1" data-large-file="https://i0.wp.com/ffyh.unc.edu.ar/historia/wp-content/uploads/sites/37/2022/08/Sanchez_foto.jpg?fit=480%2C480&amp;ssl=1" class="alignleft size-thumbnail wp-image-4873" src="https://i0.wp.com/ffyh.unc.edu.ar/historia/wp-content/uploads/sites/37/2022/08/Sanchez_foto.jpg?resize=150%2C150" alt="" width="150" height="150" srcset="https://i0.wp.com/ffyh.unc.edu.ar/historia/wp-content/uploads/sites/37/2022/08/Sanchez_foto.jpg?resize=150%2C150&amp;ssl=1 150w, https://i0.wp.com/ffyh.unc.edu.ar/historia/wp-content/uploads/sites/37/2022/08/Sanchez_foto.jpg?resize=300%2C300&amp;ssl=1 300w, https://i0.wp.com/ffyh.unc.edu.ar/historia/wp-content/uploads/sites/37/2022/08/Sanchez_foto.jpg?w=480&amp;ssl=1 480w" sizes="(max-width: 150px) 100vw, 150px" />Es Profesor y Licenciado en Historia por la Universidad Nacional de Córdoba y Doctor en Historia por la Universidad de Tubinga (Alemania). También es profesor Titular regular de las Cátedras de Historia Antigua e Historia Medieval de las carreras de Historia de la Universidad Nacional de La Rioja. Actualmente es director electo de la Licenciatura en Historia de esa misma casa de estudios. Se desempeña también como investigador Independiente del CONICET.</p>
<p style="text-align: justify">Ha dictado cursos de grado y posgrado en Argentina, Brasil y Uruguay. Ha dirigido proyectos de investigación del CONICET. Es autor de más de 50 publicaciones, incluyendo libros, capítulos de libro y artículos en revistas científicas de Argentina, Brasil, España, Alemania, Holanda, EE.UU., etc. Sus investigaciones hacen foco en la historia de Roma, especialmente del período bajoimperial. Ha dirigido y dirige actualmente tesistas de grado y posgrado, becarios de CONICET e Investigadores del CONICET.</p>
</td>
</tr>
<tr>
<td style="width: 0.491159%" colspan="2">Contacto: <a href="mailto:dario.sanchez@unc.edu.ar">dario.sanchez@unc.edu.ar</a></p>
<p>ACADEMIA: <a href="https://conicet-ar.academia.edu/Dar%C3%ADoS%C3%A1nchezVendramini" target="_blank" rel="noopener">https://conicet-ar.academia.edu/Dar%C3%ADoS%C3%A1nchezVendramini</a><br />
YOUTUBE: <a href="https://www.youtube.com/channel/UC-iFyyBBrgROltm-Lxk2mrw">Darío Sánchez Vendramini &#8211; YouTube</a></td>
</tr>
</tbody>
</table>

<p>Es Profesor y Licenciado en Historia por la Universidad Nacional de Córdoba y Doctor en Historia por la Universidad de Tubinga (Alemania). También es profesor Titular regular de las Cátedras de Historia Antigua e Historia Medieval de las carreras de Historia de la Universidad Nacional de La Rioja. Actualmente es director electo de la Licenciatura&#8230; </p>
<div class="link-more"><a href="https://ffyh.unc.edu.ar/historia/nuestrxs-docentes/sanchez/">Lea más</a></div>
