{"id":4182,"date":"2022-07-28T18:19:42","date_gmt":"2022-07-28T18:19:42","guid":{"rendered":"https:\/\/ffyh.unc.edu.ar\/historia\/?page_id=4182"},"modified":"2022-08-03T20:11:14","modified_gmt":"2022-08-03T20:11:14","slug":"rodriguezml","status":"publish","type":"page","link":"https:\/\/ffyh.unc.edu.ar\/historia\/nuestrxs-docentes\/rodriguezml\/","title":{"rendered":"Mar\u00eda Laura Rodr\u00edguez"},"content":{"rendered":"<table style=\"border-collapse: collapse;width: 100%\">\n<tbody>\n<tr>\n<td colspan=\"2\">\n<p style=\"text-align: justify\"><img data-recalc-dims=\"1\" decoding=\"async\" data-attachment-id=\"4713\" data-permalink=\"https:\/\/ffyh.unc.edu.ar\/historia\/nuestrxs-docentes\/rodriguezml\/rodriguezml_foto\/\" data-orig-file=\"https:\/\/i0.wp.com\/ffyh.unc.edu.ar\/historia\/wp-content\/uploads\/sites\/37\/2022\/07\/RodriguezML_foto.jpg?fit=371%2C371&amp;ssl=1\" data-orig-size=\"371,371\" data-comments-opened=\"0\" data-image-meta=\"{&quot;aperture&quot;:&quot;0&quot;,&quot;credit&quot;:&quot;&quot;,&quot;camera&quot;:&quot;&quot;,&quot;caption&quot;:&quot;&quot;,&quot;created_timestamp&quot;:&quot;1658961091&quot;,&quot;copyright&quot;:&quot;&quot;,&quot;focal_length&quot;:&quot;0&quot;,&quot;iso&quot;:&quot;0&quot;,&quot;shutter_speed&quot;:&quot;0&quot;,&quot;title&quot;:&quot;&quot;,&quot;orientation&quot;:&quot;1&quot;}\" data-image-title=\"RodriguezML_foto\" data-image-description=\"\" data-image-caption=\"\" data-medium-file=\"https:\/\/i0.wp.com\/ffyh.unc.edu.ar\/historia\/wp-content\/uploads\/sites\/37\/2022\/07\/RodriguezML_foto.jpg?fit=300%2C300&amp;ssl=1\" data-large-file=\"https:\/\/i0.wp.com\/ffyh.unc.edu.ar\/historia\/wp-content\/uploads\/sites\/37\/2022\/07\/RodriguezML_foto.jpg?fit=371%2C371&amp;ssl=1\" class=\"alignleft size-thumbnail wp-image-4713\" src=\"https:\/\/i0.wp.com\/ffyh.unc.edu.ar\/historia\/wp-content\/uploads\/sites\/37\/2022\/07\/RodriguezML_foto.jpg?resize=150%2C150\" alt=\"\" width=\"150\" height=\"150\" srcset=\"https:\/\/i0.wp.com\/ffyh.unc.edu.ar\/historia\/wp-content\/uploads\/sites\/37\/2022\/07\/RodriguezML_foto.jpg?resize=150%2C150&amp;ssl=1 150w, https:\/\/i0.wp.com\/ffyh.unc.edu.ar\/historia\/wp-content\/uploads\/sites\/37\/2022\/07\/RodriguezML_foto.jpg?resize=300%2C300&amp;ssl=1 300w, https:\/\/i0.wp.com\/ffyh.unc.edu.ar\/historia\/wp-content\/uploads\/sites\/37\/2022\/07\/RodriguezML_foto.jpg?w=371&amp;ssl=1 371w\" sizes=\"(max-width: 150px) 100vw, 150px\" \/>Profesora Asistente concursada en Taller de Aplicaci\u00f3n. Tambi\u00e9n es profesora a cargo del Seminario optativo \u201cHistoria, Salud y G\u00e9nero\u201d. Es Profesora y Licenciada en Historia recibida en la Escuela de Historia de la Facultad de Filosof\u00eda y Humanidades (UNC). En su formaci\u00f3n de posgrado ha obtenido los t\u00edtulos de Magister en Pol\u00edticas de Bienestar en Perspectiva hist\u00f3rica \/Consorcio Erasmus Mundus- Universidad Principal: Evora, Portugal y, Doctora en Ciencia Pol\u00edtica, Centro de Estudios Avanzados (CEA-UNC). Actualmente, como Investigadora Adjunta de CONICET (CIECS-CONICET y UNC) se especializada el estudio de saberes, tecnolog\u00edas y enfermedades en clave de g\u00e9nero entre fines del siglo XIX y el siglo XX. Sus investigaciones en el marco del Programa \u201c<a href=\"https:\/\/sociales.unc.edu.ar\/sites\/default\/files\/Prog-Carbonetti.pdf\">Salud y enfermedad, una mirada desde las ciencias sociales<\/a>\u201d y del programa\u201cSalud, enfermedad y pr\u00e1cticas de curar\u201d. Desde estos espacios, su agenda de indagaciones ha estado sistem\u00e1ticamente orientada a indagar en distintas tem\u00e1ticas del subcampo de la Historia Social de la Salud y la Enfermedad. Con estos intereses, ha participado de m\u00faltiples proyectos de investigaci\u00f3n acreditados y ha sido autora de numerosas producciones cient\u00edficas nacionales e internacionales.<\/p>\n<p style=\"text-align: justify\">En los \u00faltimos a\u00f1os, se ha desempe\u00f1ado como Investigadora Responsable del Nodo 3- C\u00f3rdoba, en el marco del Proyecto PISAC- COVID- 19 00022: \u201cLa enfermer\u00eda y los cuidados sanitarios profesionales durante la pandemia y la pos pandemia del COVID 19 (Argentina, siglos XX y XXI)\u201d. Entre 2020 y 2021 ha publicado \u201cLa politizaci\u00f3n de la incertidumbre durante el Covid19: Cuarentena y crisis sociopol\u00edtica en la Argentina\u201d; y \u201cUna perspectiva feminista sobre las pr\u00e1cticas m\u00e9dicas frente al aborto en mujeres con tuberculosis y c\u00e1ncer: Buenos Aires en las primeras d\u00e9cadas del siglo XX\u201d. Tambi\u00e9n ha publicado algunos cap\u00edtulos de libro, cont\u00e1ndose entre ellos, \u201cLa conformaci\u00f3n de la enfermer\u00eda universitaria en C\u00f3rdoba\u201d; y \u201cDeshilando entre G\u00e9nero e Historia: experiencias personales desde la historia social de la salud y la enfermedad, C\u00f3rdoba, Argentina\u201d. Asimismo, recientemente ha coordinado el libro <em>Estudios sociales de la salud: experiencias sobre desarrollos te\u00f3rico-metodol\u00f3gicos en investigaci\u00f3n <\/em>y se ha sumado a dos proyectos PICT que completar\u00e1n su agenda de investigaci\u00f3n colectiva en la pr\u00f3xima etapa, analizando desde una perspectiva hist\u00f3rica y etnogr\u00e1fica la construcci\u00f3n de la\u00a0confianza en la campa\u00f1a\u00a0de vacunaci\u00f3n en el\u00a0marco de la pandemia de\u00a0COVID-19 en la\u00a0Argentina, as\u00ed como abordando el universo de la salud a trav\u00e9s de sus objetos materiales en Argentina entre 1860-1920.<\/p>\n<\/td>\n<\/tr>\n<tr>\n<td style=\"width: 0.491159%\" colspan=\"2\">Contacto: <a href=\"mailto:laura.rodriguez@unc.edu.ar\">laura.rodriguez@unc.edu.ar<\/a><\/p>\n<p>CONICET: <a href=\"https:\/\/ri.conicet.gov.ar\/author\/17845\">https:\/\/ri.conicet.gov.ar\/author\/17845<\/a><\/td>\n<\/tr>\n<\/tbody>\n<\/table>\n","protected":false},"excerpt":{"rendered":"<p>Profesora Asistente concursada en Taller de Aplicaci\u00f3n. Tambi\u00e9n es profesora a cargo del Seminario optativo \u201cHistoria, Salud y G\u00e9nero\u201d. Es Profesora y Licenciada en Historia recibida en la Escuela de Historia de la Facultad de Filosof\u00eda y Humanidades (UNC). En su formaci\u00f3n de posgrado ha obtenido los t\u00edtulos de Magister en Pol\u00edticas de Bienestar en&#8230; <\/p>\n<div class=\"link-more\"><a href=\"https:\/\/ffyh.unc.edu.ar\/historia\/nuestrxs-docentes\/rodriguezml\/\">Lea m\u00e1s<\/a><\/div>\n","protected":false},"author":34,"featured_media":0,"parent":4089,"menu_order":0,"comment_status":"closed","ping_status":"closed","template":"","meta":{"_acf_changed":false,"_monsterinsights_skip_tracking":false,"_monsterinsights_sitenote_active":false,"_monsterinsights_sitenote_note":"","_monsterinsights_sitenote_category":0,"footnotes":""},"class_list":["post-4182","page","type-page","status-publish","hentry"],"acf":[],"jetpack_sharing_enabled":true,"_links":{"self":[{"href":"https:\/\/ffyh.unc.edu.ar\/historia\/wp-json\/wp\/v2\/pages\/4182","targetHints":{"allow":["GET"]}}],"collection":[{"href":"https:\/\/ffyh.unc.edu.ar\/historia\/wp-json\/wp\/v2\/pages"}],"about":[{"href":"https:\/\/ffyh.unc.edu.ar\/historia\/wp-json\/wp\/v2\/types\/page"}],"author":[{"embeddable":true,"href":"https:\/\/ffyh.unc.edu.ar\/historia\/wp-json\/wp\/v2\/users\/34"}],"replies":[{"embeddable":true,"href":"https:\/\/ffyh.unc.edu.ar\/historia\/wp-json\/wp\/v2\/comments?post=4182"}],"version-history":[{"count":5,"href":"https:\/\/ffyh.unc.edu.ar\/historia\/wp-json\/wp\/v2\/pages\/4182\/revisions"}],"predecessor-version":[{"id":4813,"href":"https:\/\/ffyh.unc.edu.ar\/historia\/wp-json\/wp\/v2\/pages\/4182\/revisions\/4813"}],"up":[{"embeddable":true,"href":"https:\/\/ffyh.unc.edu.ar\/historia\/wp-json\/wp\/v2\/pages\/4089"}],"wp:attachment":[{"href":"https:\/\/ffyh.unc.edu.ar\/historia\/wp-json\/wp\/v2\/media?parent=4182"}],"curies":[{"name":"wp","href":"https:\/\/api.w.org\/{rel}","templated":true}]}}

María Laura Rodríguez

<table style="border-collapse: collapse;width: 100%">
<tbody>
<tr>
<td colspan="2">
<p style="text-align: justify"><img data-recalc-dims="1" decoding="async" data-attachment-id="4713" data-permalink="https://ffyh.unc.edu.ar/historia/nuestrxs-docentes/rodriguezml/rodriguezml_foto/" data-orig-file="https://i0.wp.com/ffyh.unc.edu.ar/historia/wp-content/uploads/sites/37/2022/07/RodriguezML_foto.jpg?fit=371%2C371&amp;ssl=1" data-orig-size="371,371" data-comments-opened="0" data-image-meta="{&quot;aperture&quot;:&quot;0&quot;,&quot;credit&quot;:&quot;&quot;,&quot;camera&quot;:&quot;&quot;,&quot;caption&quot;:&quot;&quot;,&quot;created_timestamp&quot;:&quot;1658961091&quot;,&quot;copyright&quot;:&quot;&quot;,&quot;focal_length&quot;:&quot;0&quot;,&quot;iso&quot;:&quot;0&quot;,&quot;shutter_speed&quot;:&quot;0&quot;,&quot;title&quot;:&quot;&quot;,&quot;orientation&quot;:&quot;1&quot;}" data-image-title="RodriguezML_foto" data-image-description="" data-image-caption="" data-medium-file="https://i0.wp.com/ffyh.unc.edu.ar/historia/wp-content/uploads/sites/37/2022/07/RodriguezML_foto.jpg?fit=300%2C300&amp;ssl=1" data-large-file="https://i0.wp.com/ffyh.unc.edu.ar/historia/wp-content/uploads/sites/37/2022/07/RodriguezML_foto.jpg?fit=371%2C371&amp;ssl=1" class="alignleft size-thumbnail wp-image-4713" src="https://i0.wp.com/ffyh.unc.edu.ar/historia/wp-content/uploads/sites/37/2022/07/RodriguezML_foto.jpg?resize=150%2C150" alt="" width="150" height="150" srcset="https://i0.wp.com/ffyh.unc.edu.ar/historia/wp-content/uploads/sites/37/2022/07/RodriguezML_foto.jpg?resize=150%2C150&amp;ssl=1 150w, https://i0.wp.com/ffyh.unc.edu.ar/historia/wp-content/uploads/sites/37/2022/07/RodriguezML_foto.jpg?resize=300%2C300&amp;ssl=1 300w, https://i0.wp.com/ffyh.unc.edu.ar/historia/wp-content/uploads/sites/37/2022/07/RodriguezML_foto.jpg?w=371&amp;ssl=1 371w" sizes="(max-width: 150px) 100vw, 150px" />Profesora Asistente concursada en Taller de Aplicación. También es profesora a cargo del Seminario optativo “Historia, Salud y Género”. Es Profesora y Licenciada en Historia recibida en la Escuela de Historia de la Facultad de Filosofía y Humanidades (UNC). En su formación de posgrado ha obtenido los títulos de Magister en Políticas de Bienestar en Perspectiva histórica /Consorcio Erasmus Mundus- Universidad Principal: Evora, Portugal y, Doctora en Ciencia Política, Centro de Estudios Avanzados (CEA-UNC). Actualmente, como Investigadora Adjunta de CONICET (CIECS-CONICET y UNC) se especializada el estudio de saberes, tecnologías y enfermedades en clave de género entre fines del siglo XIX y el siglo XX. Sus investigaciones en el marco del Programa “<a href="https://sociales.unc.edu.ar/sites/default/files/Prog-Carbonetti.pdf">Salud y enfermedad, una mirada desde las ciencias sociales</a>” y del programa“Salud, enfermedad y prácticas de curar”. Desde estos espacios, su agenda de indagaciones ha estado sistemáticamente orientada a indagar en distintas temáticas del subcampo de la Historia Social de la Salud y la Enfermedad. Con estos intereses, ha participado de múltiples proyectos de investigación acreditados y ha sido autora de numerosas producciones científicas nacionales e internacionales.</p>
<p style="text-align: justify">En los últimos años, se ha desempeñado como Investigadora Responsable del Nodo 3- Córdoba, en el marco del Proyecto PISAC- COVID- 19 00022: “La enfermería y los cuidados sanitarios profesionales durante la pandemia y la pos pandemia del COVID 19 (Argentina, siglos XX y XXI)”. Entre 2020 y 2021 ha publicado “La politización de la incertidumbre durante el Covid19: Cuarentena y crisis sociopolítica en la Argentina”; y “Una perspectiva feminista sobre las prácticas médicas frente al aborto en mujeres con tuberculosis y cáncer: Buenos Aires en las primeras décadas del siglo XX”. También ha publicado algunos capítulos de libro, contándose entre ellos, “La conformación de la enfermería universitaria en Córdoba”; y “Deshilando entre Género e Historia: experiencias personales desde la historia social de la salud y la enfermedad, Córdoba, Argentina”. Asimismo, recientemente ha coordinado el libro <em>Estudios sociales de la salud: experiencias sobre desarrollos teórico-metodológicos en investigación </em>y se ha sumado a dos proyectos PICT que completarán su agenda de investigación colectiva en la próxima etapa, analizando desde una perspectiva histórica y etnográfica la construcción de la confianza en la campaña de vacunación en el marco de la pandemia de COVID-19 en la Argentina, así como abordando el universo de la salud a través de sus objetos materiales en Argentina entre 1860-1920.</p>
</td>
</tr>
<tr>
<td style="width: 0.491159%" colspan="2">Contacto: <a href="mailto:laura.rodriguez@unc.edu.ar">laura.rodriguez@unc.edu.ar</a></p>
<p>CONICET: <a href="https://ri.conicet.gov.ar/author/17845">https://ri.conicet.gov.ar/author/17845</a></td>
</tr>
</tbody>
</table>

<p>Profesora Asistente concursada en Taller de Aplicación. También es profesora a cargo del Seminario optativo “Historia, Salud y Género”. Es Profesora y Licenciada en Historia recibida en la Escuela de Historia de la Facultad de Filosofía y Humanidades (UNC). En su formación de posgrado ha obtenido los títulos de Magister en Políticas de Bienestar en&#8230; </p>
<div class="link-more"><a href="https://ffyh.unc.edu.ar/historia/nuestrxs-docentes/rodriguezml/">Lea más</a></div>
