{"id":4188,"date":"2022-07-28T18:21:29","date_gmt":"2022-07-28T18:21:29","guid":{"rendered":"https:\/\/ffyh.unc.edu.ar\/historia\/?page_id=4188"},"modified":"2022-08-03T20:16:07","modified_gmt":"2022-08-03T20:16:07","slug":"guiance","status":"publish","type":"page","link":"https:\/\/ffyh.unc.edu.ar\/historia\/nuestrxs-docentes\/guiance\/","title":{"rendered":"Ariel Guiance"},"content":{"rendered":"<table style=\"border-collapse: collapse;width: 100%\">\n<tbody>\n<tr>\n<td colspan=\"2\">\n<p style=\"text-align: justify\"><img data-recalc-dims=\"1\" decoding=\"async\" data-attachment-id=\"4509\" data-permalink=\"https:\/\/ffyh.unc.edu.ar\/historia\/nuestrxs-docentes\/guiance\/guiance_foto\/\" data-orig-file=\"https:\/\/i0.wp.com\/ffyh.unc.edu.ar\/historia\/wp-content\/uploads\/sites\/37\/2022\/07\/Guiance_foto.jpg?fit=292%2C292&amp;ssl=1\" data-orig-size=\"292,292\" data-comments-opened=\"0\" data-image-meta=\"{&quot;aperture&quot;:&quot;0&quot;,&quot;credit&quot;:&quot;&quot;,&quot;camera&quot;:&quot;&quot;,&quot;caption&quot;:&quot;&quot;,&quot;created_timestamp&quot;:&quot;1658961117&quot;,&quot;copyright&quot;:&quot;&quot;,&quot;focal_length&quot;:&quot;0&quot;,&quot;iso&quot;:&quot;0&quot;,&quot;shutter_speed&quot;:&quot;0&quot;,&quot;title&quot;:&quot;&quot;,&quot;orientation&quot;:&quot;1&quot;}\" data-image-title=\"Guiance_foto\" data-image-description=\"\" data-image-caption=\"\" data-medium-file=\"https:\/\/i0.wp.com\/ffyh.unc.edu.ar\/historia\/wp-content\/uploads\/sites\/37\/2022\/07\/Guiance_foto.jpg?fit=292%2C292&amp;ssl=1\" data-large-file=\"https:\/\/i0.wp.com\/ffyh.unc.edu.ar\/historia\/wp-content\/uploads\/sites\/37\/2022\/07\/Guiance_foto.jpg?fit=292%2C292&amp;ssl=1\" class=\"size-thumbnail wp-image-4509 alignleft\" src=\"https:\/\/i0.wp.com\/ffyh.unc.edu.ar\/historia\/wp-content\/uploads\/sites\/37\/2022\/07\/Guiance_foto.jpg?resize=150%2C150\" alt=\"\" width=\"150\" height=\"150\" srcset=\"https:\/\/i0.wp.com\/ffyh.unc.edu.ar\/historia\/wp-content\/uploads\/sites\/37\/2022\/07\/Guiance_foto.jpg?resize=150%2C150&amp;ssl=1 150w, https:\/\/i0.wp.com\/ffyh.unc.edu.ar\/historia\/wp-content\/uploads\/sites\/37\/2022\/07\/Guiance_foto.jpg?w=292&amp;ssl=1 292w\" sizes=\"(max-width: 150px) 100vw, 150px\" \/>Profesor titular por concurso en Historia de la Edad Media. Es Doctor en Filosof\u00eda y Letras, con especializaci\u00f3n en Historia Medieval, t\u00edtulo expedido por la Universidad de Buenos Aires (1996). Ha recibido el Diploma de Honor de la misma Universidad (1988) y el Premio \u00abAcademia Nacional de la Historia\u00bb (Argentina) como egresado de la carrera de Historia con mayor promedio en la Universidad de Buenos Aires (1989). Desde 2012 es miembro correspondiente extranjero de la Academia Portuguesa da Hist\u00f3ria y, desde 2020, de la Soci\u00e9t\u00e9 des Antiquaires de France. Ha sido Profesor invitado de las Universidades de Clermont-Ferrand\u00a0 y Strasbourg (Francia) en 1995, L\u00e9rida (2007) y Navarra (2020), como as\u00ed tambi\u00e9n ha actuado como Profesor Titular a cargo de la \u201cC\u00e1tedra de estudios hisp\u00e1nicos\u201d del Instituto Universitario de Historia Simancas, Universidad de Valladolid (Espa\u00f1a), bienio 2009-2011. Es Investigador Principal de CONICET.<\/p>\n<p style=\"text-align: justify\">Especialista en historia cultural de la Pen\u00ednsula ib\u00e9rica en la Edad Media, es autor de sesenta y nueve art\u00edculos, siete libros (cuatro como editor), once rese\u00f1as bibliogr\u00e1ficas y once trabajos did\u00e1cticos. Su tesis doctoral, sobre el tema <i>Los discursos sobre la muerte en la Espa\u00f1a medieval (siglos VII-XV)<\/i>, fue publicada por la Junta de Castilla y Le\u00f3n en 1998. Entre las publicaciones de los \u00faltimos a\u00f1os se cuentan sus libros <i>Entre el cielo y la Tierra: escatolog\u00eda y sociedad en la Europa medieval<\/i>, Buenos Aires, 2009; <i>La influencia de la historiograf\u00eda espa\u00f1ola en la producci\u00f3n hist\u00f3rica americana<\/i> Valladolid-Madrid, 2011; <i>Legendario cristiano: creencias y espiritualidad en el pensamiento medieval<\/i>, Buenos Aires, 2014 y <i>Cultura letrada e identidades sociales en el mundo medieval, siglos IV-XV<\/i>, Buenos Aires, 2019 (en car\u00e1cter de editor). Sus art\u00edculos han sido editados en revistas nacionales y de Espa\u00f1a, Portugal, Italia, Brasil, M\u00e9xico, Austria, Francia, Chile, Italia y Estados Unidos. Asimismo, ha publicado estudios aparecidos en obras colectivas de Alemania, B\u00e9lgica, M\u00e9xico, Brasil, Francia, Pa\u00edses Bajos, Gran Breta\u00f1a y nuestro pa\u00eds.<\/p>\n<p style=\"text-align: justify\">Ha sido director del Instituto Multidisciplinario de Historia y Ciencias Humanas del Consejo Nacional de Investigaciones Cient\u00edficas y T\u00e9cnicas de Argentina (2004-2019) y ha actuado y act\u00faa en diversas comisiones de evaluaci\u00f3n acad\u00e9mica de su pa\u00eds, Chile, Espa\u00f1a y Portugal. Ha participado en congresos y jornadas cient\u00edficas en Argentina, Brasil, Chile, M\u00e9xico, Costa Rica, Espa\u00f1a, Portugal, Francia, Italia, Estados Unidos y Suiza. Es miembro del consejo editorial de las revistas <i>Journal of Medieval Iberian Studies<\/i> (Medieval Instituto of Western Michigan University, Estados Unidos), <i>Imago temporis. Medium Aevum<\/i> (Universidad de L\u00e9rida, Espa\u00f1a), <i>Medievalismo. Bolet\u00edn de la Sociedad espa\u00f1ola de estudios medievales<\/i> (Madrid, Espa\u00f1a), <i>Signum. Revista da ABREM, Associa\u00e7\u00e3o brasileira de Estudos Medievais<\/i>, <i>Acta Scientiarum Education<\/i> (Universidade Estadual de Maring\u00e1, Brasil), <i>Intus Legere<\/i> (Universidad Adolfo Ib\u00e1\u00f1ez, Chile), <i>Erebea. Revista de Ciencias Humanas<\/i>, Universidad de Huelva (Espa\u00f1a), <i>Compostelle. Cahiers du Centre d\u2019\u00c9tudes, de Recherche et d\u2019Histoire Compostellane<\/i> (Francia)\u00a0 y <i>Alcanate. Revista de estudios alfons\u00edes, <\/i>Universidad de Sevilla (Espa\u00f1a). Asimismo, es director de la revista <i>Temas <\/i>medievales, editada por el Consejo de Investigaciones Cient\u00edficas y T\u00e9cnicas de Argentina. Es integrante del Comit\u00e9 Cient\u00edfico Internacional de los Encuentros Internacionales del Medioevo, N\u00e1jera (Espa\u00f1a) y de la Comissao Externa de Aconselhamento Cient\u00edfico del Centro de Hist\u00f3ria da Sociedade e da Cultura de la Universidade de Coimbra (Portugal), desde octubre de 2011.<\/p>\n<\/td>\n<\/tr>\n<tr>\n<td style=\"width: 1.18624%\" colspan=\"2\">Contacto: <a href=\"mailto:aguiance@unc.edu.ar\">aguiance@unc.edu.ar<\/a><\/p>\n<p>CONICET: <a href=\"https:\/\/www.conicet.gov.ar\/new_scp\/detalle.php?keywords=&amp;id=21907&amp;datos_academicos=yes\">https:\/\/www.conicet.gov.ar\/new_scp\/detalle.php?keywords=&amp;id=21907&amp;datos_academicos=yes<\/a><\/td>\n<\/tr>\n<\/tbody>\n<\/table>\n","protected":false},"excerpt":{"rendered":"<p>Profesor titular por concurso en Historia de la Edad Media. Es Doctor en Filosof\u00eda y Letras, con especializaci\u00f3n en Historia Medieval, t\u00edtulo expedido por la Universidad de Buenos Aires (1996). Ha recibido el Diploma de Honor de la misma Universidad (1988) y el Premio \u00abAcademia Nacional de la Historia\u00bb (Argentina) como egresado de la carrera&#8230; <\/p>\n<div class=\"link-more\"><a href=\"https:\/\/ffyh.unc.edu.ar\/historia\/nuestrxs-docentes\/guiance\/\">Lea m\u00e1s<\/a><\/div>\n","protected":false},"author":34,"featured_media":0,"parent":4089,"menu_order":0,"comment_status":"closed","ping_status":"closed","template":"","meta":{"_acf_changed":false,"_monsterinsights_skip_tracking":false,"_monsterinsights_sitenote_active":false,"_monsterinsights_sitenote_note":"","_monsterinsights_sitenote_category":0,"footnotes":""},"class_list":["post-4188","page","type-page","status-publish","hentry"],"acf":[],"jetpack_sharing_enabled":true,"_links":{"self":[{"href":"https:\/\/ffyh.unc.edu.ar\/historia\/wp-json\/wp\/v2\/pages\/4188","targetHints":{"allow":["GET"]}}],"collection":[{"href":"https:\/\/ffyh.unc.edu.ar\/historia\/wp-json\/wp\/v2\/pages"}],"about":[{"href":"https:\/\/ffyh.unc.edu.ar\/historia\/wp-json\/wp\/v2\/types\/page"}],"author":[{"embeddable":true,"href":"https:\/\/ffyh.unc.edu.ar\/historia\/wp-json\/wp\/v2\/users\/34"}],"replies":[{"embeddable":true,"href":"https:\/\/ffyh.unc.edu.ar\/historia\/wp-json\/wp\/v2\/comments?post=4188"}],"version-history":[{"count":8,"href":"https:\/\/ffyh.unc.edu.ar\/historia\/wp-json\/wp\/v2\/pages\/4188\/revisions"}],"predecessor-version":[{"id":4816,"href":"https:\/\/ffyh.unc.edu.ar\/historia\/wp-json\/wp\/v2\/pages\/4188\/revisions\/4816"}],"up":[{"embeddable":true,"href":"https:\/\/ffyh.unc.edu.ar\/historia\/wp-json\/wp\/v2\/pages\/4089"}],"wp:attachment":[{"href":"https:\/\/ffyh.unc.edu.ar\/historia\/wp-json\/wp\/v2\/media?parent=4188"}],"curies":[{"name":"wp","href":"https:\/\/api.w.org\/{rel}","templated":true}]}}

<table style="border-collapse: collapse;width: 100%">
<tbody>
<tr>
<td colspan="2">
<p style="text-align: justify"><img data-recalc-dims="1" decoding="async" data-attachment-id="4509" data-permalink="https://ffyh.unc.edu.ar/historia/nuestrxs-docentes/guiance/guiance_foto/" data-orig-file="https://i0.wp.com/ffyh.unc.edu.ar/historia/wp-content/uploads/sites/37/2022/07/Guiance_foto.jpg?fit=292%2C292&amp;ssl=1" data-orig-size="292,292" data-comments-opened="0" data-image-meta="{&quot;aperture&quot;:&quot;0&quot;,&quot;credit&quot;:&quot;&quot;,&quot;camera&quot;:&quot;&quot;,&quot;caption&quot;:&quot;&quot;,&quot;created_timestamp&quot;:&quot;1658961117&quot;,&quot;copyright&quot;:&quot;&quot;,&quot;focal_length&quot;:&quot;0&quot;,&quot;iso&quot;:&quot;0&quot;,&quot;shutter_speed&quot;:&quot;0&quot;,&quot;title&quot;:&quot;&quot;,&quot;orientation&quot;:&quot;1&quot;}" data-image-title="Guiance_foto" data-image-description="" data-image-caption="" data-medium-file="https://i0.wp.com/ffyh.unc.edu.ar/historia/wp-content/uploads/sites/37/2022/07/Guiance_foto.jpg?fit=292%2C292&amp;ssl=1" data-large-file="https://i0.wp.com/ffyh.unc.edu.ar/historia/wp-content/uploads/sites/37/2022/07/Guiance_foto.jpg?fit=292%2C292&amp;ssl=1" class="size-thumbnail wp-image-4509 alignleft" src="https://i0.wp.com/ffyh.unc.edu.ar/historia/wp-content/uploads/sites/37/2022/07/Guiance_foto.jpg?resize=150%2C150" alt="" width="150" height="150" srcset="https://i0.wp.com/ffyh.unc.edu.ar/historia/wp-content/uploads/sites/37/2022/07/Guiance_foto.jpg?resize=150%2C150&amp;ssl=1 150w, https://i0.wp.com/ffyh.unc.edu.ar/historia/wp-content/uploads/sites/37/2022/07/Guiance_foto.jpg?w=292&amp;ssl=1 292w" sizes="(max-width: 150px) 100vw, 150px" />Profesor titular por concurso en Historia de la Edad Media. Es Doctor en Filosofía y Letras, con especialización en Historia Medieval, título expedido por la Universidad de Buenos Aires (1996). Ha recibido el Diploma de Honor de la misma Universidad (1988) y el Premio «Academia Nacional de la Historia» (Argentina) como egresado de la carrera de Historia con mayor promedio en la Universidad de Buenos Aires (1989). Desde 2012 es miembro correspondiente extranjero de la Academia Portuguesa da História y, desde 2020, de la Société des Antiquaires de France. Ha sido Profesor invitado de las Universidades de Clermont-Ferrand  y Strasbourg (Francia) en 1995, Lérida (2007) y Navarra (2020), como así también ha actuado como Profesor Titular a cargo de la “Cátedra de estudios hispánicos” del Instituto Universitario de Historia Simancas, Universidad de Valladolid (España), bienio 2009-2011. Es Investigador Principal de CONICET.</p>
<p style="text-align: justify">Especialista en historia cultural de la Península ibérica en la Edad Media, es autor de sesenta y nueve artículos, siete libros (cuatro como editor), once reseñas bibliográficas y once trabajos didácticos. Su tesis doctoral, sobre el tema <i>Los discursos sobre la muerte en la España medieval (siglos VII-XV)</i>, fue publicada por la Junta de Castilla y León en 1998. Entre las publicaciones de los últimos años se cuentan sus libros <i>Entre el cielo y la Tierra: escatología y sociedad en la Europa medieval</i>, Buenos Aires, 2009; <i>La influencia de la historiografía española en la producción histórica americana</i> Valladolid-Madrid, 2011; <i>Legendario cristiano: creencias y espiritualidad en el pensamiento medieval</i>, Buenos Aires, 2014 y <i>Cultura letrada e identidades sociales en el mundo medieval, siglos IV-XV</i>, Buenos Aires, 2019 (en carácter de editor). Sus artículos han sido editados en revistas nacionales y de España, Portugal, Italia, Brasil, México, Austria, Francia, Chile, Italia y Estados Unidos. Asimismo, ha publicado estudios aparecidos en obras colectivas de Alemania, Bélgica, México, Brasil, Francia, Países Bajos, Gran Bretaña y nuestro país.</p>
<p style="text-align: justify">Ha sido director del Instituto Multidisciplinario de Historia y Ciencias Humanas del Consejo Nacional de Investigaciones Científicas y Técnicas de Argentina (2004-2019) y ha actuado y actúa en diversas comisiones de evaluación académica de su país, Chile, España y Portugal. Ha participado en congresos y jornadas científicas en Argentina, Brasil, Chile, México, Costa Rica, España, Portugal, Francia, Italia, Estados Unidos y Suiza. Es miembro del consejo editorial de las revistas <i>Journal of Medieval Iberian Studies</i> (Medieval Instituto of Western Michigan University, Estados Unidos), <i>Imago temporis. Medium Aevum</i> (Universidad de Lérida, España), <i>Medievalismo. Boletín de la Sociedad española de estudios medievales</i> (Madrid, España), <i>Signum. Revista da ABREM, Associação brasileira de Estudos Medievais</i>, <i>Acta Scientiarum Education</i> (Universidade Estadual de Maringá, Brasil), <i>Intus Legere</i> (Universidad Adolfo Ibáñez, Chile), <i>Erebea. Revista de Ciencias Humanas</i>, Universidad de Huelva (España), <i>Compostelle. Cahiers du Centre d’Études, de Recherche et d’Histoire Compostellane</i> (Francia)  y <i>Alcanate. Revista de estudios alfonsíes, </i>Universidad de Sevilla (España). Asimismo, es director de la revista <i>Temas </i>medievales, editada por el Consejo de Investigaciones Científicas y Técnicas de Argentina. Es integrante del Comité Científico Internacional de los Encuentros Internacionales del Medioevo, Nájera (España) y de la Comissao Externa de Aconselhamento Científico del Centro de História da Sociedade e da Cultura de la Universidade de Coimbra (Portugal), desde octubre de 2011.</p>
</td>
</tr>
<tr>
<td style="width: 1.18624%" colspan="2">Contacto: <a href="mailto:aguiance@unc.edu.ar">aguiance@unc.edu.ar</a></p>
<p>CONICET: <a href="https://www.conicet.gov.ar/new_scp/detalle.php?keywords=&amp;id=21907&amp;datos_academicos=yes">https://www.conicet.gov.ar/new_scp/detalle.php?keywords=&amp;id=21907&amp;datos_academicos=yes</a></td>
</tr>
</tbody>
</table>

<p>Profesor titular por concurso en Historia de la Edad Media. Es Doctor en Filosofía y Letras, con especialización en Historia Medieval, título expedido por la Universidad de Buenos Aires (1996). Ha recibido el Diploma de Honor de la misma Universidad (1988) y el Premio «Academia Nacional de la Historia» (Argentina) como egresado de la carrera&#8230; </p>
<div class="link-more"><a href="https://ffyh.unc.edu.ar/historia/nuestrxs-docentes/guiance/">Lea más</a></div>
