{"id":4194,"date":"2022-07-28T18:22:33","date_gmt":"2022-07-28T18:22:33","guid":{"rendered":"https:\/\/ffyh.unc.edu.ar\/historia\/?page_id=4194"},"modified":"2022-09-19T13:10:54","modified_gmt":"2022-09-19T13:10:54","slug":"giordano","status":"publish","type":"page","link":"https:\/\/ffyh.unc.edu.ar\/historia\/nuestrxs-docentes\/giordano\/","title":{"rendered":"Gustavo E. Giordano"},"content":{"rendered":"<table style=\"border-collapse: collapse;width: 100%\">\n<tbody>\n<tr>\n<td colspan=\"2\"><img data-recalc-dims=\"1\" decoding=\"async\" data-attachment-id=\"5014\" data-permalink=\"https:\/\/ffyh.unc.edu.ar\/historia\/nuestrxs-docentes\/giordano\/foto_facu\/\" data-orig-file=\"https:\/\/i0.wp.com\/ffyh.unc.edu.ar\/historia\/wp-content\/uploads\/sites\/37\/2022\/09\/Foto_facu.jpg?fit=170%2C235&amp;ssl=1\" data-orig-size=\"170,235\" data-comments-opened=\"0\" data-image-meta=\"{&quot;aperture&quot;:&quot;0&quot;,&quot;credit&quot;:&quot;Gustavo Giordano&quot;,&quot;camera&quot;:&quot;&quot;,&quot;caption&quot;:&quot;&quot;,&quot;created_timestamp&quot;:&quot;0&quot;,&quot;copyright&quot;:&quot;&quot;,&quot;focal_length&quot;:&quot;0&quot;,&quot;iso&quot;:&quot;0&quot;,&quot;shutter_speed&quot;:&quot;0&quot;,&quot;title&quot;:&quot;&quot;,&quot;orientation&quot;:&quot;0&quot;}\" data-image-title=\"Foto_facu\" data-image-description=\"\" data-image-caption=\"\" data-medium-file=\"https:\/\/i0.wp.com\/ffyh.unc.edu.ar\/historia\/wp-content\/uploads\/sites\/37\/2022\/09\/Foto_facu.jpg?fit=170%2C235&amp;ssl=1\" data-large-file=\"https:\/\/i0.wp.com\/ffyh.unc.edu.ar\/historia\/wp-content\/uploads\/sites\/37\/2022\/09\/Foto_facu.jpg?fit=170%2C235&amp;ssl=1\" class=\"alignleft size-thumbnail wp-image-5014\" src=\"https:\/\/i0.wp.com\/ffyh.unc.edu.ar\/historia\/wp-content\/uploads\/sites\/37\/2022\/09\/Foto_facu.jpg?resize=150%2C150\" alt=\"\" width=\"150\" height=\"150\" \/><\/p>\n<p style=\"text-align: justify\">Profesor Asistente concursado en Historia de la Edad Media. Es Profesor en Historia egresado de la Universidad Nacional de C\u00f3rdoba, Facultad de Filosof\u00eda y Humanidades, Escuela de Historia. Es miembro de la Sociedad Argentina de Estudios Medievales. Tambi\u00e9n se desempe\u00f1a en la ense\u00f1anza de la Historia en el nivel medio.<\/p>\n<p style=\"text-align: justify\">Sus investigaciones se basan, principalmente, en la tem\u00e1tica vinculada a la \u201cReconquista\u201d, en particular aquellos procesos vinculados a los cambios y continuidades que experimentaron la escritura y reescritura, la interpretaci\u00f3n y reinterpretaci\u00f3n, la significaci\u00f3n y resignificaci\u00f3n de los hechos que conformar\u00e1n las estructuras discursivas y propagand\u00edsticas de la guerra de reconquista, desde los siglos VIII al XIII. En este sentido, el abordaje de la tem\u00e1tica planteada implica tambi\u00e9n el estudio de dos procesos de mayor alcance e interrelacionados entre s\u00ed. Por un lado, los proyectos pol\u00edticos que impulsan las diferentes coronas y el grado de \u00e9xito en su implementaci\u00f3n y, por el otro, la manera en que el concepto de guerra de reconquista encuentra su fundamento en dicho proyecto. As\u00ed, combinados los diferentes factores a estudiar que se han planteado, \u00e9stos permitir\u00e1n establecer los diferentes mecanismos y razones a partir de los cuales las distintas coronas buscaron legitimar discursiva y propagand\u00edsticamente su proyecto pol\u00edtico a la vez que impulsaban una definici\u00f3n de guerra de reconquista que reforzase dicho proyecto. Algunas de sus publicaciones son: <em>De como un rey perdi\u00f3 su reino: Witiza y la destrucci\u00f3n del reino visigodo, seg\u00fan las Primeras Cr\u00f3nicas Cristianas<\/em>; <em>La imagen de Almanzor en la obra de Rodrigo Xim\u00e9nez de Rada; <\/em><em>Una aproximaci\u00f3n a las formas de legitimar y deslegitimar la ocupaci\u00f3n de Hispania a partir de la <\/em>Historia Hugnorum, Vandalorum, Suevorum, Alanorum et Silingorum<em> de Rodrigo Xim\u00e9nez de Rada.<\/em><\/p>\n<p style=\"text-align: justify\">En la actualidad sus investigaciones se han orientado a los v\u00ednculos que se establecen entre la violencia y el sistema de creencias, en especial como mecanismo de legitimaci\u00f3n. Algunas publicaciones son: Aparecer, andar y expiar: algunas observaciones sobre la construcci\u00f3n y usos de la <em>Mesnada Hellequin<\/em>; De <em>Hellequin<\/em> a Arturo: La familia art\u00farica y sus usos pol\u00edticos en los <em>Otia imperialia<\/em> de Gervasio de Tilbury.<\/p>\n<p style=\"text-align: justify\">Ha participado en proyectos de acreditados desde el a\u00f1o 2006. Alguno de ellos: Cultura letrada e identidades sociales en el mundo medieval, Occidente y Oriente, siglos IV a XV; Entre el cielo y la tierra: escatolog\u00eda, sociedad y creencia sobre el m\u00e1s all\u00e1.<\/p>\n<\/td>\n<\/tr>\n<tr>\n<td style=\"width: 0.491159%\" colspan=\"2\">Contacto: <em>gustavo.giordano@unc.edu.ar<\/em><\/td>\n<\/tr>\n<\/tbody>\n<\/table>\n","protected":false},"excerpt":{"rendered":"<p>Profesor Asistente concursado en Historia de la Edad Media. Es Profesor en Historia egresado de la Universidad Nacional de C\u00f3rdoba, Facultad de Filosof\u00eda y Humanidades, Escuela de Historia. Es miembro de la Sociedad Argentina de Estudios Medievales. Tambi\u00e9n se desempe\u00f1a en la ense\u00f1anza de la Historia en el nivel medio. Sus investigaciones se basan, principalmente,&#8230; <\/p>\n<div class=\"link-more\"><a href=\"https:\/\/ffyh.unc.edu.ar\/historia\/nuestrxs-docentes\/giordano\/\">Lea m\u00e1s<\/a><\/div>\n","protected":false},"author":34,"featured_media":0,"parent":4089,"menu_order":0,"comment_status":"closed","ping_status":"closed","template":"","meta":{"_acf_changed":false,"_monsterinsights_skip_tracking":false,"_monsterinsights_sitenote_active":false,"_monsterinsights_sitenote_note":"","_monsterinsights_sitenote_category":0,"footnotes":""},"class_list":["post-4194","page","type-page","status-publish","hentry"],"acf":[],"jetpack_sharing_enabled":true,"_links":{"self":[{"href":"https:\/\/ffyh.unc.edu.ar\/historia\/wp-json\/wp\/v2\/pages\/4194","targetHints":{"allow":["GET"]}}],"collection":[{"href":"https:\/\/ffyh.unc.edu.ar\/historia\/wp-json\/wp\/v2\/pages"}],"about":[{"href":"https:\/\/ffyh.unc.edu.ar\/historia\/wp-json\/wp\/v2\/types\/page"}],"author":[{"embeddable":true,"href":"https:\/\/ffyh.unc.edu.ar\/historia\/wp-json\/wp\/v2\/users\/34"}],"replies":[{"embeddable":true,"href":"https:\/\/ffyh.unc.edu.ar\/historia\/wp-json\/wp\/v2\/comments?post=4194"}],"version-history":[{"count":5,"href":"https:\/\/ffyh.unc.edu.ar\/historia\/wp-json\/wp\/v2\/pages\/4194\/revisions"}],"predecessor-version":[{"id":5015,"href":"https:\/\/ffyh.unc.edu.ar\/historia\/wp-json\/wp\/v2\/pages\/4194\/revisions\/5015"}],"up":[{"embeddable":true,"href":"https:\/\/ffyh.unc.edu.ar\/historia\/wp-json\/wp\/v2\/pages\/4089"}],"wp:attachment":[{"href":"https:\/\/ffyh.unc.edu.ar\/historia\/wp-json\/wp\/v2\/media?parent=4194"}],"curies":[{"name":"wp","href":"https:\/\/api.w.org\/{rel}","templated":true}]}}

<table style="border-collapse: collapse;width: 100%">
<tbody>
<tr>
<td colspan="2"><img data-recalc-dims="1" decoding="async" data-attachment-id="5014" data-permalink="https://ffyh.unc.edu.ar/historia/nuestrxs-docentes/giordano/foto_facu/" data-orig-file="https://i0.wp.com/ffyh.unc.edu.ar/historia/wp-content/uploads/sites/37/2022/09/Foto_facu.jpg?fit=170%2C235&amp;ssl=1" data-orig-size="170,235" data-comments-opened="0" data-image-meta="{&quot;aperture&quot;:&quot;0&quot;,&quot;credit&quot;:&quot;Gustavo Giordano&quot;,&quot;camera&quot;:&quot;&quot;,&quot;caption&quot;:&quot;&quot;,&quot;created_timestamp&quot;:&quot;0&quot;,&quot;copyright&quot;:&quot;&quot;,&quot;focal_length&quot;:&quot;0&quot;,&quot;iso&quot;:&quot;0&quot;,&quot;shutter_speed&quot;:&quot;0&quot;,&quot;title&quot;:&quot;&quot;,&quot;orientation&quot;:&quot;0&quot;}" data-image-title="Foto_facu" data-image-description="" data-image-caption="" data-medium-file="https://i0.wp.com/ffyh.unc.edu.ar/historia/wp-content/uploads/sites/37/2022/09/Foto_facu.jpg?fit=170%2C235&amp;ssl=1" data-large-file="https://i0.wp.com/ffyh.unc.edu.ar/historia/wp-content/uploads/sites/37/2022/09/Foto_facu.jpg?fit=170%2C235&amp;ssl=1" class="alignleft size-thumbnail wp-image-5014" src="https://i0.wp.com/ffyh.unc.edu.ar/historia/wp-content/uploads/sites/37/2022/09/Foto_facu.jpg?resize=150%2C150" alt="" width="150" height="150" /></p>
<p style="text-align: justify">Profesor Asistente concursado en Historia de la Edad Media. Es Profesor en Historia egresado de la Universidad Nacional de Córdoba, Facultad de Filosofía y Humanidades, Escuela de Historia. Es miembro de la Sociedad Argentina de Estudios Medievales. También se desempeña en la enseñanza de la Historia en el nivel medio.</p>
<p style="text-align: justify">Sus investigaciones se basan, principalmente, en la temática vinculada a la “Reconquista”, en particular aquellos procesos vinculados a los cambios y continuidades que experimentaron la escritura y reescritura, la interpretación y reinterpretación, la significación y resignificación de los hechos que conformarán las estructuras discursivas y propagandísticas de la guerra de reconquista, desde los siglos VIII al XIII. En este sentido, el abordaje de la temática planteada implica también el estudio de dos procesos de mayor alcance e interrelacionados entre sí. Por un lado, los proyectos políticos que impulsan las diferentes coronas y el grado de éxito en su implementación y, por el otro, la manera en que el concepto de guerra de reconquista encuentra su fundamento en dicho proyecto. Así, combinados los diferentes factores a estudiar que se han planteado, éstos permitirán establecer los diferentes mecanismos y razones a partir de los cuales las distintas coronas buscaron legitimar discursiva y propagandísticamente su proyecto político a la vez que impulsaban una definición de guerra de reconquista que reforzase dicho proyecto. Algunas de sus publicaciones son: <em>De como un rey perdió su reino: Witiza y la destrucción del reino visigodo, según las Primeras Crónicas Cristianas</em>; <em>La imagen de Almanzor en la obra de Rodrigo Ximénez de Rada; </em><em>Una aproximación a las formas de legitimar y deslegitimar la ocupación de Hispania a partir de la </em>Historia Hugnorum, Vandalorum, Suevorum, Alanorum et Silingorum<em> de Rodrigo Ximénez de Rada.</em></p>
<p style="text-align: justify">En la actualidad sus investigaciones se han orientado a los vínculos que se establecen entre la violencia y el sistema de creencias, en especial como mecanismo de legitimación. Algunas publicaciones son: Aparecer, andar y expiar: algunas observaciones sobre la construcción y usos de la <em>Mesnada Hellequin</em>; De <em>Hellequin</em> a Arturo: La familia artúrica y sus usos políticos en los <em>Otia imperialia</em> de Gervasio de Tilbury.</p>
<p style="text-align: justify">Ha participado en proyectos de acreditados desde el año 2006. Alguno de ellos: Cultura letrada e identidades sociales en el mundo medieval, Occidente y Oriente, siglos IV a XV; Entre el cielo y la tierra: escatología, sociedad y creencia sobre el más allá.</p>
</td>
</tr>
<tr>
<td style="width: 0.491159%" colspan="2">Contacto: <em>gustavo.giordano@unc.edu.ar</em></td>
</tr>
</tbody>
</table>

<p>Profesor Asistente concursado en Historia de la Edad Media. Es Profesor en Historia egresado de la Universidad Nacional de Córdoba, Facultad de Filosofía y Humanidades, Escuela de Historia. Es miembro de la Sociedad Argentina de Estudios Medievales. También se desempeña en la enseñanza de la Historia en el nivel medio. Sus investigaciones se basan, principalmente,&#8230; </p>
<div class="link-more"><a href="https://ffyh.unc.edu.ar/historia/nuestrxs-docentes/giordano/">Lea más</a></div>
